--
-- Host: 127.0.0.1    Database: farmart
-- ------------------------------------------------------


--
-- Table structure for table `activations`
--

CREATE TABLE `activations` (
  `id` bigint unsigned NOT NULL AUTO_INCREMENT,
  `user_id` bigint unsigned NOT NULL,
  `code` varchar(120) COLLATE utf8mb4_unicode_ci NOT NULL,
  `completed` tinyint(1) NOT NULL DEFAULT '0',
  `completed_at` timestamp NULL DEFAULT NULL,
  `created_at` timestamp NULL DEFAULT NULL,
  `updated_at` timestamp NULL DEFAULT NULL,
  PRIMARY KEY (`id`),
  KEY `activations_user_id_index` (`user_id`)
) ENGINE=InnoDB AUTO_INCREMENT=2 DEFAULT CHARSET=utf8mb4 COLLATE=utf8mb4_unicode_ci;

--
-- Dumping data for table `activations`
--

INSERT INTO `activations` VALUES (1,1,'IsNP35Ha1xsh735MLXP20cD41uZO8OWW',1,'2025-09-11 01:45:50','2025-09-11 01:45:50','2025-09-11 01:45:50');

--
-- Table structure for table `admin_notifications`
--

CREATE TABLE `admin_notifications` (
  `id` bigint unsigned NOT NULL AUTO_INCREMENT,
  `title` varchar(191) COLLATE utf8mb4_unicode_ci NOT NULL,
  `action_label` varchar(191) COLLATE utf8mb4_unicode_ci DEFAULT NULL,
  `action_url` varchar(191) COLLATE utf8mb4_unicode_ci DEFAULT NULL,
  `description` varchar(400) COLLATE utf8mb4_unicode_ci DEFAULT NULL,
  `read_at` timestamp NULL DEFAULT NULL,
  `created_at` timestamp NULL DEFAULT NULL,
  `updated_at` timestamp NULL DEFAULT NULL,
  `permission` varchar(191) COLLATE utf8mb4_unicode_ci DEFAULT NULL,
  PRIMARY KEY (`id`)
) ENGINE=InnoDB DEFAULT CHARSET=utf8mb4 COLLATE=utf8mb4_unicode_ci;

--
-- Dumping data for table `admin_notifications`
--


--
-- Table structure for table `ads_translations`
--

CREATE TABLE `ads_translations` (
  `lang_code` varchar(191) COLLATE utf8mb4_unicode_ci NOT NULL,
  `ads_id` bigint unsigned NOT NULL,
  `name` varchar(191) COLLATE utf8mb4_unicode_ci DEFAULT NULL,
  `image` varchar(191) COLLATE utf8mb4_unicode_ci DEFAULT NULL,
  `url` varchar(191) COLLATE utf8mb4_unicode_ci DEFAULT NULL,
  `tablet_image` varchar(191) COLLATE utf8mb4_unicode_ci DEFAULT NULL,
  `mobile_image` varchar(191) COLLATE utf8mb4_unicode_ci DEFAULT NULL,
  PRIMARY KEY (`lang_code`,`ads_id`)
) ENGINE=InnoDB DEFAULT CHARSET=utf8mb4 COLLATE=utf8mb4_unicode_ci;

--
-- Dumping data for table `ads_translations`
--


--
-- Table structure for table `audit_histories`
--

CREATE TABLE `audit_histories` (
  `id` bigint unsigned NOT NULL AUTO_INCREMENT,
  `user_id` bigint unsigned NOT NULL,
  `user_type` varchar(191) COLLATE utf8mb4_unicode_ci DEFAULT 'Botble\\ACL\\Models\\User',
  `module` varchar(60) COLLATE utf8mb4_unicode_ci NOT NULL,
  `request` longtext COLLATE utf8mb4_unicode_ci,
  `action` varchar(120) COLLATE utf8mb4_unicode_ci NOT NULL,
  `user_agent` text COLLATE utf8mb4_unicode_ci,
  `ip_address` varchar(45) COLLATE utf8mb4_unicode_ci DEFAULT NULL,
  `actor_id` bigint unsigned NOT NULL,
  `actor_type` varchar(191) COLLATE utf8mb4_unicode_ci DEFAULT 'Botble\\ACL\\Models\\User',
  `reference_id` bigint unsigned NOT NULL,
  `reference_name` varchar(191) COLLATE utf8mb4_unicode_ci NOT NULL,
  `type` varchar(20) COLLATE utf8mb4_unicode_ci NOT NULL,
  `created_at` timestamp NULL DEFAULT NULL,
  `updated_at` timestamp NULL DEFAULT NULL,
  PRIMARY KEY (`id`),
  KEY `audit_histories_user_id_index` (`user_id`),
  KEY `audit_histories_module_index` (`module`)
) ENGINE=InnoDB DEFAULT CHARSET=utf8mb4 COLLATE=utf8mb4_unicode_ci;

--
-- Dumping data for table `audit_histories`
--


--
-- Table structure for table `categories`
--

CREATE TABLE `categories` (
  `id` bigint unsigned NOT NULL AUTO_INCREMENT,
  `name` varchar(120) COLLATE utf8mb4_unicode_ci NOT NULL,
  `parent_id` bigint unsigned NOT NULL DEFAULT '0',
  `description` varchar(400) COLLATE utf8mb4_unicode_ci DEFAULT NULL,
  `status` varchar(60) COLLATE utf8mb4_unicode_ci NOT NULL DEFAULT 'published',
  `author_id` bigint unsigned DEFAULT NULL,
  `author_type` varchar(191) COLLATE utf8mb4_unicode_ci NOT NULL DEFAULT 'Botble\\ACL\\Models\\User',
  `icon` varchar(60) COLLATE utf8mb4_unicode_ci DEFAULT NULL,
  `order` int unsigned NOT NULL DEFAULT '0',
  `is_featured` tinyint NOT NULL DEFAULT '0',
  `is_default` tinyint unsigned NOT NULL DEFAULT '0',
  `created_at` timestamp NULL DEFAULT NULL,
  `updated_at` timestamp NULL DEFAULT NULL,
  PRIMARY KEY (`id`),
  KEY `categories_parent_id_index` (`parent_id`),
  KEY `categories_status_index` (`status`),
  KEY `categories_created_at_index` (`created_at`)
) ENGINE=InnoDB AUTO_INCREMENT=5 DEFAULT CHARSET=utf8mb4 COLLATE=utf8mb4_unicode_ci;

--
-- Dumping data for table `categories`
--

INSERT INTO `categories` VALUES (1,'Ecommerce',0,'Omnis quo laudantium aut adipisci assumenda rerum eum. Aperiam minima consequatur iste quibusdam est. Totam necessitatibus et libero earum nesciunt quos.','published',1,'Botble\\ACL\\Models\\User',NULL,0,0,1,'2025-09-11 01:46:56','2025-09-11 01:46:56'),(2,'Fashion',0,'Facilis nam natus officiis consequatur temporibus quas velit nam. Earum at illum non error. Earum et repellendus magnam illum soluta voluptatibus.','published',1,'Botble\\ACL\\Models\\User',NULL,0,1,0,'2025-09-11 01:46:56','2025-09-11 01:46:56'),(3,'Electronic',0,'Dolorum et rem error. Sint ipsum voluptas et ut sequi. Earum et nam autem ut earum ratione dignissimos et.','published',1,'Botble\\ACL\\Models\\User',NULL,0,1,0,'2025-09-11 01:46:57','2025-09-11 01:46:57'),(4,'Commercial',0,'Veniam id iusto incidunt dolorum et eum. Aut voluptatem expedita ex accusantium in qui nemo voluptatem. Temporibus adipisci vel voluptas sit. Sed velit deleniti rerum harum consequatur quasi.','published',1,'Botble\\ACL\\Models\\User',NULL,0,1,0,'2025-09-11 01:46:57','2025-09-11 01:46:57');

--
-- Table structure for table `categories_translations`
--

CREATE TABLE `categories_translations` (
  `lang_code` varchar(20) COLLATE utf8mb4_unicode_ci NOT NULL,
  `categories_id` bigint unsigned NOT NULL,
  `name` varchar(191) COLLATE utf8mb4_unicode_ci DEFAULT NULL,
  `description` varchar(400) COLLATE utf8mb4_unicode_ci DEFAULT NULL,
  PRIMARY KEY (`lang_code`,`categories_id`)
) ENGINE=InnoDB DEFAULT CHARSET=utf8mb4 COLLATE=utf8mb4_unicode_ci;

--
-- Dumping data for table `categories_translations`
--


--
-- Table structure for table `cities`
--

CREATE TABLE `cities` (
  `id` bigint unsigned NOT NULL AUTO_INCREMENT,
  `name` varchar(120) COLLATE utf8mb4_unicode_ci NOT NULL,
  `slug` varchar(120) COLLATE utf8mb4_unicode_ci DEFAULT NULL,
  `state_id` bigint unsigned DEFAULT NULL,
  `country_id` bigint unsigned DEFAULT NULL,
  `record_id` varchar(40) COLLATE utf8mb4_unicode_ci DEFAULT NULL,
  `order` tinyint NOT NULL DEFAULT '0',
  `image` varchar(191) COLLATE utf8mb4_unicode_ci DEFAULT NULL,
  `is_default` tinyint unsigned NOT NULL DEFAULT '0',
  `status` varchar(60) COLLATE utf8mb4_unicode_ci NOT NULL DEFAULT 'published',
  `created_at` timestamp NULL DEFAULT NULL,
  `updated_at` timestamp NULL DEFAULT NULL,
  `zip_code` varchar(20) COLLATE utf8mb4_unicode_ci DEFAULT NULL,
  PRIMARY KEY (`id`),
  UNIQUE KEY `cities_slug_unique` (`slug`),
  KEY `idx_cities_name` (`name`),
  KEY `idx_cities_state_status` (`state_id`,`status`),
  KEY `idx_cities_status` (`status`),
  KEY `idx_cities_state_id` (`state_id`)
) ENGINE=InnoDB DEFAULT CHARSET=utf8mb4 COLLATE=utf8mb4_unicode_ci;

--
-- Dumping data for table `cities`
--


--
-- Table structure for table `cities_translations`
--

CREATE TABLE `cities_translations` (
  `lang_code` varchar(20) COLLATE utf8mb4_unicode_ci NOT NULL,
  `cities_id` bigint unsigned NOT NULL,
  `name` varchar(120) COLLATE utf8mb4_unicode_ci DEFAULT NULL,
  `slug` varchar(120) COLLATE utf8mb4_unicode_ci DEFAULT NULL,
  PRIMARY KEY (`lang_code`,`cities_id`),
  KEY `idx_cities_trans_city_lang` (`cities_id`,`lang_code`),
  KEY `idx_cities_trans_name` (`name`),
  KEY `idx_cities_trans_cities_id` (`cities_id`)
) ENGINE=InnoDB DEFAULT CHARSET=utf8mb4 COLLATE=utf8mb4_unicode_ci;

--
-- Dumping data for table `cities_translations`
--


--
-- Table structure for table `contact_custom_field_options`
--

CREATE TABLE `contact_custom_field_options` (
  `id` bigint unsigned NOT NULL AUTO_INCREMENT,
  `custom_field_id` bigint unsigned NOT NULL,
  `label` varchar(191) COLLATE utf8mb4_unicode_ci DEFAULT NULL,
  `value` varchar(191) COLLATE utf8mb4_unicode_ci NOT NULL,
  `order` int NOT NULL DEFAULT '999',
  `created_at` timestamp NULL DEFAULT NULL,
  `updated_at` timestamp NULL DEFAULT NULL,
  PRIMARY KEY (`id`)
) ENGINE=InnoDB DEFAULT CHARSET=utf8mb4 COLLATE=utf8mb4_unicode_ci;

--
-- Dumping data for table `contact_custom_field_options`
--


--
-- Table structure for table `contact_custom_field_options_translations`
--

CREATE TABLE `contact_custom_field_options_translations` (
  `contact_custom_field_options_id` bigint unsigned NOT NULL,
  `lang_code` varchar(191) COLLATE utf8mb4_unicode_ci NOT NULL,
  `label` varchar(191) COLLATE utf8mb4_unicode_ci DEFAULT NULL,
  `value` varchar(191) COLLATE utf8mb4_unicode_ci DEFAULT NULL,
  PRIMARY KEY (`lang_code`,`contact_custom_field_options_id`)
) ENGINE=InnoDB DEFAULT CHARSET=utf8mb4 COLLATE=utf8mb4_unicode_ci;

--
-- Dumping data for table `contact_custom_field_options_translations`
--


--
-- Table structure for table `contact_custom_fields`
--

CREATE TABLE `contact_custom_fields` (
  `id` bigint unsigned NOT NULL AUTO_INCREMENT,
  `type` varchar(191) COLLATE utf8mb4_unicode_ci NOT NULL,
  `required` tinyint(1) NOT NULL DEFAULT '0',
  `name` varchar(191) COLLATE utf8mb4_unicode_ci NOT NULL,
  `placeholder` varchar(191) COLLATE utf8mb4_unicode_ci DEFAULT NULL,
  `order` int NOT NULL DEFAULT '999',
  `status` varchar(191) COLLATE utf8mb4_unicode_ci NOT NULL DEFAULT 'published',
  `created_at` timestamp NULL DEFAULT NULL,
  `updated_at` timestamp NULL DEFAULT NULL,
  PRIMARY KEY (`id`)
) ENGINE=InnoDB DEFAULT CHARSET=utf8mb4 COLLATE=utf8mb4_unicode_ci;

--
-- Dumping data for table `contact_custom_fields`
--


--
-- Table structure for table `contact_custom_fields_translations`
--

CREATE TABLE `contact_custom_fields_translations` (
  `contact_custom_fields_id` bigint unsigned NOT NULL,
  `lang_code` varchar(191) COLLATE utf8mb4_unicode_ci NOT NULL,
  `name` varchar(191) COLLATE utf8mb4_unicode_ci DEFAULT NULL,
  `placeholder` varchar(191) COLLATE utf8mb4_unicode_ci DEFAULT NULL,
  PRIMARY KEY (`lang_code`,`contact_custom_fields_id`)
) ENGINE=InnoDB DEFAULT CHARSET=utf8mb4 COLLATE=utf8mb4_unicode_ci;

--
-- Dumping data for table `contact_custom_fields_translations`
--


--
-- Table structure for table `contact_replies`
--

CREATE TABLE `contact_replies` (
  `id` bigint unsigned NOT NULL AUTO_INCREMENT,
  `message` longtext COLLATE utf8mb4_unicode_ci NOT NULL,
  `contact_id` bigint unsigned NOT NULL,
  `created_at` timestamp NULL DEFAULT NULL,
  `updated_at` timestamp NULL DEFAULT NULL,
  PRIMARY KEY (`id`)
) ENGINE=InnoDB DEFAULT CHARSET=utf8mb4 COLLATE=utf8mb4_unicode_ci;

--
-- Dumping data for table `contact_replies`
--


--
-- Table structure for table `contacts`
--

CREATE TABLE `contacts` (
  `id` bigint unsigned NOT NULL AUTO_INCREMENT,
  `name` varchar(60) COLLATE utf8mb4_unicode_ci NOT NULL,
  `email` varchar(60) COLLATE utf8mb4_unicode_ci DEFAULT NULL,
  `phone` varchar(60) COLLATE utf8mb4_unicode_ci DEFAULT NULL,
  `address` varchar(120) COLLATE utf8mb4_unicode_ci DEFAULT NULL,
  `subject` varchar(120) COLLATE utf8mb4_unicode_ci DEFAULT NULL,
  `content` longtext COLLATE utf8mb4_unicode_ci NOT NULL,
  `custom_fields` text COLLATE utf8mb4_unicode_ci,
  `status` varchar(60) COLLATE utf8mb4_unicode_ci NOT NULL DEFAULT 'unread',
  `created_at` timestamp NULL DEFAULT NULL,
  `updated_at` timestamp NULL DEFAULT NULL,
  PRIMARY KEY (`id`)
) ENGINE=InnoDB AUTO_INCREMENT=11 DEFAULT CHARSET=utf8mb4 COLLATE=utf8mb4_unicode_ci;

--
-- Dumping data for table `contacts`
--

INSERT INTO `contacts` VALUES (1,'Christiana Orn III','lulu.runte@example.com','641-757-2355','4438 Mills Ford\nMarioville, SD 39894-4738','Quos adipisci totam odit quod.','Qui aut ut aperiam dolor inventore eum. Esse laudantium molestiae quasi id sunt sed voluptas. Dignissimos doloribus modi voluptatibus iusto. Necessitatibus ut sed similique dolore incidunt quae quam. Quaerat iure ipsum velit. Unde non recusandae minus quae provident officiis suscipit. Ratione perferendis dignissimos modi. Qui nemo quia ea voluptatem perspiciatis qui. Aut enim deserunt voluptas eveniet illo velit.',NULL,'read','2025-09-11 01:46:55','2025-09-11 01:46:55'),(2,'Luella Jacobi','laverna.sipes@example.com','+1.541.887.4799','11007 Upton Centers\nPourosside, KS 89586','Eligendi velit eius voluptatem aut in dolorem.','Eaque et et beatae ipsum nesciunt veniam. Voluptates tempore sint eos labore. Sed amet distinctio architecto. Ab sint ut nobis sunt. Reprehenderit mollitia debitis ut sint enim tempora quia dolorum. Voluptates et earum ipsum dolores ratione facilis eligendi. Quos et provident rerum optio adipisci labore. Impedit amet ipsam quae distinctio aut dolorem quam. Similique aut est temporibus. Sed voluptatibus ipsa assumenda quaerat.',NULL,'read','2025-09-11 01:46:55','2025-09-11 01:46:55'),(3,'Vidal Bosco','wbode@example.net','1-254-260-3462','8937 Renner Flats\nWardville, NY 23731','Illum voluptatem deserunt soluta fugiat ut minus.','Perspiciatis ex laboriosam dolore aut harum dolore. Iure cum consectetur eaque. Atque at exercitationem nostrum voluptatibus quis. Enim accusantium occaecati sint ipsam repudiandae. Et quos qui expedita ducimus. Laborum sint error dolorem soluta. Voluptas qui eos numquam alias. Aut ut aspernatur occaecati voluptas et. Enim sint voluptatem dolore vitae. Qui placeat accusantium ea voluptatem suscipit officiis sint. Vel magni iusto hic dolores dicta sit. Deserunt voluptates totam iure ut.',NULL,'unread','2025-09-11 01:46:55','2025-09-11 01:46:55'),(4,'Kaleigh Konopelski','collins.ben@example.net','717.285.6709','960 Lebsack Isle\nEast Mollieton, IN 59770-2362','Quo culpa est quam corporis.','Asperiores est repudiandae consectetur nesciunt dolorum quis. Rem et ipsam quod soluta. Voluptas corrupti animi voluptates tempora. Dignissimos accusamus adipisci porro atque voluptatum vero dolorem. Nulla placeat ipsam inventore nihil ratione. Eveniet odit provident repellat quas. Eaque velit dolorum ex aperiam quis nisi. Aperiam at dolor qui laborum aut. Ipsum voluptas odit in totam qui aliquid. Omnis ullam eius maxime. Tempore voluptas sint et similique quidem similique.',NULL,'read','2025-09-11 01:46:55','2025-09-11 01:46:55'),(5,'Gaetano Pacocha','reyna16@example.com','+1-442-427-4835','6019 Mayert Throughway\nJamelport, LA 58134','Ab voluptates earum libero odit.','Praesentium quod aut voluptas. Quia consequatur quia voluptate sed provident tenetur. Aut aut perferendis maiores sit pariatur saepe eveniet. Expedita aspernatur et quaerat quia sequi molestias et. Quaerat quia aspernatur perspiciatis magnam dolorum minima et. Enim error id magni vel soluta. Distinctio ut impedit ab ab dicta.',NULL,'unread','2025-09-11 01:46:55','2025-09-11 01:46:55'),(6,'Desiree Schiller','joesph.ullrich@example.net','+1.947.298.6815','6104 Ines Unions Suite 080\nNorth Mabelchester, MA 81073','Delectus vel tempore voluptas porro.','Consequatur praesentium voluptatibus minus nam aut optio laudantium. Suscipit perspiciatis suscipit similique. Ea voluptas molestias veritatis dicta facilis. Maxime in voluptate necessitatibus. Exercitationem aut magnam quod id dolorem officiis quae. Aliquam qui tempora vel possimus suscipit illo quia. In ullam placeat doloremque impedit adipisci ullam unde. Architecto iure voluptas illum dolorum accusamus ut.',NULL,'read','2025-09-11 01:46:55','2025-09-11 01:46:55'),(7,'Alexis Okuneva','oveum@example.com','972.405.3557','31174 Dare Islands\nWalkershire, NH 77900','Et velit qui distinctio aut.','Quia ipsum non quia veritatis eaque. Consequuntur rerum suscipit eos debitis sunt iste deserunt porro. Molestias nihil debitis eos ea deserunt voluptatem. Perferendis non sint dolore sed perspiciatis doloremque tenetur. Labore qui vel est sed deleniti. Cumque autem voluptatem quae. Quo nam quis voluptate tempore occaecati sunt eos. Perferendis dolor placeat voluptatem quibusdam. Aperiam ut voluptatem amet officia voluptas vel saepe.',NULL,'read','2025-09-11 01:46:55','2025-09-11 01:46:55'),(8,'Hilbert Gerhold','ikoelpin@example.com','915.581.2952','973 Laurie Gateway\nBaileymouth, DE 32935','Quibusdam nisi provident perspiciatis.','Dolore fuga fuga est quis possimus asperiores voluptatem. Voluptas similique praesentium nisi unde accusamus. Aliquid maiores voluptate est beatae consequuntur. Perferendis qui sed pariatur praesentium culpa. Modi maiores voluptatem fugit excepturi alias quas. Vero quia nisi esse nisi modi. Fuga tempore tempora quam qui perspiciatis est excepturi. Voluptas vel et ut quo repudiandae. Deserunt ipsum blanditiis similique eius porro.',NULL,'unread','2025-09-11 01:46:55','2025-09-11 01:46:55'),(9,'Aliya Pacocha','jaquelin23@example.com','1-240-574-1006','979 Theodora Summit Suite 695\nMayeberg, LA 30314-9962','At quaerat maxime temporibus aut error et et ab.','Aperiam qui nulla fugiat necessitatibus est. Laborum aliquid beatae dolorum expedita ipsam. Veniam tempore aut maiores quae similique fugit et. Consequatur voluptatem asperiores deserunt illo doloribus. Error alias labore explicabo et quisquam eius. Vel ullam rerum aut accusamus. Ad totam consequatur rerum illo. Voluptatum totam voluptatum et quas autem.',NULL,'unread','2025-09-11 01:46:55','2025-09-11 01:46:55'),(10,'Carolina Okuneva','yroberts@example.org','+1-209-233-6498','1196 Everette Parkway\nLake Declan, ND 67282','Corporis est quia dolor id dolor.','Voluptatum rerum aspernatur deleniti similique ad molestiae qui. Molestias quia perspiciatis temporibus molestiae vero non assumenda quia. Ipsam excepturi ut tempora sit omnis. Recusandae recusandae ab nemo distinctio modi. Quo voluptatum minus provident odit laborum asperiores numquam. Eius perspiciatis molestiae velit et tempora. Voluptate non ea quod fuga. Architecto et illum vero iure reiciendis porro dolorum. Odit quod quasi explicabo ipsum.',NULL,'read','2025-09-11 01:46:55','2025-09-11 01:46:55');

--
-- Table structure for table `countries`
--

CREATE TABLE `countries` (
  `id` bigint unsigned NOT NULL AUTO_INCREMENT,
  `name` varchar(120) COLLATE utf8mb4_unicode_ci NOT NULL,
  `nationality` varchar(120) COLLATE utf8mb4_unicode_ci DEFAULT NULL,
  `order` tinyint NOT NULL DEFAULT '0',
  `image` varchar(191) COLLATE utf8mb4_unicode_ci DEFAULT NULL,
  `is_default` tinyint unsigned NOT NULL DEFAULT '0',
  `status` varchar(60) COLLATE utf8mb4_unicode_ci NOT NULL DEFAULT 'published',
  `created_at` timestamp NULL DEFAULT NULL,
  `updated_at` timestamp NULL DEFAULT NULL,
  `code` varchar(10) COLLATE utf8mb4_unicode_ci DEFAULT NULL,
  PRIMARY KEY (`id`),
  KEY `idx_countries_name` (`name`),
  KEY `idx_countries_status` (`status`)
) ENGINE=InnoDB DEFAULT CHARSET=utf8mb4 COLLATE=utf8mb4_unicode_ci;

--
-- Dumping data for table `countries`
--


--
-- Table structure for table `countries_translations`
--

CREATE TABLE `countries_translations` (
  `lang_code` varchar(20) COLLATE utf8mb4_unicode_ci NOT NULL,
  `countries_id` bigint unsigned NOT NULL,
  `name` varchar(120) COLLATE utf8mb4_unicode_ci DEFAULT NULL,
  `nationality` varchar(120) COLLATE utf8mb4_unicode_ci DEFAULT NULL,
  PRIMARY KEY (`lang_code`,`countries_id`),
  KEY `idx_countries_trans_country_lang` (`countries_id`,`lang_code`),
  KEY `idx_countries_trans_name` (`name`),
  KEY `idx_countries_trans_countries_id` (`countries_id`)
) ENGINE=InnoDB DEFAULT CHARSET=utf8mb4 COLLATE=utf8mb4_unicode_ci;

--
-- Dumping data for table `countries_translations`
--


--
-- Table structure for table `dashboard_widget_settings`
--

CREATE TABLE `dashboard_widget_settings` (
  `id` bigint unsigned NOT NULL AUTO_INCREMENT,
  `settings` text COLLATE utf8mb4_unicode_ci,
  `user_id` bigint unsigned NOT NULL,
  `widget_id` bigint unsigned NOT NULL,
  `order` tinyint unsigned NOT NULL DEFAULT '0',
  `status` tinyint unsigned NOT NULL DEFAULT '1',
  `created_at` timestamp NULL DEFAULT NULL,
  `updated_at` timestamp NULL DEFAULT NULL,
  PRIMARY KEY (`id`),
  KEY `dashboard_widget_settings_user_id_index` (`user_id`),
  KEY `dashboard_widget_settings_widget_id_index` (`widget_id`)
) ENGINE=InnoDB DEFAULT CHARSET=utf8mb4 COLLATE=utf8mb4_unicode_ci;

--
-- Dumping data for table `dashboard_widget_settings`
--


--
-- Table structure for table `dashboard_widgets`
--

CREATE TABLE `dashboard_widgets` (
  `id` bigint unsigned NOT NULL AUTO_INCREMENT,
  `name` varchar(120) COLLATE utf8mb4_unicode_ci NOT NULL,
  `created_at` timestamp NULL DEFAULT NULL,
  `updated_at` timestamp NULL DEFAULT NULL,
  PRIMARY KEY (`id`)
) ENGINE=InnoDB DEFAULT CHARSET=utf8mb4 COLLATE=utf8mb4_unicode_ci;

--
-- Dumping data for table `dashboard_widgets`
--


--
-- Table structure for table `ec_brands`
--

CREATE TABLE `ec_brands` (
  `id` bigint unsigned NOT NULL AUTO_INCREMENT,
  `name` varchar(191) COLLATE utf8mb4_unicode_ci NOT NULL,
  `description` mediumtext COLLATE utf8mb4_unicode_ci,
  `website` varchar(191) COLLATE utf8mb4_unicode_ci DEFAULT NULL,
  `logo` varchar(191) COLLATE utf8mb4_unicode_ci DEFAULT NULL,
  `status` varchar(60) COLLATE utf8mb4_unicode_ci NOT NULL DEFAULT 'published',
  `order` tinyint unsigned NOT NULL DEFAULT '0',
  `is_featured` tinyint unsigned NOT NULL DEFAULT '0',
  `created_at` timestamp NULL DEFAULT NULL,
  `updated_at` timestamp NULL DEFAULT NULL,
  PRIMARY KEY (`id`)
) ENGINE=InnoDB AUTO_INCREMENT=6 DEFAULT CHARSET=utf8mb4 COLLATE=utf8mb4_unicode_ci;

--
-- Dumping data for table `ec_brands`
--

INSERT INTO `ec_brands` VALUES (1,'FoodPound','New Snacks Release',NULL,'brands/1.png','published',0,1,'2025-09-11 01:45:51','2025-09-11 01:45:51'),(2,'iTea JSC','Happy Tea 100% Organic. From $29.9',NULL,'brands/2.png','published',1,1,'2025-09-11 01:45:51','2025-09-11 01:45:51'),(3,'Soda Brand','Fresh Meat Sausage. BUY 2 GET 1!',NULL,'brands/3.png','published',2,1,'2025-09-11 01:45:51','2025-09-11 01:45:51'),(4,'Farmart','Fresh Meat Sausage. BUY 2 GET 1!',NULL,'brands/4.png','published',3,1,'2025-09-11 01:45:51','2025-09-11 01:45:51'),(5,'Soda Brand','Fresh Meat Sausage. BUY 2 GET 1!',NULL,'brands/3.png','published',4,1,'2025-09-11 01:45:51','2025-09-11 01:45:51');

--
-- Table structure for table `ec_brands_translations`
--

CREATE TABLE `ec_brands_translations` (
  `lang_code` varchar(191) COLLATE utf8mb4_unicode_ci NOT NULL,
  `ec_brands_id` bigint unsigned NOT NULL,
  `name` varchar(191) COLLATE utf8mb4_unicode_ci DEFAULT NULL,
  `description` mediumtext COLLATE utf8mb4_unicode_ci,
  PRIMARY KEY (`lang_code`,`ec_brands_id`)
) ENGINE=InnoDB DEFAULT CHARSET=utf8mb4 COLLATE=utf8mb4_unicode_ci;

--
-- Dumping data for table `ec_brands_translations`
--


--
-- Table structure for table `ec_cart`
--

CREATE TABLE `ec_cart` (
  `identifier` varchar(60) COLLATE utf8mb4_unicode_ci NOT NULL,
  `instance` varchar(60) COLLATE utf8mb4_unicode_ci NOT NULL,
  `content` longtext COLLATE utf8mb4_unicode_ci NOT NULL,
  `created_at` timestamp NULL DEFAULT NULL,
  `updated_at` timestamp NULL DEFAULT NULL,
  PRIMARY KEY (`identifier`,`instance`)
) ENGINE=InnoDB DEFAULT CHARSET=utf8mb4 COLLATE=utf8mb4_unicode_ci;

--
-- Dumping data for table `ec_cart`
--


--
-- Table structure for table `ec_currencies`
--

CREATE TABLE `ec_currencies` (
  `id` bigint unsigned NOT NULL AUTO_INCREMENT,
  `title` varchar(191) COLLATE utf8mb4_unicode_ci NOT NULL,
  `symbol` varchar(10) COLLATE utf8mb4_unicode_ci NOT NULL,
  `is_prefix_symbol` tinyint unsigned NOT NULL DEFAULT '0',
  `decimals` tinyint unsigned DEFAULT '0',
  `order` int unsigned DEFAULT '0',
  `is_default` tinyint NOT NULL DEFAULT '0',
  `exchange_rate` double NOT NULL DEFAULT '1',
  `created_at` timestamp NULL DEFAULT NULL,
  `updated_at` timestamp NULL DEFAULT NULL,
  PRIMARY KEY (`id`)
) ENGINE=InnoDB AUTO_INCREMENT=5 DEFAULT CHARSET=utf8mb4 COLLATE=utf8mb4_unicode_ci;

--
-- Dumping data for table `ec_currencies`
--

INSERT INTO `ec_currencies` VALUES (1,'USD','$',1,2,0,1,1,'2025-09-11 01:45:51','2025-09-11 01:45:51'),(2,'EUR','€',0,2,1,0,0.84,'2025-09-11 01:45:51','2025-09-11 01:45:51'),(3,'VND','₫',0,0,2,0,23203,'2025-09-11 01:45:51','2025-09-11 01:45:51'),(4,'NGN','₦',1,2,2,0,895.52,'2025-09-11 01:45:51','2025-09-11 01:45:51');

--
-- Table structure for table `ec_customer_addresses`
--

CREATE TABLE `ec_customer_addresses` (
  `id` bigint unsigned NOT NULL AUTO_INCREMENT,
  `name` varchar(191) COLLATE utf8mb4_unicode_ci NOT NULL,
  `email` varchar(60) COLLATE utf8mb4_unicode_ci DEFAULT NULL,
  `phone` varchar(20) COLLATE utf8mb4_unicode_ci DEFAULT NULL,
  `country` varchar(120) COLLATE utf8mb4_unicode_ci DEFAULT NULL,
  `state` varchar(120) COLLATE utf8mb4_unicode_ci DEFAULT NULL,
  `city` varchar(120) COLLATE utf8mb4_unicode_ci DEFAULT NULL,
  `address` varchar(191) COLLATE utf8mb4_unicode_ci DEFAULT NULL,
  `customer_id` bigint unsigned NOT NULL,
  `is_default` tinyint unsigned NOT NULL DEFAULT '0',
  `created_at` timestamp NULL DEFAULT NULL,
  `updated_at` timestamp NULL DEFAULT NULL,
  `zip_code` varchar(20) COLLATE utf8mb4_unicode_ci DEFAULT NULL,
  PRIMARY KEY (`id`)
) ENGINE=InnoDB AUTO_INCREMENT=13 DEFAULT CHARSET=utf8mb4 COLLATE=utf8mb4_unicode_ci;

--
-- Dumping data for table `ec_customer_addresses`
--

INSERT INTO `ec_customer_addresses` VALUES (1,'Evie Veum','customer@botble.com','+18035169335','LU','Pennsylvania','O\'Haraburgh','674 Anjali Orchard',1,1,'2025-09-11 01:45:54','2025-09-11 01:45:54','62746'),(2,'Evie Veum','customer@botble.com','+13468887029','TO','Illinois','Goodwinhaven','56661 Alicia Wells',1,0,'2025-09-11 01:45:54','2025-09-11 01:45:54','31232'),(3,'Mr. Isaac Hayes','vendor@botble.com','+16519935304','KH','District of Columbia','Hansborough','93053 Ramon Bridge',2,1,'2025-09-11 01:45:55','2025-09-11 01:45:55','49518-9612'),(4,'Mr. Isaac Hayes','vendor@botble.com','+18727665900','SA','Arkansas','Lake Sonnyshire','8929 Vincenzo Wall',2,0,'2025-09-11 01:45:55','2025-09-11 01:45:55','83180-1053'),(5,'Archibald Schmeler MD','ghartmann@example.org','+15015851943','RS','Wyoming','Port Connieshire','7034 Kuvalis Fords',3,1,'2025-09-11 01:45:55','2025-09-11 01:45:55','08071-3720'),(6,'Kaya Morar','kiara.corkery@example.net','+13092560718','NG','Mississippi','Lake Novellaview','49217 Jast Garden',4,1,'2025-09-11 01:45:56','2025-09-11 01:45:56','93389-6276'),(7,'Kristoffer Terry Jr.','allie37@example.net','+14635192656','VE','New Hampshire','North Fern','7145 Will Mall',5,1,'2025-09-11 01:45:57','2025-09-11 01:45:57','06818-5493'),(8,'Samantha Collins','sbruen@example.net','+12483659980','MX','West Virginia','Henriborough','303 O\'Conner Wells Suite 223',6,1,'2025-09-11 01:45:57','2025-09-11 01:45:57','07888'),(9,'Columbus Barrows','mabelle.ferry@example.com','+18709002088','GU','North Dakota','South Julio','900 Idell Brooks Suite 633',7,1,'2025-09-11 01:45:58','2025-09-11 01:45:58','45002-1532'),(10,'Lois Kling','hwillms@example.com','+17209887149','PY','Hawaii','Faheytown','565 Irving Mill Suite 341',8,1,'2025-09-11 01:45:58','2025-09-11 01:45:58','00166'),(11,'Jasper Fahey','luettgen.salvatore@example.org','+16127493495','ID','California','Audreyberg','357 Jacobson Ramp',9,1,'2025-09-11 01:45:58','2025-09-11 01:45:58','18237-9145'),(12,'Bessie Flatley','marcia71@example.com','+18154510257','NA','Ohio','Domingobury','12449 Lynch Branch Suite 170',10,1,'2025-09-11 01:45:59','2025-09-11 01:45:59','46910');

--
-- Table structure for table `ec_customer_recently_viewed_products`
--

CREATE TABLE `ec_customer_recently_viewed_products` (
  `id` bigint unsigned NOT NULL AUTO_INCREMENT,
  `customer_id` bigint unsigned NOT NULL,
  `product_id` bigint unsigned NOT NULL,
  PRIMARY KEY (`id`)
) ENGINE=InnoDB DEFAULT CHARSET=utf8mb4 COLLATE=utf8mb4_unicode_ci;

--
-- Dumping data for table `ec_customer_recently_viewed_products`
--


--
-- Table structure for table `ec_customer_used_coupons`
--

CREATE TABLE `ec_customer_used_coupons` (
  `discount_id` bigint unsigned NOT NULL,
  `customer_id` bigint unsigned NOT NULL,
  PRIMARY KEY (`discount_id`,`customer_id`)
) ENGINE=InnoDB DEFAULT CHARSET=utf8mb4 COLLATE=utf8mb4_unicode_ci;

--
-- Dumping data for table `ec_customer_used_coupons`
--


--
-- Table structure for table `ec_discount_customers`
--

CREATE TABLE `ec_discount_customers` (
  `discount_id` bigint unsigned NOT NULL,
  `customer_id` bigint unsigned NOT NULL,
  PRIMARY KEY (`discount_id`,`customer_id`)
) ENGINE=InnoDB DEFAULT CHARSET=utf8mb4 COLLATE=utf8mb4_unicode_ci;

--
-- Dumping data for table `ec_discount_customers`
--


--
-- Table structure for table `ec_discount_product_categories`
--

CREATE TABLE `ec_discount_product_categories` (
  `discount_id` bigint unsigned NOT NULL,
  `product_category_id` bigint unsigned NOT NULL,
  PRIMARY KEY (`discount_id`,`product_category_id`)
) ENGINE=InnoDB DEFAULT CHARSET=utf8mb4 COLLATE=utf8mb4_unicode_ci;

--
-- Dumping data for table `ec_discount_product_categories`
--


--
-- Table structure for table `ec_discount_product_collections`
--

CREATE TABLE `ec_discount_product_collections` (
  `discount_id` bigint unsigned NOT NULL,
  `product_collection_id` bigint unsigned NOT NULL,
  PRIMARY KEY (`discount_id`,`product_collection_id`)
) ENGINE=InnoDB DEFAULT CHARSET=utf8mb4 COLLATE=utf8mb4_unicode_ci;

--
-- Dumping data for table `ec_discount_product_collections`
--


--
-- Table structure for table `ec_discount_products`
--

CREATE TABLE `ec_discount_products` (
  `discount_id` bigint unsigned NOT NULL,
  `product_id` bigint unsigned NOT NULL,
  PRIMARY KEY (`discount_id`,`product_id`)
) ENGINE=InnoDB DEFAULT CHARSET=utf8mb4 COLLATE=utf8mb4_unicode_ci;

--
-- Dumping data for table `ec_discount_products`
--


--
-- Table structure for table `ec_discounts`
--

CREATE TABLE `ec_discounts` (
  `id` bigint unsigned NOT NULL AUTO_INCREMENT,
  `title` varchar(120) COLLATE utf8mb4_unicode_ci DEFAULT NULL,
  `code` varchar(20) COLLATE utf8mb4_unicode_ci DEFAULT NULL,
  `start_date` datetime DEFAULT NULL,
  `end_date` datetime DEFAULT NULL,
  `quantity` int DEFAULT NULL,
  `total_used` int unsigned NOT NULL DEFAULT '0',
  `value` double DEFAULT NULL,
  `type` varchar(60) COLLATE utf8mb4_unicode_ci DEFAULT 'coupon',
  `can_use_with_promotion` tinyint(1) NOT NULL DEFAULT '0',
  `can_use_with_flash_sale` tinyint(1) NOT NULL DEFAULT '0',
  `discount_on` varchar(20) COLLATE utf8mb4_unicode_ci DEFAULT NULL,
  `product_quantity` int unsigned DEFAULT NULL,
  `type_option` varchar(100) COLLATE utf8mb4_unicode_ci NOT NULL DEFAULT 'amount',
  `target` varchar(100) COLLATE utf8mb4_unicode_ci NOT NULL DEFAULT 'all-orders',
  `min_order_price` decimal(15,2) DEFAULT NULL,
  `apply_via_url` tinyint(1) NOT NULL DEFAULT '0',
  `display_at_checkout` tinyint(1) NOT NULL DEFAULT '0',
  `created_at` timestamp NULL DEFAULT NULL,
  `updated_at` timestamp NULL DEFAULT NULL,
  `description` varchar(400) COLLATE utf8mb4_unicode_ci DEFAULT NULL,
  `store_id` bigint unsigned DEFAULT NULL,
  PRIMARY KEY (`id`),
  UNIQUE KEY `ec_discounts_code_unique` (`code`)
) ENGINE=InnoDB AUTO_INCREMENT=11 DEFAULT CHARSET=utf8mb4 COLLATE=utf8mb4_unicode_ci;

--
-- Dumping data for table `ec_discounts`
--

INSERT INTO `ec_discounts` VALUES (1,'Discount 1','220B4P8T9X2A','2025-09-10 08:46:33',NULL,NULL,0,100,'coupon',0,0,NULL,NULL,'percentage','all-orders',NULL,0,1,'2025-09-11 01:46:33','2025-09-11 01:46:33',NULL,NULL),(2,'Discount 2','9HHAND6AM0DM','2025-09-10 08:46:33',NULL,NULL,0,25,'coupon',0,0,NULL,NULL,'percentage','all-orders',NULL,0,1,'2025-09-11 01:46:33','2025-09-11 01:46:33',NULL,NULL),(3,'Discount 3','309EMHG6PHAF','2025-09-10 08:46:33','2025-09-25 08:46:33',NULL,0,781,'coupon',0,0,NULL,NULL,'amount','all-orders',NULL,0,1,'2025-09-11 01:46:33','2025-09-11 01:46:33',NULL,NULL),(4,'Discount 4','E34QFUNRZVU6','2025-09-10 08:46:33','2025-10-11 08:46:33',NULL,0,450,'coupon',0,0,NULL,NULL,'amount','all-orders',NULL,0,1,'2025-09-11 01:46:33','2025-09-11 01:46:33',NULL,NULL),(5,'Discount 5','KPAAAHVMGOG4','2025-09-10 08:46:33','2025-10-09 08:46:33',NULL,0,835,'coupon',0,0,NULL,NULL,'shipping','all-orders',NULL,0,1,'2025-09-11 01:46:33','2025-09-11 01:46:33',NULL,NULL),(6,'Discount 6','LHYGEVRL2WS6','2025-09-10 08:46:33',NULL,NULL,0,42,'coupon',0,0,NULL,NULL,'percentage','all-orders',NULL,0,1,'2025-09-11 01:46:34','2025-09-11 01:46:34',NULL,NULL),(7,'Discount 7','LPPJLX0QWAWL','2025-09-10 08:46:33','2025-09-21 08:46:33',NULL,0,725,'coupon',0,0,NULL,NULL,'shipping','all-orders',NULL,0,1,'2025-09-11 01:46:34','2025-09-11 01:46:34',NULL,NULL),(8,'Discount 8','JFMZBMSSW5C0','2025-09-10 08:46:33',NULL,NULL,0,270,'coupon',0,0,NULL,NULL,'amount','all-orders',NULL,0,1,'2025-09-11 01:46:34','2025-09-11 01:46:34',NULL,NULL),(9,'Discount 9','GBBLNFZKKE3C','2025-09-10 08:46:33','2025-09-20 08:46:33',NULL,0,530,'coupon',0,0,NULL,NULL,'amount','all-orders',NULL,0,1,'2025-09-11 01:46:34','2025-09-11 01:46:34',NULL,NULL),(10,'Discount 10','QYUZDAQMPDL3','2025-09-10 08:46:33','2025-10-06 08:46:33',NULL,0,534,'coupon',0,0,NULL,NULL,'same-price','all-orders',NULL,0,1,'2025-09-11 01:46:34','2025-09-11 01:46:34',NULL,NULL);

--
-- Table structure for table `ec_flash_sale_products`
--

CREATE TABLE `ec_flash_sale_products` (
  `flash_sale_id` bigint unsigned NOT NULL,
  `product_id` bigint unsigned NOT NULL,
  `price` double unsigned DEFAULT NULL,
  `quantity` int unsigned DEFAULT NULL,
  `sold` int unsigned NOT NULL DEFAULT '0'
) ENGINE=InnoDB DEFAULT CHARSET=utf8mb4 COLLATE=utf8mb4_unicode_ci;

--
-- Dumping data for table `ec_flash_sale_products`
--

INSERT INTO `ec_flash_sale_products` VALUES (1,51,802.62,9,1),(1,47,7.8,16,2),(1,26,430.35,6,4),(1,59,720.72,9,1),(1,4,145.86,15,3),(1,22,249.9,9,1),(1,12,152.8488,11,1),(1,28,176.29,8,5),(1,35,722.06,12,5),(1,3,15.2,19,3);

--
-- Table structure for table `ec_flash_sales`
--

CREATE TABLE `ec_flash_sales` (
  `id` bigint unsigned NOT NULL AUTO_INCREMENT,
  `name` varchar(191) COLLATE utf8mb4_unicode_ci NOT NULL,
  `end_date` datetime NOT NULL,
  `status` varchar(60) COLLATE utf8mb4_unicode_ci NOT NULL DEFAULT 'published',
  `created_at` timestamp NULL DEFAULT NULL,
  `updated_at` timestamp NULL DEFAULT NULL,
  PRIMARY KEY (`id`)
) ENGINE=InnoDB AUTO_INCREMENT=2 DEFAULT CHARSET=utf8mb4 COLLATE=utf8mb4_unicode_ci;

--
-- Dumping data for table `ec_flash_sales`
--

INSERT INTO `ec_flash_sales` VALUES (1,'Winter Sale','2025-10-11 00:00:00','published','2025-09-11 01:46:33','2025-09-11 01:46:33');

--
-- Table structure for table `ec_flash_sales_translations`
--

CREATE TABLE `ec_flash_sales_translations` (
  `lang_code` varchar(191) COLLATE utf8mb4_unicode_ci NOT NULL,
  `ec_flash_sales_id` bigint unsigned NOT NULL,
  `name` varchar(191) COLLATE utf8mb4_unicode_ci DEFAULT NULL,
  PRIMARY KEY (`lang_code`,`ec_flash_sales_id`)
) ENGINE=InnoDB DEFAULT CHARSET=utf8mb4 COLLATE=utf8mb4_unicode_ci;

--
-- Dumping data for table `ec_flash_sales_translations`
--


--
-- Table structure for table `ec_global_option_value`
--

CREATE TABLE `ec_global_option_value` (
  `id` bigint unsigned NOT NULL AUTO_INCREMENT,
  `option_id` bigint unsigned NOT NULL COMMENT 'option id',
  `option_value` tinytext COLLATE utf8mb4_unicode_ci COMMENT 'option value',
  `affect_price` double DEFAULT NULL COMMENT 'value of price of this option affect',
  `order` int NOT NULL DEFAULT '9999',
  `affect_type` tinyint NOT NULL DEFAULT '0' COMMENT '0. fixed 1. percent',
  `created_at` timestamp NULL DEFAULT NULL,
  `updated_at` timestamp NULL DEFAULT NULL,
  PRIMARY KEY (`id`)
) ENGINE=InnoDB AUTO_INCREMENT=13 DEFAULT CHARSET=utf8mb4 COLLATE=utf8mb4_unicode_ci;

--
-- Dumping data for table `ec_global_option_value`
--

INSERT INTO `ec_global_option_value` VALUES (1,1,'1 Year',0,9999,0,'2025-09-11 01:45:53','2025-09-11 01:45:53'),(2,1,'2 Year',10,9999,0,'2025-09-11 01:45:53','2025-09-11 01:45:53'),(3,1,'3 Year',20,9999,0,'2025-09-11 01:45:53','2025-09-11 01:45:53'),(4,2,'4GB',0,9999,0,'2025-09-11 01:45:53','2025-09-11 01:45:53'),(5,2,'8GB',10,9999,0,'2025-09-11 01:45:53','2025-09-11 01:45:53'),(6,2,'16GB',20,9999,0,'2025-09-11 01:45:53','2025-09-11 01:45:53'),(7,3,'Core i5',0,9999,0,'2025-09-11 01:45:53','2025-09-11 01:45:53'),(8,3,'Core i7',10,9999,0,'2025-09-11 01:45:53','2025-09-11 01:45:53'),(9,3,'Core i9',20,9999,0,'2025-09-11 01:45:53','2025-09-11 01:45:53'),(10,4,'128GB',0,9999,0,'2025-09-11 01:45:53','2025-09-11 01:45:53'),(11,4,'256GB',10,9999,0,'2025-09-11 01:45:53','2025-09-11 01:45:53'),(12,4,'512GB',20,9999,0,'2025-09-11 01:45:53','2025-09-11 01:45:53');

--
-- Table structure for table `ec_global_option_value_translations`
--

CREATE TABLE `ec_global_option_value_translations` (
  `lang_code` varchar(191) COLLATE utf8mb4_unicode_ci NOT NULL,
  `ec_global_option_value_id` bigint unsigned NOT NULL,
  `option_value` varchar(191) COLLATE utf8mb4_unicode_ci DEFAULT NULL,
  PRIMARY KEY (`lang_code`,`ec_global_option_value_id`)
) ENGINE=InnoDB DEFAULT CHARSET=utf8mb4 COLLATE=utf8mb4_unicode_ci;

--
-- Dumping data for table `ec_global_option_value_translations`
--


--
-- Table structure for table `ec_global_options`
--

CREATE TABLE `ec_global_options` (
  `id` bigint unsigned NOT NULL AUTO_INCREMENT,
  `name` varchar(191) COLLATE utf8mb4_unicode_ci NOT NULL COMMENT 'Name of options',
  `option_type` varchar(191) COLLATE utf8mb4_unicode_ci NOT NULL COMMENT 'option type',
  `required` tinyint(1) NOT NULL DEFAULT '0' COMMENT 'Checked if this option is required',
  `created_at` timestamp NULL DEFAULT NULL,
  `updated_at` timestamp NULL DEFAULT NULL,
  PRIMARY KEY (`id`)
) ENGINE=InnoDB AUTO_INCREMENT=5 DEFAULT CHARSET=utf8mb4 COLLATE=utf8mb4_unicode_ci;

--
-- Dumping data for table `ec_global_options`
--

INSERT INTO `ec_global_options` VALUES (1,'Warranty','Botble\\Ecommerce\\Option\\OptionType\\RadioButton',1,'2025-09-11 01:45:53','2025-09-11 01:45:53'),(2,'RAM','Botble\\Ecommerce\\Option\\OptionType\\RadioButton',1,'2025-09-11 01:45:53','2025-09-11 01:45:53'),(3,'CPU','Botble\\Ecommerce\\Option\\OptionType\\RadioButton',1,'2025-09-11 01:45:53','2025-09-11 01:45:53'),(4,'HDD','Botble\\Ecommerce\\Option\\OptionType\\Dropdown',0,'2025-09-11 01:45:53','2025-09-11 01:45:53');

--
-- Table structure for table `ec_global_options_translations`
--

CREATE TABLE `ec_global_options_translations` (
  `lang_code` varchar(191) COLLATE utf8mb4_unicode_ci NOT NULL,
  `ec_global_options_id` bigint unsigned NOT NULL,
  `name` varchar(191) COLLATE utf8mb4_unicode_ci DEFAULT NULL,
  PRIMARY KEY (`lang_code`,`ec_global_options_id`)
) ENGINE=InnoDB DEFAULT CHARSET=utf8mb4 COLLATE=utf8mb4_unicode_ci;

--
-- Dumping data for table `ec_global_options_translations`
--


--
-- Table structure for table `ec_grouped_products`
--

CREATE TABLE `ec_grouped_products` (
  `id` bigint unsigned NOT NULL AUTO_INCREMENT,
  `parent_product_id` bigint unsigned NOT NULL,
  `product_id` bigint unsigned NOT NULL,
  `fixed_qty` int NOT NULL DEFAULT '1',
  PRIMARY KEY (`id`)
) ENGINE=InnoDB DEFAULT CHARSET=utf8mb4 COLLATE=utf8mb4_unicode_ci;

--
-- Dumping data for table `ec_grouped_products`
--


--
-- Table structure for table `ec_invoice_items`
--

CREATE TABLE `ec_invoice_items` (
  `id` bigint unsigned NOT NULL AUTO_INCREMENT,
  `invoice_id` bigint unsigned NOT NULL,
  `reference_type` varchar(191) COLLATE utf8mb4_unicode_ci NOT NULL,
  `reference_id` bigint unsigned NOT NULL,
  `name` varchar(191) COLLATE utf8mb4_unicode_ci NOT NULL,
  `description` varchar(400) COLLATE utf8mb4_unicode_ci DEFAULT NULL,
  `image` varchar(191) COLLATE utf8mb4_unicode_ci DEFAULT NULL,
  `qty` int unsigned NOT NULL,
  `price` decimal(15,2) NOT NULL DEFAULT '0.00',
  `sub_total` decimal(15,2) unsigned NOT NULL,
  `tax_amount` decimal(15,2) unsigned NOT NULL DEFAULT '0.00',
  `discount_amount` decimal(15,2) unsigned NOT NULL DEFAULT '0.00',
  `amount` decimal(15,2) unsigned NOT NULL,
  `options` text COLLATE utf8mb4_unicode_ci,
  `created_at` timestamp NULL DEFAULT NULL,
  `updated_at` timestamp NULL DEFAULT NULL,
  PRIMARY KEY (`id`),
  KEY `ec_invoice_items_reference_type_reference_id_index` (`reference_type`,`reference_id`)
) ENGINE=InnoDB DEFAULT CHARSET=utf8mb4 COLLATE=utf8mb4_unicode_ci;

--
-- Dumping data for table `ec_invoice_items`
--


--
-- Table structure for table `ec_invoices`
--

CREATE TABLE `ec_invoices` (
  `id` bigint unsigned NOT NULL AUTO_INCREMENT,
  `reference_type` varchar(191) COLLATE utf8mb4_unicode_ci NOT NULL,
  `reference_id` bigint unsigned NOT NULL,
  `code` varchar(191) COLLATE utf8mb4_unicode_ci NOT NULL,
  `customer_name` varchar(191) COLLATE utf8mb4_unicode_ci DEFAULT NULL,
  `company_name` varchar(191) COLLATE utf8mb4_unicode_ci DEFAULT NULL,
  `company_logo` varchar(191) COLLATE utf8mb4_unicode_ci DEFAULT NULL,
  `customer_email` varchar(191) COLLATE utf8mb4_unicode_ci DEFAULT NULL,
  `customer_phone` varchar(191) COLLATE utf8mb4_unicode_ci DEFAULT NULL,
  `customer_address` varchar(191) COLLATE utf8mb4_unicode_ci DEFAULT NULL,
  `customer_country` varchar(191) COLLATE utf8mb4_unicode_ci DEFAULT NULL,
  `customer_state` varchar(191) COLLATE utf8mb4_unicode_ci DEFAULT NULL,
  `customer_city` varchar(191) COLLATE utf8mb4_unicode_ci DEFAULT NULL,
  `customer_zip_code` varchar(191) COLLATE utf8mb4_unicode_ci DEFAULT NULL,
  `customer_address_line` varchar(191) COLLATE utf8mb4_unicode_ci DEFAULT NULL,
  `customer_tax_id` varchar(191) COLLATE utf8mb4_unicode_ci DEFAULT NULL,
  `sub_total` decimal(15,2) unsigned NOT NULL,
  `tax_amount` decimal(15,2) DEFAULT '0.00',
  `shipping_amount` decimal(15,2) unsigned NOT NULL DEFAULT '0.00',
  `payment_fee` decimal(15,2) DEFAULT '0.00',
  `discount_amount` decimal(15,2) unsigned NOT NULL DEFAULT '0.00',
  `shipping_option` varchar(60) COLLATE utf8mb4_unicode_ci DEFAULT NULL,
  `shipping_method` varchar(60) COLLATE utf8mb4_unicode_ci NOT NULL DEFAULT 'default',
  `coupon_code` varchar(120) COLLATE utf8mb4_unicode_ci DEFAULT NULL,
  `discount_description` varchar(191) COLLATE utf8mb4_unicode_ci DEFAULT NULL,
  `amount` decimal(15,2) unsigned NOT NULL,
  `description` text COLLATE utf8mb4_unicode_ci,
  `payment_id` bigint unsigned DEFAULT NULL,
  `status` varchar(191) COLLATE utf8mb4_unicode_ci NOT NULL DEFAULT 'pending',
  `paid_at` timestamp NULL DEFAULT NULL,
  `created_at` timestamp NULL DEFAULT NULL,
  `updated_at` timestamp NULL DEFAULT NULL,
  PRIMARY KEY (`id`),
  UNIQUE KEY `ec_invoices_code_unique` (`code`),
  KEY `ec_invoices_reference_type_reference_id_index` (`reference_type`,`reference_id`),
  KEY `ec_invoices_payment_id_index` (`payment_id`),
  KEY `ec_invoices_status_index` (`status`)
) ENGINE=InnoDB DEFAULT CHARSET=utf8mb4 COLLATE=utf8mb4_unicode_ci;

--
-- Dumping data for table `ec_invoices`
--


--
-- Table structure for table `ec_option_value`
--

CREATE TABLE `ec_option_value` (
  `id` bigint unsigned NOT NULL AUTO_INCREMENT,
  `option_id` bigint unsigned NOT NULL COMMENT 'option id',
  `option_value` tinytext COLLATE utf8mb4_unicode_ci COMMENT 'option value',
  `affect_price` double DEFAULT NULL COMMENT 'value of price of this option affect',
  `order` int NOT NULL DEFAULT '9999',
  `affect_type` tinyint NOT NULL DEFAULT '0' COMMENT '0. fixed 1. percent',
  `created_at` timestamp NULL DEFAULT NULL,
  `updated_at` timestamp NULL DEFAULT NULL,
  PRIMARY KEY (`id`)
) ENGINE=InnoDB DEFAULT CHARSET=utf8mb4 COLLATE=utf8mb4_unicode_ci;

--
-- Dumping data for table `ec_option_value`
--


--
-- Table structure for table `ec_option_value_translations`
--

CREATE TABLE `ec_option_value_translations` (
  `lang_code` varchar(191) COLLATE utf8mb4_unicode_ci NOT NULL,
  `ec_option_value_id` bigint unsigned NOT NULL,
  `option_value` varchar(191) COLLATE utf8mb4_unicode_ci DEFAULT NULL,
  PRIMARY KEY (`lang_code`,`ec_option_value_id`)
) ENGINE=InnoDB DEFAULT CHARSET=utf8mb4 COLLATE=utf8mb4_unicode_ci;

--
-- Dumping data for table `ec_option_value_translations`
--


--
-- Table structure for table `ec_options`
--

CREATE TABLE `ec_options` (
  `id` bigint unsigned NOT NULL AUTO_INCREMENT,
  `name` varchar(191) COLLATE utf8mb4_unicode_ci NOT NULL COMMENT 'Name of options',
  `option_type` varchar(191) COLLATE utf8mb4_unicode_ci DEFAULT NULL COMMENT 'option type',
  `product_id` bigint unsigned NOT NULL DEFAULT '0',
  `order` int NOT NULL DEFAULT '9999',
  `required` tinyint(1) NOT NULL DEFAULT '0' COMMENT 'Checked if this option is required',
  `created_at` timestamp NULL DEFAULT NULL,
  `updated_at` timestamp NULL DEFAULT NULL,
  PRIMARY KEY (`id`)
) ENGINE=InnoDB DEFAULT CHARSET=utf8mb4 COLLATE=utf8mb4_unicode_ci;

--
-- Dumping data for table `ec_options`
--


--
-- Table structure for table `ec_options_translations`
--

CREATE TABLE `ec_options_translations` (
  `lang_code` varchar(191) COLLATE utf8mb4_unicode_ci NOT NULL,
  `ec_options_id` bigint unsigned NOT NULL,
  `name` varchar(191) COLLATE utf8mb4_unicode_ci DEFAULT NULL,
  PRIMARY KEY (`lang_code`,`ec_options_id`)
) ENGINE=InnoDB DEFAULT CHARSET=utf8mb4 COLLATE=utf8mb4_unicode_ci;

--
-- Dumping data for table `ec_options_translations`
--


--
-- Table structure for table `ec_order_addresses`
--

CREATE TABLE `ec_order_addresses` (
  `id` bigint unsigned NOT NULL AUTO_INCREMENT,
  `name` varchar(191) COLLATE utf8mb4_unicode_ci NOT NULL,
  `phone` varchar(20) COLLATE utf8mb4_unicode_ci DEFAULT NULL,
  `email` varchar(191) COLLATE utf8mb4_unicode_ci DEFAULT NULL,
  `country` varchar(120) COLLATE utf8mb4_unicode_ci DEFAULT NULL,
  `state` varchar(120) COLLATE utf8mb4_unicode_ci DEFAULT NULL,
  `city` varchar(120) COLLATE utf8mb4_unicode_ci DEFAULT NULL,
  `address` varchar(191) COLLATE utf8mb4_unicode_ci DEFAULT NULL,
  `order_id` bigint unsigned NOT NULL,
  `zip_code` varchar(20) COLLATE utf8mb4_unicode_ci DEFAULT NULL,
  `type` varchar(60) COLLATE utf8mb4_unicode_ci NOT NULL DEFAULT 'shipping_address',
  PRIMARY KEY (`id`)
) ENGINE=InnoDB DEFAULT CHARSET=utf8mb4 COLLATE=utf8mb4_unicode_ci;

--
-- Dumping data for table `ec_order_addresses`
--


--
-- Table structure for table `ec_order_histories`
--

CREATE TABLE `ec_order_histories` (
  `id` bigint unsigned NOT NULL AUTO_INCREMENT,
  `action` varchar(120) COLLATE utf8mb4_unicode_ci NOT NULL,
  `description` varchar(400) COLLATE utf8mb4_unicode_ci DEFAULT NULL,
  `user_id` bigint unsigned DEFAULT NULL,
  `order_id` bigint unsigned NOT NULL,
  `extras` text COLLATE utf8mb4_unicode_ci,
  `created_at` timestamp NULL DEFAULT NULL,
  `updated_at` timestamp NULL DEFAULT NULL,
  PRIMARY KEY (`id`)
) ENGINE=InnoDB DEFAULT CHARSET=utf8mb4 COLLATE=utf8mb4_unicode_ci;

--
-- Dumping data for table `ec_order_histories`
--


--
-- Table structure for table `ec_order_product`
--

CREATE TABLE `ec_order_product` (
  `id` bigint unsigned NOT NULL AUTO_INCREMENT,
  `order_id` bigint unsigned NOT NULL,
  `qty` int NOT NULL,
  `price` decimal(15,2) NOT NULL,
  `tax_amount` decimal(15,2) DEFAULT '0.00',
  `options` text COLLATE utf8mb4_unicode_ci,
  `product_options` text COLLATE utf8mb4_unicode_ci COMMENT 'product option data',
  `product_id` bigint unsigned DEFAULT NULL,
  `product_name` varchar(191) COLLATE utf8mb4_unicode_ci NOT NULL,
  `product_image` varchar(191) COLLATE utf8mb4_unicode_ci DEFAULT NULL,
  `weight` double DEFAULT '0',
  `restock_quantity` int unsigned DEFAULT '0',
  `created_at` timestamp NULL DEFAULT NULL,
  `updated_at` timestamp NULL DEFAULT NULL,
  `product_type` varchar(60) COLLATE utf8mb4_unicode_ci NOT NULL DEFAULT 'physical',
  `times_downloaded` int NOT NULL DEFAULT '0',
  `license_code` text COLLATE utf8mb4_unicode_ci,
  `downloaded_at` timestamp NULL DEFAULT NULL,
  PRIMARY KEY (`id`)
) ENGINE=InnoDB DEFAULT CHARSET=utf8mb4 COLLATE=utf8mb4_unicode_ci;

--
-- Dumping data for table `ec_order_product`
--


--
-- Table structure for table `ec_order_referrals`
--

CREATE TABLE `ec_order_referrals` (
  `id` bigint unsigned NOT NULL AUTO_INCREMENT,
  `ip` varchar(39) COLLATE utf8mb4_unicode_ci DEFAULT NULL,
  `landing_domain` varchar(191) COLLATE utf8mb4_unicode_ci DEFAULT NULL,
  `landing_page` varchar(191) COLLATE utf8mb4_unicode_ci DEFAULT NULL,
  `landing_params` varchar(191) COLLATE utf8mb4_unicode_ci DEFAULT NULL,
  `referral` varchar(191) COLLATE utf8mb4_unicode_ci DEFAULT NULL,
  `gclid` varchar(191) COLLATE utf8mb4_unicode_ci DEFAULT NULL,
  `fclid` varchar(191) COLLATE utf8mb4_unicode_ci DEFAULT NULL,
  `utm_source` varchar(191) COLLATE utf8mb4_unicode_ci DEFAULT NULL,
  `utm_campaign` varchar(191) COLLATE utf8mb4_unicode_ci DEFAULT NULL,
  `utm_medium` varchar(191) COLLATE utf8mb4_unicode_ci DEFAULT NULL,
  `utm_term` varchar(191) COLLATE utf8mb4_unicode_ci DEFAULT NULL,
  `utm_content` varchar(191) COLLATE utf8mb4_unicode_ci DEFAULT NULL,
  `referrer_url` text COLLATE utf8mb4_unicode_ci,
  `referrer_domain` varchar(191) COLLATE utf8mb4_unicode_ci DEFAULT NULL,
  `order_id` bigint unsigned DEFAULT NULL,
  `created_at` timestamp NULL DEFAULT NULL,
  `updated_at` timestamp NULL DEFAULT NULL,
  PRIMARY KEY (`id`),
  KEY `ec_order_referrals_order_id_index` (`order_id`)
) ENGINE=InnoDB DEFAULT CHARSET=utf8mb4 COLLATE=utf8mb4_unicode_ci;

--
-- Dumping data for table `ec_order_referrals`
--


--
-- Table structure for table `ec_order_return_histories`
--

CREATE TABLE `ec_order_return_histories` (
  `id` bigint unsigned NOT NULL AUTO_INCREMENT,
  `user_id` bigint unsigned DEFAULT NULL,
  `order_return_id` bigint unsigned NOT NULL,
  `action` varchar(191) COLLATE utf8mb4_unicode_ci NOT NULL,
  `description` varchar(400) COLLATE utf8mb4_unicode_ci DEFAULT NULL,
  `reason` varchar(191) COLLATE utf8mb4_unicode_ci DEFAULT NULL,
  `created_at` timestamp NULL DEFAULT NULL,
  `updated_at` timestamp NULL DEFAULT NULL,
  PRIMARY KEY (`id`)
) ENGINE=InnoDB DEFAULT CHARSET=utf8mb4 COLLATE=utf8mb4_unicode_ci;

--
-- Dumping data for table `ec_order_return_histories`
--


--
-- Table structure for table `ec_order_return_items`
--

CREATE TABLE `ec_order_return_items` (
  `id` bigint unsigned NOT NULL AUTO_INCREMENT,
  `order_return_id` bigint unsigned NOT NULL COMMENT 'Order return id',
  `order_product_id` bigint unsigned NOT NULL COMMENT 'Order product id',
  `product_id` bigint unsigned NOT NULL COMMENT 'Product id',
  `product_name` varchar(191) COLLATE utf8mb4_unicode_ci NOT NULL,
  `product_image` varchar(191) COLLATE utf8mb4_unicode_ci DEFAULT NULL,
  `qty` int NOT NULL COMMENT 'Quantity return',
  `price` decimal(15,2) NOT NULL COMMENT 'Price Product',
  `reason` text COLLATE utf8mb4_unicode_ci,
  `created_at` timestamp NULL DEFAULT NULL,
  `updated_at` timestamp NULL DEFAULT NULL,
  `refund_amount` decimal(12,2) DEFAULT '0.00',
  PRIMARY KEY (`id`)
) ENGINE=InnoDB DEFAULT CHARSET=utf8mb4 COLLATE=utf8mb4_unicode_ci;

--
-- Dumping data for table `ec_order_return_items`
--


--
-- Table structure for table `ec_order_returns`
--

CREATE TABLE `ec_order_returns` (
  `id` bigint unsigned NOT NULL AUTO_INCREMENT,
  `code` varchar(191) COLLATE utf8mb4_unicode_ci DEFAULT NULL,
  `order_id` bigint unsigned NOT NULL COMMENT 'Order ID',
  `store_id` bigint unsigned DEFAULT NULL COMMENT 'Store ID',
  `user_id` bigint unsigned NOT NULL COMMENT 'Customer ID',
  `reason` text COLLATE utf8mb4_unicode_ci COMMENT 'Reason return order',
  `order_status` varchar(191) COLLATE utf8mb4_unicode_ci DEFAULT NULL COMMENT 'Order current status',
  `return_status` varchar(191) COLLATE utf8mb4_unicode_ci NOT NULL COMMENT 'Return status',
  `created_at` timestamp NULL DEFAULT NULL,
  `updated_at` timestamp NULL DEFAULT NULL,
  PRIMARY KEY (`id`),
  UNIQUE KEY `ec_order_returns_code_unique` (`code`)
) ENGINE=InnoDB DEFAULT CHARSET=utf8mb4 COLLATE=utf8mb4_unicode_ci;

--
-- Dumping data for table `ec_order_returns`
--


--
-- Table structure for table `ec_order_tax_information`
--

CREATE TABLE `ec_order_tax_information` (
  `id` bigint unsigned NOT NULL AUTO_INCREMENT,
  `order_id` bigint unsigned NOT NULL,
  `company_name` varchar(120) COLLATE utf8mb4_unicode_ci NOT NULL,
  `company_address` varchar(191) COLLATE utf8mb4_unicode_ci NOT NULL,
  `company_tax_code` varchar(20) COLLATE utf8mb4_unicode_ci NOT NULL,
  `company_email` varchar(60) COLLATE utf8mb4_unicode_ci NOT NULL,
  `created_at` timestamp NULL DEFAULT NULL,
  `updated_at` timestamp NULL DEFAULT NULL,
  PRIMARY KEY (`id`),
  KEY `ec_order_tax_information_order_id_index` (`order_id`)
) ENGINE=InnoDB DEFAULT CHARSET=utf8mb4 COLLATE=utf8mb4_unicode_ci;

--
-- Dumping data for table `ec_order_tax_information`
--


--
-- Table structure for table `ec_product_attribute_sets`
--

CREATE TABLE `ec_product_attribute_sets` (
  `id` bigint unsigned NOT NULL AUTO_INCREMENT,
  `title` varchar(120) COLLATE utf8mb4_unicode_ci NOT NULL,
  `slug` varchar(120) COLLATE utf8mb4_unicode_ci DEFAULT NULL,
  `display_layout` varchar(191) COLLATE utf8mb4_unicode_ci NOT NULL DEFAULT 'dropdown',
  `is_searchable` tinyint unsigned NOT NULL DEFAULT '1',
  `is_comparable` tinyint unsigned NOT NULL DEFAULT '1',
  `is_use_in_product_listing` tinyint unsigned NOT NULL DEFAULT '0',
  `status` varchar(60) COLLATE utf8mb4_unicode_ci NOT NULL DEFAULT 'published',
  `order` tinyint unsigned NOT NULL DEFAULT '0',
  `created_at` timestamp NULL DEFAULT NULL,
  `updated_at` timestamp NULL DEFAULT NULL,
  `use_image_from_product_variation` tinyint unsigned NOT NULL DEFAULT '0',
  PRIMARY KEY (`id`),
  KEY `idx_order_id` (`order`,`id`)
) ENGINE=InnoDB AUTO_INCREMENT=5 DEFAULT CHARSET=utf8mb4 COLLATE=utf8mb4_unicode_ci;

--
-- Dumping data for table `ec_product_attribute_sets`
--

INSERT INTO `ec_product_attribute_sets` VALUES (1,'Color','color','visual',1,1,1,'published',0,'2025-09-11 01:45:53','2025-09-11 01:45:53',0),(2,'Size','size','text',1,1,1,'published',1,'2025-09-11 01:45:53','2025-09-11 01:45:53',0),(3,'Weight','weight','text',1,1,1,'published',0,'2025-09-11 01:45:53','2025-09-11 01:45:53',0),(4,'Boxes','boxes','text',1,1,1,'published',1,'2025-09-11 01:45:53','2025-09-11 01:45:53',0);

--
-- Table structure for table `ec_product_attribute_sets_translations`
--

CREATE TABLE `ec_product_attribute_sets_translations` (
  `lang_code` varchar(191) COLLATE utf8mb4_unicode_ci NOT NULL,
  `ec_product_attribute_sets_id` bigint unsigned NOT NULL,
  `title` varchar(191) COLLATE utf8mb4_unicode_ci DEFAULT NULL,
  PRIMARY KEY (`lang_code`,`ec_product_attribute_sets_id`)
) ENGINE=InnoDB DEFAULT CHARSET=utf8mb4 COLLATE=utf8mb4_unicode_ci;

--
-- Dumping data for table `ec_product_attribute_sets_translations`
--


--
-- Table structure for table `ec_product_attributes`
--

CREATE TABLE `ec_product_attributes` (
  `id` bigint unsigned NOT NULL AUTO_INCREMENT,
  `attribute_set_id` bigint unsigned NOT NULL,
  `title` varchar(120) COLLATE utf8mb4_unicode_ci NOT NULL,
  `slug` varchar(120) COLLATE utf8mb4_unicode_ci DEFAULT NULL,
  `color` varchar(120) COLLATE utf8mb4_unicode_ci DEFAULT NULL,
  `image` varchar(191) COLLATE utf8mb4_unicode_ci DEFAULT NULL,
  `is_default` tinyint unsigned NOT NULL DEFAULT '0',
  `order` tinyint unsigned NOT NULL DEFAULT '0',
  `created_at` timestamp NULL DEFAULT NULL,
  `updated_at` timestamp NULL DEFAULT NULL,
  PRIMARY KEY (`id`),
  KEY `attribute_set_status_index` (`attribute_set_id`),
  KEY `idx_attribute_set_id` (`attribute_set_id`),
  KEY `idx_attribute_set_order_id` (`attribute_set_id`,`order`,`id`)
) ENGINE=InnoDB AUTO_INCREMENT=21 DEFAULT CHARSET=utf8mb4 COLLATE=utf8mb4_unicode_ci;

--
-- Dumping data for table `ec_product_attributes`
--

INSERT INTO `ec_product_attributes` VALUES (1,1,'Green','green','#5FB7D4',NULL,1,1,'2025-09-11 01:45:53','2025-09-11 01:45:53'),(2,1,'Blue','blue','#333333',NULL,0,2,'2025-09-11 01:45:53','2025-09-11 01:45:53'),(3,1,'Red','red','#DA323F',NULL,0,3,'2025-09-11 01:45:53','2025-09-11 01:45:53'),(4,1,'Black','black','#2F366C',NULL,0,4,'2025-09-11 01:45:53','2025-09-11 01:45:53'),(5,1,'Brown','brown','#87554B',NULL,0,5,'2025-09-11 01:45:53','2025-09-11 01:45:53'),(6,2,'S','s',NULL,NULL,1,1,'2025-09-11 01:45:53','2025-09-11 01:45:53'),(7,2,'M','m',NULL,NULL,0,2,'2025-09-11 01:45:53','2025-09-11 01:45:53'),(8,2,'L','l',NULL,NULL,0,3,'2025-09-11 01:45:53','2025-09-11 01:45:53'),(9,2,'XL','xl',NULL,NULL,0,4,'2025-09-11 01:45:53','2025-09-11 01:45:53'),(10,2,'XXL','xxl',NULL,NULL,0,5,'2025-09-11 01:45:53','2025-09-11 01:45:53'),(11,3,'1KG','1kg',NULL,NULL,1,1,'2025-09-11 01:45:53','2025-09-11 01:45:53'),(12,3,'2KG','2kg',NULL,NULL,0,2,'2025-09-11 01:45:53','2025-09-11 01:45:53'),(13,3,'3KG','3kg',NULL,NULL,0,3,'2025-09-11 01:45:53','2025-09-11 01:45:53'),(14,3,'4KG','4kg',NULL,NULL,0,4,'2025-09-11 01:45:53','2025-09-11 01:45:53'),(15,3,'5KG','5kg',NULL,NULL,0,5,'2025-09-11 01:45:53','2025-09-11 01:45:53'),(16,4,'1 Box','1-box',NULL,NULL,1,1,'2025-09-11 01:45:53','2025-09-11 01:45:53'),(17,4,'2 Boxes','2-boxes',NULL,NULL,0,2,'2025-09-11 01:45:53','2025-09-11 01:45:53'),(18,4,'3 Boxes','3-boxes',NULL,NULL,0,3,'2025-09-11 01:45:53','2025-09-11 01:45:53'),(19,4,'4 Boxes','4-boxes',NULL,NULL,0,4,'2025-09-11 01:45:53','2025-09-11 01:45:53'),(20,4,'5 Boxes','5-boxes',NULL,NULL,0,5,'2025-09-11 01:45:53','2025-09-11 01:45:53');

--
-- Table structure for table `ec_product_attributes_translations`
--

CREATE TABLE `ec_product_attributes_translations` (
  `lang_code` varchar(191) COLLATE utf8mb4_unicode_ci NOT NULL,
  `ec_product_attributes_id` bigint unsigned NOT NULL,
  `title` varchar(191) COLLATE utf8mb4_unicode_ci DEFAULT NULL,
  PRIMARY KEY (`lang_code`,`ec_product_attributes_id`)
) ENGINE=InnoDB DEFAULT CHARSET=utf8mb4 COLLATE=utf8mb4_unicode_ci;

--
-- Dumping data for table `ec_product_attributes_translations`
--


--
-- Table structure for table `ec_product_categories`
--

CREATE TABLE `ec_product_categories` (
  `id` bigint unsigned NOT NULL AUTO_INCREMENT,
  `name` varchar(191) COLLATE utf8mb4_unicode_ci NOT NULL,
  `slug` varchar(191) COLLATE utf8mb4_unicode_ci DEFAULT NULL,
  `parent_id` bigint unsigned NOT NULL DEFAULT '0',
  `description` mediumtext COLLATE utf8mb4_unicode_ci,
  `status` varchar(60) COLLATE utf8mb4_unicode_ci NOT NULL DEFAULT 'published',
  `order` int unsigned NOT NULL DEFAULT '0',
  `image` varchar(191) COLLATE utf8mb4_unicode_ci DEFAULT NULL,
  `is_featured` tinyint unsigned NOT NULL DEFAULT '0',
  `created_at` timestamp NULL DEFAULT NULL,
  `updated_at` timestamp NULL DEFAULT NULL,
  `icon` varchar(191) COLLATE utf8mb4_unicode_ci DEFAULT NULL,
  `icon_image` varchar(191) COLLATE utf8mb4_unicode_ci DEFAULT NULL,
  PRIMARY KEY (`id`),
  KEY `ec_product_categories_parent_id_status_created_at_index` (`parent_id`,`status`,`created_at`),
  KEY `ec_product_categories_parent_id_status_index` (`parent_id`,`status`),
  KEY `idx_categories_status_order` (`status`,`order`),
  KEY `idx_categories_order` (`order`),
  KEY `ec_product_categories_slug_index` (`slug`)
) ENGINE=InnoDB AUTO_INCREMENT=84 DEFAULT CHARSET=utf8mb4 COLLATE=utf8mb4_unicode_ci;

--
-- Dumping data for table `ec_product_categories`
--

INSERT INTO `ec_product_categories` VALUES (1,'Fruits & Vegetables','fruits-vegetables',0,NULL,'published',0,'product-categories/1.png',1,'2025-09-11 01:45:51','2025-09-11 01:45:51','icon-star',NULL),(2,'Fruits','fruits',1,NULL,'published',0,NULL,0,'2025-09-11 01:45:51','2025-09-11 01:45:51',NULL,NULL),(3,'Apples','apples',2,NULL,'published',0,NULL,0,'2025-09-11 01:45:51','2025-09-11 01:45:51',NULL,NULL),(4,'Bananas','bananas',2,NULL,'published',1,NULL,0,'2025-09-11 01:45:51','2025-09-11 01:45:51',NULL,NULL),(5,'Berries','berries',2,NULL,'published',2,NULL,0,'2025-09-11 01:45:51','2025-09-11 01:45:51',NULL,NULL),(6,'Oranges & Easy Peelers','oranges-easy-peelers',2,NULL,'published',3,NULL,0,'2025-09-11 01:45:51','2025-09-11 01:45:51',NULL,NULL),(7,'Grapes','grapes',2,NULL,'published',4,NULL,0,'2025-09-11 01:45:51','2025-09-11 01:45:51',NULL,NULL),(8,'Lemons & Limes','lemons-limes',2,NULL,'published',5,NULL,0,'2025-09-11 01:45:51','2025-09-11 01:45:51',NULL,NULL),(9,'Peaches & Nectarines','peaches-nectarines',2,NULL,'published',6,NULL,0,'2025-09-11 01:45:52','2025-09-11 01:45:52',NULL,NULL),(10,'Pears','pears',2,NULL,'published',7,NULL,0,'2025-09-11 01:45:52','2025-09-11 01:45:52',NULL,NULL),(11,'Melon','melon',2,NULL,'published',8,NULL,0,'2025-09-11 01:45:52','2025-09-11 01:45:52',NULL,NULL),(12,'Avocados','avocados',2,NULL,'published',9,NULL,0,'2025-09-11 01:45:52','2025-09-11 01:45:52',NULL,NULL),(13,'Plums & Apricots','plums-apricots',2,NULL,'published',10,NULL,0,'2025-09-11 01:45:52','2025-09-11 01:45:52',NULL,NULL),(14,'Vegetables','vegetables',1,NULL,'published',1,NULL,0,'2025-09-11 01:45:52','2025-09-11 01:45:52',NULL,NULL),(15,'Potatoes','potatoes',14,NULL,'published',0,NULL,0,'2025-09-11 01:45:52','2025-09-11 01:45:52',NULL,NULL),(16,'Carrots & Root Vegetables','carrots-root-vegetables',14,NULL,'published',1,NULL,0,'2025-09-11 01:45:52','2025-09-11 01:45:52',NULL,NULL),(17,'Broccoli & Cauliflower','broccoli-cauliflower',14,NULL,'published',2,NULL,0,'2025-09-11 01:45:52','2025-09-11 01:45:52',NULL,NULL),(18,'Cabbage, Spinach & Greens','cabbage-spinach-greens',14,NULL,'published',3,NULL,0,'2025-09-11 01:45:52','2025-09-11 01:45:52',NULL,NULL),(19,'Onions, Leeks & Garlic','onions-leeks-garlic',14,NULL,'published',4,NULL,0,'2025-09-11 01:45:52','2025-09-11 01:45:52',NULL,NULL),(20,'Mushrooms','mushrooms',14,NULL,'published',5,NULL,0,'2025-09-11 01:45:52','2025-09-11 01:45:52',NULL,NULL),(21,'Tomatoes','tomatoes',14,NULL,'published',6,NULL,0,'2025-09-11 01:45:52','2025-09-11 01:45:52',NULL,NULL),(22,'Beans, Peas & Sweetcorn','beans-peas-sweetcorn',14,NULL,'published',7,NULL,0,'2025-09-11 01:45:52','2025-09-11 01:45:52',NULL,NULL),(23,'Freshly Drink Orange Juice','freshly-drink-orange-juice',14,NULL,'published',8,NULL,0,'2025-09-11 01:45:52','2025-09-11 01:45:52',NULL,NULL),(24,'Breads Sweets','breads-sweets',0,NULL,'published',1,'product-categories/2.png',1,'2025-09-11 01:45:52','2025-09-11 01:45:52','icon-bread',NULL),(25,'Crisps, Snacks & Nuts','crisps-snacks-nuts',24,NULL,'published',0,NULL,0,'2025-09-11 01:45:52','2025-09-11 01:45:52',NULL,NULL),(26,'Crisps & Popcorn','crisps-popcorn',25,NULL,'published',0,NULL,0,'2025-09-11 01:45:52','2025-09-11 01:45:52',NULL,NULL),(27,'Nuts & Seeds','nuts-seeds',25,NULL,'published',1,NULL,0,'2025-09-11 01:45:52','2025-09-11 01:45:52',NULL,NULL),(28,'Lighter Options','lighter-options',25,NULL,'published',2,NULL,0,'2025-09-11 01:45:52','2025-09-11 01:45:52',NULL,NULL),(29,'Cereal Bars','cereal-bars',25,NULL,'published',3,NULL,0,'2025-09-11 01:45:52','2025-09-11 01:45:52',NULL,NULL),(30,'Breadsticks & Pretzels','breadsticks-pretzels',25,NULL,'published',4,NULL,0,'2025-09-11 01:45:52','2025-09-11 01:45:52',NULL,NULL),(31,'Fruit Snacking','fruit-snacking',25,NULL,'published',5,NULL,0,'2025-09-11 01:45:52','2025-09-11 01:45:52',NULL,NULL),(32,'Rice & Corn Cakes','rice-corn-cakes',25,NULL,'published',6,NULL,0,'2025-09-11 01:45:52','2025-09-11 01:45:52',NULL,NULL),(33,'Protein & Energy Snacks','protein-energy-snacks',25,NULL,'published',7,NULL,0,'2025-09-11 01:45:52','2025-09-11 01:45:52',NULL,NULL),(34,'Toddler Snacks','toddler-snacks',25,NULL,'published',8,NULL,0,'2025-09-11 01:45:52','2025-09-11 01:45:52',NULL,NULL),(35,'Meat Snacks','meat-snacks',25,NULL,'published',9,NULL,0,'2025-09-11 01:45:52','2025-09-11 01:45:52',NULL,NULL),(36,'Beans','beans',25,NULL,'published',10,NULL,0,'2025-09-11 01:45:52','2025-09-11 01:45:52',NULL,NULL),(37,'Lentils','lentils',25,NULL,'published',11,NULL,0,'2025-09-11 01:45:52','2025-09-11 01:45:52',NULL,NULL),(38,'Chickpeas','chickpeas',25,NULL,'published',12,NULL,0,'2025-09-11 01:45:52','2025-09-11 01:45:52',NULL,NULL),(39,'Tins & Cans','tins-cans',24,NULL,'published',1,NULL,0,'2025-09-11 01:45:52','2025-09-11 01:45:52',NULL,NULL),(40,'Tomatoes','tomatoes',39,NULL,'published',0,NULL,0,'2025-09-11 01:45:52','2025-09-11 01:45:52',NULL,NULL),(41,'Baked Beans, Spaghetti','baked-beans-spaghetti',39,NULL,'published',1,NULL,0,'2025-09-11 01:45:52','2025-09-11 01:45:52',NULL,NULL),(42,'Fish','fish',39,NULL,'published',2,NULL,0,'2025-09-11 01:45:52','2025-09-11 01:45:52',NULL,NULL),(43,'Beans & Pulses','beans-pulses',39,NULL,'published',3,NULL,0,'2025-09-11 01:45:52','2025-09-11 01:45:52',NULL,NULL),(44,'Fruit','fruit',39,NULL,'published',4,NULL,0,'2025-09-11 01:45:52','2025-09-11 01:45:52',NULL,NULL),(45,'Coconut Milk & Cream','coconut-milk-cream',39,NULL,'published',5,NULL,0,'2025-09-11 01:45:52','2025-09-11 01:45:52',NULL,NULL),(46,'Lighter Options','lighter-options',39,NULL,'published',6,NULL,0,'2025-09-11 01:45:52','2025-09-11 01:45:52',NULL,NULL),(47,'Olives','olives',39,NULL,'published',7,NULL,0,'2025-09-11 01:45:52','2025-09-11 01:45:52',NULL,NULL),(48,'Sweetcorn','sweetcorn',39,NULL,'published',8,NULL,0,'2025-09-11 01:45:52','2025-09-11 01:45:52',NULL,NULL),(49,'Carrots','carrots',39,NULL,'published',9,NULL,0,'2025-09-11 01:45:52','2025-09-11 01:45:52',NULL,NULL),(50,'Peas','peas',39,NULL,'published',10,NULL,0,'2025-09-11 01:45:52','2025-09-11 01:45:52',NULL,NULL),(51,'Mixed Vegetables','mixed-vegetables',39,NULL,'published',11,NULL,0,'2025-09-11 01:45:52','2025-09-11 01:45:52',NULL,NULL),(52,'Frozen Seafoods','frozen-seafoods',0,NULL,'published',2,'product-categories/3.png',1,'2025-09-11 01:45:52','2025-09-11 01:45:52','icon-hamburger',NULL),(53,'Raw Meats','raw-meats',0,NULL,'published',3,'product-categories/4.png',1,'2025-09-11 01:45:52','2025-09-11 01:45:52','icon-steak',NULL),(54,'Wines & Alcohol Drinks','wines-alcohol-drinks',0,NULL,'published',4,'product-categories/5.png',1,'2025-09-11 01:45:52','2025-09-11 01:45:52','icon-glass',NULL),(55,'Ready Meals','ready-meals',54,NULL,'published',0,NULL,0,'2025-09-11 01:45:52','2025-09-11 01:45:52',NULL,NULL),(56,'Meals for 1','meals-for-1',55,NULL,'published',0,NULL,0,'2025-09-11 01:45:52','2025-09-11 01:45:52',NULL,NULL),(57,'Meals for 2','meals-for-2',55,NULL,'published',1,NULL,0,'2025-09-11 01:45:52','2025-09-11 01:45:52',NULL,NULL),(58,'Indian','indian',55,NULL,'published',2,NULL,0,'2025-09-11 01:45:52','2025-09-11 01:45:52',NULL,NULL),(59,'Italian','italian',55,NULL,'published',3,NULL,0,'2025-09-11 01:45:52','2025-09-11 01:45:52',NULL,NULL),(60,'Chinese','chinese',55,NULL,'published',4,NULL,0,'2025-09-11 01:45:52','2025-09-11 01:45:52',NULL,NULL),(61,'Traditional British','traditional-british',55,NULL,'published',5,NULL,0,'2025-09-11 01:45:52','2025-09-11 01:45:52',NULL,NULL),(62,'Thai & Oriental','thai-oriental',55,NULL,'published',6,NULL,0,'2025-09-11 01:45:52','2025-09-11 01:45:52',NULL,NULL),(63,'Mediterranean & Moroccan','mediterranean-moroccan',55,NULL,'published',7,NULL,0,'2025-09-11 01:45:52','2025-09-11 01:45:52',NULL,NULL),(64,'Mexican & Caribbean','mexican-caribbean',55,NULL,'published',8,NULL,0,'2025-09-11 01:45:52','2025-09-11 01:45:52',NULL,NULL),(65,'Lighter Meals','lighter-meals',55,NULL,'published',9,NULL,0,'2025-09-11 01:45:52','2025-09-11 01:45:52',NULL,NULL),(66,'Lunch & Veg Pots','lunch-veg-pots',55,NULL,'published',10,NULL,0,'2025-09-11 01:45:52','2025-09-11 01:45:52',NULL,NULL),(67,'Salad & Herbs','salad-herbs',54,NULL,'published',1,NULL,0,'2025-09-11 01:45:52','2025-09-11 01:45:52',NULL,NULL),(68,'Salad Bags','salad-bags',67,NULL,'published',0,NULL,0,'2025-09-11 01:45:52','2025-09-11 01:45:52',NULL,NULL),(69,'Cucumber','cucumber',67,NULL,'published',1,NULL,0,'2025-09-11 01:45:52','2025-09-11 01:45:52',NULL,NULL),(70,'Tomatoes','tomatoes',67,NULL,'published',2,NULL,0,'2025-09-11 01:45:52','2025-09-11 01:45:52',NULL,NULL),(71,'Lettuce','lettuce',67,NULL,'published',3,NULL,0,'2025-09-11 01:45:52','2025-09-11 01:45:52',NULL,NULL),(72,'Lunch Salad Bowls','lunch-salad-bowls',67,NULL,'published',4,NULL,0,'2025-09-11 01:45:52','2025-09-11 01:45:52',NULL,NULL),(73,'Lunch Salad Bowls','lunch-salad-bowls',67,NULL,'published',5,NULL,0,'2025-09-11 01:45:52','2025-09-11 01:45:52',NULL,NULL),(74,'Fresh Herbs','fresh-herbs',67,NULL,'published',6,NULL,0,'2025-09-11 01:45:52','2025-09-11 01:45:52',NULL,NULL),(75,'Avocados','avocados',67,NULL,'published',7,NULL,0,'2025-09-11 01:45:52','2025-09-11 01:45:52',NULL,NULL),(76,'Peppers','peppers',67,NULL,'published',8,NULL,0,'2025-09-11 01:45:52','2025-09-11 01:45:52',NULL,NULL),(77,'Coleslaw & Potato Salad','coleslaw-potato-salad',67,NULL,'published',9,NULL,0,'2025-09-11 01:45:52','2025-09-11 01:45:52',NULL,NULL),(78,'Spring Onions','spring-onions',67,NULL,'published',10,NULL,0,'2025-09-11 01:45:52','2025-09-11 01:45:52',NULL,NULL),(79,'Chilli, Ginger & Garlic','chilli-ginger-garlic',67,NULL,'published',11,NULL,0,'2025-09-11 01:45:52','2025-09-11 01:45:52',NULL,NULL),(80,'Tea & Coffee','tea-coffee',0,NULL,'published',5,'product-categories/6.png',1,'2025-09-11 01:45:52','2025-09-11 01:45:52','icon-teacup',NULL),(81,'Milks and Dairies','milks-and-dairies',0,NULL,'published',6,'product-categories/7.png',1,'2025-09-11 01:45:52','2025-09-11 01:45:52','icon-coffee-cup',NULL),(82,'Pet Foods','pet-foods',0,NULL,'published',7,'product-categories/8.png',1,'2025-09-11 01:45:52','2025-09-11 01:45:52','icon-hotdog',NULL),(83,'Food Cupboard','food-cupboard',0,NULL,'published',8,'product-categories/1.png',1,'2025-09-11 01:45:52','2025-09-11 01:45:53','icon-cheese',NULL);

--
-- Table structure for table `ec_product_categories_translations`
--

CREATE TABLE `ec_product_categories_translations` (
  `lang_code` varchar(191) COLLATE utf8mb4_unicode_ci NOT NULL,
  `ec_product_categories_id` bigint unsigned NOT NULL,
  `name` varchar(191) COLLATE utf8mb4_unicode_ci DEFAULT NULL,
  `slug` varchar(191) COLLATE utf8mb4_unicode_ci DEFAULT NULL,
  `description` mediumtext COLLATE utf8mb4_unicode_ci,
  PRIMARY KEY (`lang_code`,`ec_product_categories_id`)
) ENGINE=InnoDB DEFAULT CHARSET=utf8mb4 COLLATE=utf8mb4_unicode_ci;

--
-- Dumping data for table `ec_product_categories_translations`
--


--
-- Table structure for table `ec_product_categorizables`
--

CREATE TABLE `ec_product_categorizables` (
  `category_id` bigint unsigned NOT NULL,
  `reference_id` bigint unsigned NOT NULL,
  `reference_type` varchar(120) COLLATE utf8mb4_unicode_ci NOT NULL,
  PRIMARY KEY (`category_id`,`reference_id`,`reference_type`),
  KEY `ec_product_categorizables_category_id_index` (`category_id`),
  KEY `ec_product_categorizables_reference_id_index` (`reference_id`),
  KEY `ec_product_categorizables_reference_type_index` (`reference_type`)
) ENGINE=InnoDB DEFAULT CHARSET=utf8mb4 COLLATE=utf8mb4_unicode_ci;

--
-- Dumping data for table `ec_product_categorizables`
--


--
-- Table structure for table `ec_product_category_product`
--

CREATE TABLE `ec_product_category_product` (
  `category_id` bigint unsigned NOT NULL,
  `product_id` bigint unsigned NOT NULL,
  PRIMARY KEY (`product_id`,`category_id`),
  KEY `ec_product_category_product_category_id_index` (`category_id`),
  KEY `ec_product_category_product_product_id_index` (`product_id`),
  KEY `idx_product_category` (`product_id`,`category_id`),
  KEY `idx_product_category_composite` (`product_id`,`category_id`)
) ENGINE=InnoDB DEFAULT CHARSET=utf8mb4 COLLATE=utf8mb4_unicode_ci;

--
-- Dumping data for table `ec_product_category_product`
--

INSERT INTO `ec_product_category_product` VALUES (1,38),(1,54),(1,60),(2,20),(2,36),(2,37),(2,51),(2,61),(3,15),(3,22),(3,28),(3,48),(3,56),(4,2),(4,22),(4,36),(5,18),(5,42),(5,62),(6,23),(6,28),(6,30),(6,31),(6,42),(6,45),(6,47),(7,13),(7,43),(8,29),(8,45),(9,15),(9,16),(9,59),(10,27),(10,39),(11,13),(11,21),(11,48),(11,63),(12,17),(12,54),(13,3),(13,12),(13,27),(13,63),(14,9),(14,10),(14,15),(14,19),(15,57),(16,19),(16,42),(16,51),(16,64),(17,25),(17,49),(17,57),(18,6),(18,7),(18,34),(18,39),(18,41),(19,2),(19,23),(19,52),(20,21),(20,33),(20,44),(21,9),(21,20),(21,31),(22,16),(23,9),(23,14),(23,28),(23,32),(23,37),(23,44),(23,45),(23,50),(24,17),(24,22),(24,29),(24,41),(24,51),(25,1),(25,10),(25,15),(25,43),(25,63),(26,21),(26,30),(26,37),(26,58),(26,61),(27,24),(27,43),(28,8),(28,37),(28,61),(29,36),(30,3),(30,6),(30,12),(30,13),(30,33),(31,14),(31,57),(32,38),(32,61),(33,39),(33,59),(34,46),(36,4),(36,22),(36,23),(36,46),(37,4),(37,45),(38,11),(38,47),(39,52),(40,17),(40,24),(40,26),(40,46),(40,49),(40,50),(41,24),(41,51),(41,55),(42,26),(42,35),(42,44),(42,55),(43,7),(43,26),(43,36),(44,2),(44,12),(44,47),(44,55),(44,56),(45,38),(45,54),(46,11),(46,14),(46,32),(46,48),(48,52),(48,58),(49,43),(50,34),(50,42),(51,25),(52,3),(52,27),(52,49),(53,2),(53,57),(54,5),(54,12),(54,18),(54,40),(54,56),(55,53),(55,65),(56,3),(56,8),(56,18),(56,29),(56,58),(57,1),(57,29),(57,34),(57,41),(57,60),(58,30),(58,31),(59,32),(59,38),(59,54),(59,64),(60,11),(60,32),(61,1),(61,10),(61,14),(61,26),(62,27),(62,34),(62,41),(62,53),(62,65),(63,48),(63,65),(64,44),(65,30),(65,33),(65,50),(66,5),(66,11),(66,19),(66,25),(66,35),(66,63),(67,46),(67,53),(67,62),(67,64),(68,1),(68,9),(68,23),(68,39),(69,5),(69,58),(69,62),(70,55),(71,7),(71,16),(71,20),(71,40),(71,56),(71,60),(72,5),(72,17),(72,25),(72,40),(73,8),(73,19),(73,35),(73,53),(74,4),(74,31),(74,33),(74,60),(75,28),(75,35),(75,62),(76,6),(77,52),(77,59),(78,6),(78,49),(78,50),(79,7),(79,16),(79,18),(79,64),(79,65),(80,13),(80,59),(81,20),(81,40),(82,8),(83,4),(83,10),(83,21),(83,24),(83,47);

--
-- Table structure for table `ec_product_collection_products`
--

CREATE TABLE `ec_product_collection_products` (
  `product_collection_id` bigint unsigned NOT NULL,
  `product_id` bigint unsigned NOT NULL,
  PRIMARY KEY (`product_id`,`product_collection_id`),
  KEY `ec_product_collection_products_product_collection_id_index` (`product_collection_id`),
  KEY `ec_product_collection_products_product_id_index` (`product_id`)
) ENGINE=InnoDB DEFAULT CHARSET=utf8mb4 COLLATE=utf8mb4_unicode_ci;

--
-- Dumping data for table `ec_product_collection_products`
--

INSERT INTO `ec_product_collection_products` VALUES (1,1),(1,5),(1,7),(1,8),(1,11),(1,12),(1,16),(1,17),(1,19),(1,23),(1,24),(1,26),(1,27),(1,29),(1,31),(1,34),(1,37),(1,41),(1,52),(1,54),(1,62),(1,64),(2,6),(2,9),(2,10),(2,15),(2,18),(2,20),(2,25),(2,28),(2,30),(2,36),(2,38),(2,39),(2,40),(2,43),(2,45),(2,47),(2,49),(2,50),(2,51),(2,53),(2,56),(2,57),(2,58),(2,61),(3,2),(3,3),(3,4),(3,13),(3,14),(3,21),(3,22),(3,32),(3,33),(3,35),(3,42),(3,44),(3,46),(3,48),(3,55),(3,59),(3,60),(3,63),(3,65);

--
-- Table structure for table `ec_product_collections`
--

CREATE TABLE `ec_product_collections` (
  `id` bigint unsigned NOT NULL AUTO_INCREMENT,
  `name` varchar(191) COLLATE utf8mb4_unicode_ci NOT NULL,
  `slug` varchar(191) COLLATE utf8mb4_unicode_ci NOT NULL,
  `description` varchar(400) COLLATE utf8mb4_unicode_ci DEFAULT NULL,
  `image` varchar(191) COLLATE utf8mb4_unicode_ci DEFAULT NULL,
  `status` varchar(60) COLLATE utf8mb4_unicode_ci NOT NULL DEFAULT 'published',
  `created_at` timestamp NULL DEFAULT NULL,
  `updated_at` timestamp NULL DEFAULT NULL,
  `is_featured` tinyint unsigned NOT NULL DEFAULT '0',
  PRIMARY KEY (`id`)
) ENGINE=InnoDB AUTO_INCREMENT=4 DEFAULT CHARSET=utf8mb4 COLLATE=utf8mb4_unicode_ci;

--
-- Dumping data for table `ec_product_collections`
--

INSERT INTO `ec_product_collections` VALUES (1,'New Arrival','new-arrival',NULL,NULL,'published','2025-09-11 01:45:53','2025-09-11 01:45:53',0),(2,'Best Sellers','best-sellers',NULL,NULL,'published','2025-09-11 01:45:53','2025-09-11 01:45:53',0),(3,'Special Offer','special-offer',NULL,NULL,'published','2025-09-11 01:45:53','2025-09-11 01:45:53',0);

--
-- Table structure for table `ec_product_collections_translations`
--

CREATE TABLE `ec_product_collections_translations` (
  `lang_code` varchar(191) COLLATE utf8mb4_unicode_ci NOT NULL,
  `ec_product_collections_id` bigint unsigned NOT NULL,
  `name` varchar(191) COLLATE utf8mb4_unicode_ci DEFAULT NULL,
  `description` varchar(400) COLLATE utf8mb4_unicode_ci DEFAULT NULL,
  PRIMARY KEY (`lang_code`,`ec_product_collections_id`)
) ENGINE=InnoDB DEFAULT CHARSET=utf8mb4 COLLATE=utf8mb4_unicode_ci;

--
-- Dumping data for table `ec_product_collections_translations`
--


--
-- Table structure for table `ec_product_cross_sale_relations`
--

CREATE TABLE `ec_product_cross_sale_relations` (
  `from_product_id` bigint unsigned NOT NULL,
  `to_product_id` bigint unsigned NOT NULL,
  `is_variant` tinyint(1) NOT NULL DEFAULT '0',
  `price` decimal(15,2) DEFAULT '0.00',
  `price_type` varchar(191) COLLATE utf8mb4_unicode_ci NOT NULL DEFAULT 'fixed',
  `apply_to_all_variations` tinyint(1) NOT NULL DEFAULT '1',
  PRIMARY KEY (`from_product_id`,`to_product_id`),
  KEY `ec_product_cross_sale_relations_from_product_id_index` (`from_product_id`),
  KEY `ec_product_cross_sale_relations_to_product_id_index` (`to_product_id`),
  KEY `idx_product_cross_sale` (`from_product_id`,`to_product_id`)
) ENGINE=InnoDB DEFAULT CHARSET=utf8mb4 COLLATE=utf8mb4_unicode_ci;

--
-- Dumping data for table `ec_product_cross_sale_relations`
--

INSERT INTO `ec_product_cross_sale_relations` VALUES (1,23,0,0.00,'fixed',1),(1,35,0,0.00,'fixed',1),(1,37,0,0.00,'fixed',1),(1,38,0,0.00,'fixed',1),(1,54,0,0.00,'fixed',1),(1,64,0,0.00,'fixed',1),(2,1,0,0.00,'fixed',1),(2,5,0,0.00,'fixed',1),(2,25,0,0.00,'fixed',1),(2,28,0,0.00,'fixed',1),(2,32,0,0.00,'fixed',1),(2,38,0,0.00,'fixed',1),(3,9,0,0.00,'fixed',1),(3,21,0,0.00,'fixed',1),(3,23,0,0.00,'fixed',1),(3,25,0,0.00,'fixed',1),(3,34,0,0.00,'fixed',1),(3,55,0,0.00,'fixed',1),(4,10,0,0.00,'fixed',1),(4,19,0,0.00,'fixed',1),(4,22,0,0.00,'fixed',1),(4,27,0,0.00,'fixed',1),(4,33,0,0.00,'fixed',1),(4,39,0,0.00,'fixed',1),(4,47,0,0.00,'fixed',1),(5,18,0,0.00,'fixed',1),(5,33,0,0.00,'fixed',1),(5,41,0,0.00,'fixed',1),(5,43,0,0.00,'fixed',1),(5,48,0,0.00,'fixed',1),(5,63,0,0.00,'fixed',1),(6,9,0,0.00,'fixed',1),(6,21,0,0.00,'fixed',1),(6,26,0,0.00,'fixed',1),(6,38,0,0.00,'fixed',1),(6,39,0,0.00,'fixed',1),(6,58,0,0.00,'fixed',1),(7,2,0,0.00,'fixed',1),(7,22,0,0.00,'fixed',1),(7,27,0,0.00,'fixed',1),(7,36,0,0.00,'fixed',1),(7,60,0,0.00,'fixed',1),(8,9,0,0.00,'fixed',1),(8,12,0,0.00,'fixed',1),(8,15,0,0.00,'fixed',1),(8,27,0,0.00,'fixed',1),(8,32,0,0.00,'fixed',1),(8,40,0,0.00,'fixed',1),(8,62,0,0.00,'fixed',1),(9,6,0,0.00,'fixed',1),(9,13,0,0.00,'fixed',1),(9,18,0,0.00,'fixed',1),(9,47,0,0.00,'fixed',1),(9,55,0,0.00,'fixed',1),(9,58,0,0.00,'fixed',1),(9,64,0,0.00,'fixed',1),(10,2,0,0.00,'fixed',1),(10,14,0,0.00,'fixed',1),(10,24,0,0.00,'fixed',1),(10,42,0,0.00,'fixed',1),(10,46,0,0.00,'fixed',1),(10,49,0,0.00,'fixed',1),(10,64,0,0.00,'fixed',1),(11,1,0,0.00,'fixed',1),(11,5,0,0.00,'fixed',1),(11,12,0,0.00,'fixed',1),(11,24,0,0.00,'fixed',1),(11,33,0,0.00,'fixed',1),(11,38,0,0.00,'fixed',1),(11,39,0,0.00,'fixed',1),(12,10,0,0.00,'fixed',1),(12,14,0,0.00,'fixed',1),(12,16,0,0.00,'fixed',1),(12,19,0,0.00,'fixed',1),(12,26,0,0.00,'fixed',1),(12,51,0,0.00,'fixed',1),(12,63,0,0.00,'fixed',1),(13,17,0,0.00,'fixed',1),(13,22,0,0.00,'fixed',1),(13,29,0,0.00,'fixed',1),(13,32,0,0.00,'fixed',1),(13,56,0,0.00,'fixed',1),(13,65,0,0.00,'fixed',1),(14,15,0,0.00,'fixed',1),(14,16,0,0.00,'fixed',1),(14,46,0,0.00,'fixed',1),(14,49,0,0.00,'fixed',1),(14,51,0,0.00,'fixed',1),(14,56,0,0.00,'fixed',1),(14,65,0,0.00,'fixed',1),(15,5,0,0.00,'fixed',1),(15,11,0,0.00,'fixed',1),(15,12,0,0.00,'fixed',1),(15,32,0,0.00,'fixed',1),(15,58,0,0.00,'fixed',1),(15,60,0,0.00,'fixed',1),(15,65,0,0.00,'fixed',1),(16,7,0,0.00,'fixed',1),(16,17,0,0.00,'fixed',1),(16,26,0,0.00,'fixed',1),(16,33,0,0.00,'fixed',1),(16,43,0,0.00,'fixed',1),(16,47,0,0.00,'fixed',1),(16,57,0,0.00,'fixed',1),(17,10,0,0.00,'fixed',1),(17,26,0,0.00,'fixed',1),(17,31,0,0.00,'fixed',1),(17,48,0,0.00,'fixed',1),(17,54,0,0.00,'fixed',1),(17,62,0,0.00,'fixed',1),(18,4,0,0.00,'fixed',1),(18,10,0,0.00,'fixed',1),(18,16,0,0.00,'fixed',1),(18,47,0,0.00,'fixed',1),(18,49,0,0.00,'fixed',1),(18,62,0,0.00,'fixed',1),(19,3,0,0.00,'fixed',1),(19,5,0,0.00,'fixed',1),(19,16,0,0.00,'fixed',1),(19,33,0,0.00,'fixed',1),(19,49,0,0.00,'fixed',1),(19,57,0,0.00,'fixed',1),(19,62,0,0.00,'fixed',1),(20,9,0,0.00,'fixed',1),(20,18,0,0.00,'fixed',1),(20,25,0,0.00,'fixed',1),(20,30,0,0.00,'fixed',1),(20,35,0,0.00,'fixed',1),(20,53,0,0.00,'fixed',1),(20,63,0,0.00,'fixed',1),(21,3,0,0.00,'fixed',1),(21,10,0,0.00,'fixed',1),(21,15,0,0.00,'fixed',1),(21,38,0,0.00,'fixed',1),(21,40,0,0.00,'fixed',1),(21,53,0,0.00,'fixed',1),(21,59,0,0.00,'fixed',1),(22,10,0,0.00,'fixed',1),(22,25,0,0.00,'fixed',1),(22,28,0,0.00,'fixed',1),(22,29,0,0.00,'fixed',1),(22,30,0,0.00,'fixed',1),(22,32,0,0.00,'fixed',1),(22,62,0,0.00,'fixed',1),(23,1,0,0.00,'fixed',1),(23,7,0,0.00,'fixed',1),(23,32,0,0.00,'fixed',1),(23,33,0,0.00,'fixed',1),(23,38,0,0.00,'fixed',1),(23,47,0,0.00,'fixed',1),(24,10,0,0.00,'fixed',1),(24,15,0,0.00,'fixed',1),(24,16,0,0.00,'fixed',1),(24,56,0,0.00,'fixed',1),(24,57,0,0.00,'fixed',1),(24,62,0,0.00,'fixed',1),(24,65,0,0.00,'fixed',1),(25,20,0,0.00,'fixed',1),(25,32,0,0.00,'fixed',1),(25,36,0,0.00,'fixed',1),(25,40,0,0.00,'fixed',1),(25,59,0,0.00,'fixed',1),(25,60,0,0.00,'fixed',1),(25,63,0,0.00,'fixed',1),(26,16,0,0.00,'fixed',1),(26,17,0,0.00,'fixed',1),(26,18,0,0.00,'fixed',1),(26,19,0,0.00,'fixed',1),(26,37,0,0.00,'fixed',1),(26,62,0,0.00,'fixed',1),(27,5,0,0.00,'fixed',1),(27,14,0,0.00,'fixed',1),(27,16,0,0.00,'fixed',1),(27,26,0,0.00,'fixed',1),(27,49,0,0.00,'fixed',1),(27,50,0,0.00,'fixed',1),(27,57,0,0.00,'fixed',1),(28,8,0,0.00,'fixed',1),(28,9,0,0.00,'fixed',1),(28,11,0,0.00,'fixed',1),(28,45,0,0.00,'fixed',1),(28,46,0,0.00,'fixed',1),(28,56,0,0.00,'fixed',1),(28,62,0,0.00,'fixed',1),(29,12,0,0.00,'fixed',1),(29,22,0,0.00,'fixed',1),(29,24,0,0.00,'fixed',1),(29,26,0,0.00,'fixed',1),(29,44,0,0.00,'fixed',1),(29,52,0,0.00,'fixed',1),(29,65,0,0.00,'fixed',1),(30,8,0,0.00,'fixed',1),(30,32,0,0.00,'fixed',1),(30,35,0,0.00,'fixed',1),(30,48,0,0.00,'fixed',1),(30,49,0,0.00,'fixed',1),(30,52,0,0.00,'fixed',1),(30,54,0,0.00,'fixed',1),(31,8,0,0.00,'fixed',1),(31,10,0,0.00,'fixed',1),(31,15,0,0.00,'fixed',1),(31,54,0,0.00,'fixed',1),(31,59,0,0.00,'fixed',1),(32,3,0,0.00,'fixed',1),(32,8,0,0.00,'fixed',1),(32,19,0,0.00,'fixed',1),(32,20,0,0.00,'fixed',1),(32,39,0,0.00,'fixed',1),(32,45,0,0.00,'fixed',1),(32,46,0,0.00,'fixed',1),(33,16,0,0.00,'fixed',1),(33,18,0,0.00,'fixed',1),(33,19,0,0.00,'fixed',1),(33,38,0,0.00,'fixed',1),(33,62,0,0.00,'fixed',1),(33,64,0,0.00,'fixed',1),(34,3,0,0.00,'fixed',1),(34,10,0,0.00,'fixed',1),(34,20,0,0.00,'fixed',1),(34,23,0,0.00,'fixed',1),(34,40,0,0.00,'fixed',1),(34,61,0,0.00,'fixed',1),(34,63,0,0.00,'fixed',1),(35,15,0,0.00,'fixed',1),(35,16,0,0.00,'fixed',1),(35,21,0,0.00,'fixed',1),(35,32,0,0.00,'fixed',1),(35,53,0,0.00,'fixed',1),(35,63,0,0.00,'fixed',1),(36,8,0,0.00,'fixed',1),(36,16,0,0.00,'fixed',1),(36,26,0,0.00,'fixed',1),(36,27,0,0.00,'fixed',1),(36,28,0,0.00,'fixed',1),(36,29,0,0.00,'fixed',1),(36,49,0,0.00,'fixed',1),(37,11,0,0.00,'fixed',1),(37,15,0,0.00,'fixed',1),(37,28,0,0.00,'fixed',1),(37,31,0,0.00,'fixed',1),(37,51,0,0.00,'fixed',1),(37,55,0,0.00,'fixed',1),(38,12,0,0.00,'fixed',1),(38,13,0,0.00,'fixed',1),(38,15,0,0.00,'fixed',1),(38,22,0,0.00,'fixed',1),(38,31,0,0.00,'fixed',1),(38,34,0,0.00,'fixed',1),(38,40,0,0.00,'fixed',1),(39,8,0,0.00,'fixed',1),(39,20,0,0.00,'fixed',1),(39,29,0,0.00,'fixed',1),(39,41,0,0.00,'fixed',1),(39,42,0,0.00,'fixed',1),(39,45,0,0.00,'fixed',1),(40,5,0,0.00,'fixed',1),(40,27,0,0.00,'fixed',1),(40,32,0,0.00,'fixed',1),(40,39,0,0.00,'fixed',1),(40,42,0,0.00,'fixed',1),(40,46,0,0.00,'fixed',1),(40,54,0,0.00,'fixed',1),(41,2,0,0.00,'fixed',1),(41,30,0,0.00,'fixed',1),(41,44,0,0.00,'fixed',1),(41,51,0,0.00,'fixed',1),(41,57,0,0.00,'fixed',1),(41,58,0,0.00,'fixed',1),(42,2,0,0.00,'fixed',1),(42,5,0,0.00,'fixed',1),(42,19,0,0.00,'fixed',1),(42,24,0,0.00,'fixed',1),(42,40,0,0.00,'fixed',1),(42,47,0,0.00,'fixed',1),(42,52,0,0.00,'fixed',1),(43,1,0,0.00,'fixed',1),(43,18,0,0.00,'fixed',1),(43,34,0,0.00,'fixed',1),(43,39,0,0.00,'fixed',1),(43,40,0,0.00,'fixed',1),(43,58,0,0.00,'fixed',1),(44,14,0,0.00,'fixed',1),(44,22,0,0.00,'fixed',1),(44,31,0,0.00,'fixed',1),(44,33,0,0.00,'fixed',1),(44,40,0,0.00,'fixed',1),(44,50,0,0.00,'fixed',1),(45,4,0,0.00,'fixed',1),(45,23,0,0.00,'fixed',1),(45,25,0,0.00,'fixed',1),(45,38,0,0.00,'fixed',1),(45,47,0,0.00,'fixed',1),(45,64,0,0.00,'fixed',1),(46,11,0,0.00,'fixed',1),(46,15,0,0.00,'fixed',1),(46,29,0,0.00,'fixed',1),(46,39,0,0.00,'fixed',1),(46,42,0,0.00,'fixed',1),(46,63,0,0.00,'fixed',1),(47,4,0,0.00,'fixed',1),(47,24,0,0.00,'fixed',1),(47,27,0,0.00,'fixed',1),(47,44,0,0.00,'fixed',1),(47,48,0,0.00,'fixed',1),(47,55,0,0.00,'fixed',1),(48,14,0,0.00,'fixed',1),(48,17,0,0.00,'fixed',1),(48,29,0,0.00,'fixed',1),(48,32,0,0.00,'fixed',1),(48,35,0,0.00,'fixed',1),(48,53,0,0.00,'fixed',1),(48,56,0,0.00,'fixed',1),(49,5,0,0.00,'fixed',1),(49,16,0,0.00,'fixed',1),(49,21,0,0.00,'fixed',1),(49,55,0,0.00,'fixed',1),(49,58,0,0.00,'fixed',1),(49,59,0,0.00,'fixed',1),(50,34,0,0.00,'fixed',1),(50,41,0,0.00,'fixed',1),(50,53,0,0.00,'fixed',1),(50,56,0,0.00,'fixed',1),(50,57,0,0.00,'fixed',1),(50,58,0,0.00,'fixed',1),(50,63,0,0.00,'fixed',1),(51,8,0,0.00,'fixed',1),(51,19,0,0.00,'fixed',1),(51,29,0,0.00,'fixed',1),(51,32,0,0.00,'fixed',1),(51,49,0,0.00,'fixed',1),(51,56,0,0.00,'fixed',1),(51,65,0,0.00,'fixed',1),(52,1,0,0.00,'fixed',1),(52,8,0,0.00,'fixed',1),(52,13,0,0.00,'fixed',1),(52,20,0,0.00,'fixed',1),(52,44,0,0.00,'fixed',1),(52,50,0,0.00,'fixed',1),(52,62,0,0.00,'fixed',1),(53,15,0,0.00,'fixed',1),(53,27,0,0.00,'fixed',1),(53,37,0,0.00,'fixed',1),(53,47,0,0.00,'fixed',1),(53,50,0,0.00,'fixed',1),(53,62,0,0.00,'fixed',1),(53,63,0,0.00,'fixed',1),(54,7,0,0.00,'fixed',1),(54,27,0,0.00,'fixed',1),(54,28,0,0.00,'fixed',1),(54,29,0,0.00,'fixed',1),(54,30,0,0.00,'fixed',1),(54,32,0,0.00,'fixed',1),(54,55,0,0.00,'fixed',1),(55,7,0,0.00,'fixed',1),(55,8,0,0.00,'fixed',1),(55,11,0,0.00,'fixed',1),(55,23,0,0.00,'fixed',1),(55,33,0,0.00,'fixed',1),(55,38,0,0.00,'fixed',1),(55,64,0,0.00,'fixed',1),(56,2,0,0.00,'fixed',1),(56,16,0,0.00,'fixed',1),(56,25,0,0.00,'fixed',1),(56,30,0,0.00,'fixed',1),(56,51,0,0.00,'fixed',1),(56,54,0,0.00,'fixed',1),(56,61,0,0.00,'fixed',1),(57,14,0,0.00,'fixed',1),(57,22,0,0.00,'fixed',1),(57,33,0,0.00,'fixed',1),(57,37,0,0.00,'fixed',1),(57,38,0,0.00,'fixed',1),(57,44,0,0.00,'fixed',1),(57,55,0,0.00,'fixed',1),(58,16,0,0.00,'fixed',1),(58,19,0,0.00,'fixed',1),(58,24,0,0.00,'fixed',1),(58,26,0,0.00,'fixed',1),(58,38,0,0.00,'fixed',1),(58,56,0,0.00,'fixed',1),(58,57,0,0.00,'fixed',1),(59,3,0,0.00,'fixed',1),(59,12,0,0.00,'fixed',1),(59,28,0,0.00,'fixed',1),(59,36,0,0.00,'fixed',1),(59,40,0,0.00,'fixed',1),(59,55,0,0.00,'fixed',1),(59,60,0,0.00,'fixed',1),(60,5,0,0.00,'fixed',1),(60,25,0,0.00,'fixed',1),(60,31,0,0.00,'fixed',1),(60,35,0,0.00,'fixed',1),(60,36,0,0.00,'fixed',1),(60,50,0,0.00,'fixed',1),(60,63,0,0.00,'fixed',1),(61,2,0,0.00,'fixed',1),(61,9,0,0.00,'fixed',1),(61,16,0,0.00,'fixed',1),(61,26,0,0.00,'fixed',1),(61,36,0,0.00,'fixed',1),(61,38,0,0.00,'fixed',1),(61,39,0,0.00,'fixed',1),(62,6,0,0.00,'fixed',1),(62,25,0,0.00,'fixed',1),(62,28,0,0.00,'fixed',1),(62,29,0,0.00,'fixed',1),(62,48,0,0.00,'fixed',1),(62,55,0,0.00,'fixed',1),(62,64,0,0.00,'fixed',1),(63,11,0,0.00,'fixed',1),(63,18,0,0.00,'fixed',1),(63,24,0,0.00,'fixed',1),(63,37,0,0.00,'fixed',1),(63,47,0,0.00,'fixed',1),(63,58,0,0.00,'fixed',1),(63,61,0,0.00,'fixed',1),(64,20,0,0.00,'fixed',1),(64,33,0,0.00,'fixed',1),(64,38,0,0.00,'fixed',1),(64,45,0,0.00,'fixed',1),(64,52,0,0.00,'fixed',1),(64,55,0,0.00,'fixed',1),(64,59,0,0.00,'fixed',1),(65,10,0,0.00,'fixed',1),(65,22,0,0.00,'fixed',1),(65,47,0,0.00,'fixed',1),(65,49,0,0.00,'fixed',1),(65,56,0,0.00,'fixed',1),(65,57,0,0.00,'fixed',1),(65,60,0,0.00,'fixed',1);

--
-- Table structure for table `ec_product_files`
--

CREATE TABLE `ec_product_files` (
  `id` bigint unsigned NOT NULL AUTO_INCREMENT,
  `product_id` bigint unsigned DEFAULT NULL,
  `url` varchar(400) COLLATE utf8mb4_unicode_ci DEFAULT NULL,
  `extras` mediumtext COLLATE utf8mb4_unicode_ci,
  `created_at` timestamp NULL DEFAULT NULL,
  `updated_at` timestamp NULL DEFAULT NULL,
  PRIMARY KEY (`id`),
  KEY `ec_product_files_product_id_index` (`product_id`)
) ENGINE=InnoDB AUTO_INCREMENT=46 DEFAULT CHARSET=utf8mb4 COLLATE=utf8mb4_unicode_ci;

--
-- Dumping data for table `ec_product_files`
--

INSERT INTO `ec_product_files` VALUES (1,4,'ecommerce/digital-product-files/4.jpg','{\"filename\":\"4.jpg\",\"url\":\"ecommerce\\/digital-product-files\\/4.jpg\",\"mime_type\":\"image\\/jpeg\",\"size\":9803,\"modified\":\"2025-09-11 08:46:33\",\"name\":\"4\",\"extension\":\"jpg\"}','2025-09-11 01:46:33','2025-09-11 01:46:33'),(2,4,'ecommerce/digital-product-files/4-1.jpg','{\"filename\":\"4-1.jpg\",\"url\":\"ecommerce\\/digital-product-files\\/4-1.jpg\",\"mime_type\":\"image\\/jpeg\",\"size\":9803,\"modified\":\"2025-09-11 08:46:33\",\"name\":\"4-1\",\"extension\":\"jpg\"}','2025-09-11 01:46:33','2025-09-11 01:46:33'),(3,8,'ecommerce/digital-product-files/8.jpg','{\"filename\":\"8.jpg\",\"url\":\"ecommerce\\/digital-product-files\\/8.jpg\",\"mime_type\":\"image\\/jpeg\",\"size\":9803,\"modified\":\"2025-09-11 08:46:33\",\"name\":\"8\",\"extension\":\"jpg\"}','2025-09-11 01:46:33','2025-09-11 01:46:33'),(4,8,'ecommerce/digital-product-files/8-1.jpg','{\"filename\":\"8-1.jpg\",\"url\":\"ecommerce\\/digital-product-files\\/8-1.jpg\",\"mime_type\":\"image\\/jpeg\",\"size\":9803,\"modified\":\"2025-09-11 08:46:33\",\"name\":\"8-1\",\"extension\":\"jpg\"}','2025-09-11 01:46:33','2025-09-11 01:46:33'),(5,12,'ecommerce/digital-product-files/12.jpg','{\"filename\":\"12.jpg\",\"url\":\"ecommerce\\/digital-product-files\\/12.jpg\",\"mime_type\":\"image\\/jpeg\",\"size\":9803,\"modified\":\"2025-09-11 08:46:33\",\"name\":\"12\",\"extension\":\"jpg\"}','2025-09-11 01:46:33','2025-09-11 01:46:33'),(6,12,'ecommerce/digital-product-files/12-1.jpg','{\"filename\":\"12-1.jpg\",\"url\":\"ecommerce\\/digital-product-files\\/12-1.jpg\",\"mime_type\":\"image\\/jpeg\",\"size\":9803,\"modified\":\"2025-09-11 08:46:33\",\"name\":\"12-1\",\"extension\":\"jpg\"}','2025-09-11 01:46:33','2025-09-11 01:46:33'),(7,16,'ecommerce/digital-product-files/16.jpg','{\"filename\":\"16.jpg\",\"url\":\"ecommerce\\/digital-product-files\\/16.jpg\",\"mime_type\":\"image\\/jpeg\",\"size\":9803,\"modified\":\"2025-09-11 08:46:33\",\"name\":\"16\",\"extension\":\"jpg\"}','2025-09-11 01:46:33','2025-09-11 01:46:33'),(8,20,'ecommerce/digital-product-files/20.jpg','{\"filename\":\"20.jpg\",\"url\":\"ecommerce\\/digital-product-files\\/20.jpg\",\"mime_type\":\"image\\/jpeg\",\"size\":9803,\"modified\":\"2025-09-11 08:46:33\",\"name\":\"20\",\"extension\":\"jpg\"}','2025-09-11 01:46:33','2025-09-11 01:46:33'),(9,20,'ecommerce/digital-product-files/20-1.jpg','{\"filename\":\"20-1.jpg\",\"url\":\"ecommerce\\/digital-product-files\\/20-1.jpg\",\"mime_type\":\"image\\/jpeg\",\"size\":9803,\"modified\":\"2025-09-11 08:46:33\",\"name\":\"20-1\",\"extension\":\"jpg\"}','2025-09-11 01:46:33','2025-09-11 01:46:33'),(10,24,'ecommerce/digital-product-files/24.jpg','{\"filename\":\"24.jpg\",\"url\":\"ecommerce\\/digital-product-files\\/24.jpg\",\"mime_type\":\"image\\/jpeg\",\"size\":9803,\"modified\":\"2025-09-11 08:46:33\",\"name\":\"24\",\"extension\":\"jpg\"}','2025-09-11 01:46:33','2025-09-11 01:46:33'),(11,24,'ecommerce/digital-product-files/24-1.jpg','{\"filename\":\"24-1.jpg\",\"url\":\"ecommerce\\/digital-product-files\\/24-1.jpg\",\"mime_type\":\"image\\/jpeg\",\"size\":9803,\"modified\":\"2025-09-11 08:46:33\",\"name\":\"24-1\",\"extension\":\"jpg\"}','2025-09-11 01:46:33','2025-09-11 01:46:33'),(12,28,'ecommerce/digital-product-files/28.jpg','{\"filename\":\"28.jpg\",\"url\":\"ecommerce\\/digital-product-files\\/28.jpg\",\"mime_type\":\"image\\/jpeg\",\"size\":9803,\"modified\":\"2025-09-11 08:46:33\",\"name\":\"28\",\"extension\":\"jpg\"}','2025-09-11 01:46:33','2025-09-11 01:46:33'),(13,28,'ecommerce/digital-product-files/28-1.jpg','{\"filename\":\"28-1.jpg\",\"url\":\"ecommerce\\/digital-product-files\\/28-1.jpg\",\"mime_type\":\"image\\/jpeg\",\"size\":9803,\"modified\":\"2025-09-11 08:46:33\",\"name\":\"28-1\",\"extension\":\"jpg\"}','2025-09-11 01:46:33','2025-09-11 01:46:33'),(14,32,'ecommerce/digital-product-files/32.jpg','{\"filename\":\"32.jpg\",\"url\":\"ecommerce\\/digital-product-files\\/32.jpg\",\"mime_type\":\"image\\/jpeg\",\"size\":9803,\"modified\":\"2025-09-11 08:46:33\",\"name\":\"32\",\"extension\":\"jpg\"}','2025-09-11 01:46:33','2025-09-11 01:46:33'),(15,32,'ecommerce/digital-product-files/32-1.jpg','{\"filename\":\"32-1.jpg\",\"url\":\"ecommerce\\/digital-product-files\\/32-1.jpg\",\"mime_type\":\"image\\/jpeg\",\"size\":9803,\"modified\":\"2025-09-11 08:46:33\",\"name\":\"32-1\",\"extension\":\"jpg\"}','2025-09-11 01:46:33','2025-09-11 01:46:33'),(16,36,'ecommerce/digital-product-files/36.jpg','{\"filename\":\"36.jpg\",\"url\":\"ecommerce\\/digital-product-files\\/36.jpg\",\"mime_type\":\"image\\/jpeg\",\"size\":9803,\"modified\":\"2025-09-11 08:46:33\",\"name\":\"36\",\"extension\":\"jpg\"}','2025-09-11 01:46:33','2025-09-11 01:46:33'),(17,36,'ecommerce/digital-product-files/36-1.jpg','{\"filename\":\"36-1.jpg\",\"url\":\"ecommerce\\/digital-product-files\\/36-1.jpg\",\"mime_type\":\"image\\/jpeg\",\"size\":9803,\"modified\":\"2025-09-11 08:46:33\",\"name\":\"36-1\",\"extension\":\"jpg\"}','2025-09-11 01:46:33','2025-09-11 01:46:33'),(18,40,'ecommerce/digital-product-files/40.jpg','{\"filename\":\"40.jpg\",\"url\":\"ecommerce\\/digital-product-files\\/40.jpg\",\"mime_type\":\"image\\/jpeg\",\"size\":9803,\"modified\":\"2025-09-11 08:46:33\",\"name\":\"40\",\"extension\":\"jpg\"}','2025-09-11 01:46:33','2025-09-11 01:46:33'),(19,40,'ecommerce/digital-product-files/40-1.jpg','{\"filename\":\"40-1.jpg\",\"url\":\"ecommerce\\/digital-product-files\\/40-1.jpg\",\"mime_type\":\"image\\/jpeg\",\"size\":9803,\"modified\":\"2025-09-11 08:46:33\",\"name\":\"40-1\",\"extension\":\"jpg\"}','2025-09-11 01:46:33','2025-09-11 01:46:33'),(20,44,'ecommerce/digital-product-files/44.jpg','{\"filename\":\"44.jpg\",\"url\":\"ecommerce\\/digital-product-files\\/44.jpg\",\"mime_type\":\"image\\/jpeg\",\"size\":9803,\"modified\":\"2025-09-11 08:46:33\",\"name\":\"44\",\"extension\":\"jpg\"}','2025-09-11 01:46:33','2025-09-11 01:46:33'),(21,44,'ecommerce/digital-product-files/44-1.jpg','{\"filename\":\"44-1.jpg\",\"url\":\"ecommerce\\/digital-product-files\\/44-1.jpg\",\"mime_type\":\"image\\/jpeg\",\"size\":9803,\"modified\":\"2025-09-11 08:46:33\",\"name\":\"44-1\",\"extension\":\"jpg\"}','2025-09-11 01:46:33','2025-09-11 01:46:33'),(22,48,'ecommerce/digital-product-files/48.jpg','{\"filename\":\"48.jpg\",\"url\":\"ecommerce\\/digital-product-files\\/48.jpg\",\"mime_type\":\"image\\/jpeg\",\"size\":9803,\"modified\":\"2025-09-11 08:46:33\",\"name\":\"48\",\"extension\":\"jpg\"}','2025-09-11 01:46:33','2025-09-11 01:46:33'),(23,48,'ecommerce/digital-product-files/48-1.jpg','{\"filename\":\"48-1.jpg\",\"url\":\"ecommerce\\/digital-product-files\\/48-1.jpg\",\"mime_type\":\"image\\/jpeg\",\"size\":9803,\"modified\":\"2025-09-11 08:46:33\",\"name\":\"48-1\",\"extension\":\"jpg\"}','2025-09-11 01:46:33','2025-09-11 01:46:33'),(24,52,'ecommerce/digital-product-files/52.jpg','{\"filename\":\"52.jpg\",\"url\":\"ecommerce\\/digital-product-files\\/52.jpg\",\"mime_type\":\"image\\/jpeg\",\"size\":9803,\"modified\":\"2025-09-11 08:46:33\",\"name\":\"52\",\"extension\":\"jpg\"}','2025-09-11 01:46:33','2025-09-11 01:46:33'),(25,52,'ecommerce/digital-product-files/52-1.jpg','{\"filename\":\"52-1.jpg\",\"url\":\"ecommerce\\/digital-product-files\\/52-1.jpg\",\"mime_type\":\"image\\/jpeg\",\"size\":9803,\"modified\":\"2025-09-11 08:46:33\",\"name\":\"52-1\",\"extension\":\"jpg\"}','2025-09-11 01:46:33','2025-09-11 01:46:33'),(26,56,'ecommerce/digital-product-files/56.jpg','{\"filename\":\"56.jpg\",\"url\":\"ecommerce\\/digital-product-files\\/56.jpg\",\"mime_type\":\"image\\/jpeg\",\"size\":9803,\"modified\":\"2025-09-11 08:46:33\",\"name\":\"56\",\"extension\":\"jpg\"}','2025-09-11 01:46:33','2025-09-11 01:46:33'),(27,56,'ecommerce/digital-product-files/56-1.jpg','{\"filename\":\"56-1.jpg\",\"url\":\"ecommerce\\/digital-product-files\\/56-1.jpg\",\"mime_type\":\"image\\/jpeg\",\"size\":9803,\"modified\":\"2025-09-11 08:46:33\",\"name\":\"56-1\",\"extension\":\"jpg\"}','2025-09-11 01:46:33','2025-09-11 01:46:33'),(28,60,'ecommerce/digital-product-files/60.jpg','{\"filename\":\"60.jpg\",\"url\":\"ecommerce\\/digital-product-files\\/60.jpg\",\"mime_type\":\"image\\/jpeg\",\"size\":9803,\"modified\":\"2025-09-11 08:46:33\",\"name\":\"60\",\"extension\":\"jpg\"}','2025-09-11 01:46:33','2025-09-11 01:46:33'),(29,60,'ecommerce/digital-product-files/60-1.jpg','{\"filename\":\"60-1.jpg\",\"url\":\"ecommerce\\/digital-product-files\\/60-1.jpg\",\"mime_type\":\"image\\/jpeg\",\"size\":9803,\"modified\":\"2025-09-11 08:46:33\",\"name\":\"60-1\",\"extension\":\"jpg\"}','2025-09-11 01:46:33','2025-09-11 01:46:33'),(30,64,'ecommerce/digital-product-files/64.jpg','{\"filename\":\"64.jpg\",\"url\":\"ecommerce\\/digital-product-files\\/64.jpg\",\"mime_type\":\"image\\/jpeg\",\"size\":9803,\"modified\":\"2025-09-11 08:46:33\",\"name\":\"64\",\"extension\":\"jpg\"}','2025-09-11 01:46:33','2025-09-11 01:46:33'),(31,64,'ecommerce/digital-product-files/64-1.jpg','{\"filename\":\"64-1.jpg\",\"url\":\"ecommerce\\/digital-product-files\\/64-1.jpg\",\"mime_type\":\"image\\/jpeg\",\"size\":9803,\"modified\":\"2025-09-11 08:46:33\",\"name\":\"64-1\",\"extension\":\"jpg\"}','2025-09-11 01:46:33','2025-09-11 01:46:33'),(32,82,'ecommerce/digital-product-files/8-1.jpg','{\"filename\":\"8-1.jpg\",\"url\":\"ecommerce\\/digital-product-files\\/8-1.jpg\",\"mime_type\":\"image\\/jpeg\",\"size\":9803,\"modified\":\"2025-09-11 08:46:33\",\"name\":\"8-1\",\"extension\":\"jpg\"}','2025-09-11 01:46:33','2025-09-11 01:46:33'),(33,84,'ecommerce/digital-product-files/12-1.jpg','{\"filename\":\"12-1.jpg\",\"url\":\"ecommerce\\/digital-product-files\\/12-1.jpg\",\"mime_type\":\"image\\/jpeg\",\"size\":9803,\"modified\":\"2025-09-11 08:46:33\",\"name\":\"12-1\",\"extension\":\"jpg\"}','2025-09-11 01:46:33','2025-09-11 01:46:33'),(34,85,'ecommerce/digital-product-files/12-2.jpg','{\"filename\":\"12-2.jpg\",\"url\":\"ecommerce\\/digital-product-files\\/12-2.jpg\",\"mime_type\":\"image\\/jpeg\",\"size\":9803,\"modified\":\"2025-09-11 08:46:33\",\"name\":\"12-2\",\"extension\":\"jpg\"}','2025-09-11 01:46:33','2025-09-11 01:46:33'),(35,86,'ecommerce/digital-product-files/12-3.jpg','{\"filename\":\"12-3.jpg\",\"url\":\"ecommerce\\/digital-product-files\\/12-3.jpg\",\"mime_type\":\"image\\/jpeg\",\"size\":9803,\"modified\":\"2025-09-11 08:46:33\",\"name\":\"12-3\",\"extension\":\"jpg\"}','2025-09-11 01:46:33','2025-09-11 01:46:33'),(36,87,'ecommerce/digital-product-files/12.jpg','{\"filename\":\"12.jpg\",\"url\":\"ecommerce\\/digital-product-files\\/12.jpg\",\"mime_type\":\"image\\/jpeg\",\"size\":9803,\"modified\":\"2025-09-11 08:46:33\",\"name\":\"12\",\"extension\":\"jpg\"}','2025-09-11 01:46:33','2025-09-11 01:46:33'),(37,115,'ecommerce/digital-product-files/40-1.jpg','{\"filename\":\"40-1.jpg\",\"url\":\"ecommerce\\/digital-product-files\\/40-1.jpg\",\"mime_type\":\"image\\/jpeg\",\"size\":9803,\"modified\":\"2025-09-11 08:46:33\",\"name\":\"40-1\",\"extension\":\"jpg\"}','2025-09-11 01:46:33','2025-09-11 01:46:33'),(38,116,'ecommerce/digital-product-files/40.jpg','{\"filename\":\"40.jpg\",\"url\":\"ecommerce\\/digital-product-files\\/40.jpg\",\"mime_type\":\"image\\/jpeg\",\"size\":9803,\"modified\":\"2025-09-11 08:46:33\",\"name\":\"40\",\"extension\":\"jpg\"}','2025-09-11 01:46:33','2025-09-11 01:46:33'),(39,122,'ecommerce/digital-product-files/44-1.jpg','{\"filename\":\"44-1.jpg\",\"url\":\"ecommerce\\/digital-product-files\\/44-1.jpg\",\"mime_type\":\"image\\/jpeg\",\"size\":9803,\"modified\":\"2025-09-11 08:46:33\",\"name\":\"44-1\",\"extension\":\"jpg\"}','2025-09-11 01:46:33','2025-09-11 01:46:33'),(40,123,'ecommerce/digital-product-files/44-2.jpg','{\"filename\":\"44-2.jpg\",\"url\":\"ecommerce\\/digital-product-files\\/44-2.jpg\",\"mime_type\":\"image\\/jpeg\",\"size\":9803,\"modified\":\"2025-09-11 08:46:33\",\"name\":\"44-2\",\"extension\":\"jpg\"}','2025-09-11 01:46:33','2025-09-11 01:46:33'),(41,124,'ecommerce/digital-product-files/44.jpg','{\"filename\":\"44.jpg\",\"url\":\"ecommerce\\/digital-product-files\\/44.jpg\",\"mime_type\":\"image\\/jpeg\",\"size\":9803,\"modified\":\"2025-09-11 08:46:33\",\"name\":\"44\",\"extension\":\"jpg\"}','2025-09-11 01:46:33','2025-09-11 01:46:33'),(42,130,'ecommerce/digital-product-files/48-1.jpg','{\"filename\":\"48-1.jpg\",\"url\":\"ecommerce\\/digital-product-files\\/48-1.jpg\",\"mime_type\":\"image\\/jpeg\",\"size\":9803,\"modified\":\"2025-09-11 08:46:33\",\"name\":\"48-1\",\"extension\":\"jpg\"}','2025-09-11 01:46:33','2025-09-11 01:46:33'),(43,140,'ecommerce/digital-product-files/60-1.jpg','{\"filename\":\"60-1.jpg\",\"url\":\"ecommerce\\/digital-product-files\\/60-1.jpg\",\"mime_type\":\"image\\/jpeg\",\"size\":9803,\"modified\":\"2025-09-11 08:46:33\",\"name\":\"60-1\",\"extension\":\"jpg\"}','2025-09-11 01:46:33','2025-09-11 01:46:33'),(44,141,'ecommerce/digital-product-files/60-2.jpg','{\"filename\":\"60-2.jpg\",\"url\":\"ecommerce\\/digital-product-files\\/60-2.jpg\",\"mime_type\":\"image\\/jpeg\",\"size\":9803,\"modified\":\"2025-09-11 08:46:33\",\"name\":\"60-2\",\"extension\":\"jpg\"}','2025-09-11 01:46:33','2025-09-11 01:46:33'),(45,142,'ecommerce/digital-product-files/60.jpg','{\"filename\":\"60.jpg\",\"url\":\"ecommerce\\/digital-product-files\\/60.jpg\",\"mime_type\":\"image\\/jpeg\",\"size\":9803,\"modified\":\"2025-09-11 08:46:33\",\"name\":\"60\",\"extension\":\"jpg\"}','2025-09-11 01:46:33','2025-09-11 01:46:33');

--
-- Table structure for table `ec_product_label_products`
--

CREATE TABLE `ec_product_label_products` (
  `product_label_id` bigint unsigned NOT NULL,
  `product_id` bigint unsigned NOT NULL,
  PRIMARY KEY (`product_label_id`,`product_id`),
  KEY `ec_product_label_products_product_label_id_index` (`product_label_id`),
  KEY `ec_product_label_products_product_id_index` (`product_id`)
) ENGINE=InnoDB DEFAULT CHARSET=utf8mb4 COLLATE=utf8mb4_unicode_ci;

--
-- Dumping data for table `ec_product_label_products`
--

INSERT INTO `ec_product_label_products` VALUES (1,3),(1,12),(1,18),(1,30),(1,39),(1,42),(1,57),(2,24),(2,36),(2,48),(2,54),(2,60),(3,6),(3,9),(3,15),(3,21),(3,27),(3,33),(3,45),(3,51),(3,63);

--
-- Table structure for table `ec_product_labels`
--

CREATE TABLE `ec_product_labels` (
  `id` bigint unsigned NOT NULL AUTO_INCREMENT,
  `name` varchar(191) COLLATE utf8mb4_unicode_ci NOT NULL,
  `color` varchar(120) COLLATE utf8mb4_unicode_ci DEFAULT NULL,
  `status` varchar(60) COLLATE utf8mb4_unicode_ci NOT NULL DEFAULT 'published',
  `created_at` timestamp NULL DEFAULT NULL,
  `updated_at` timestamp NULL DEFAULT NULL,
  `text_color` varchar(120) COLLATE utf8mb4_unicode_ci DEFAULT NULL,
  PRIMARY KEY (`id`)
) ENGINE=InnoDB AUTO_INCREMENT=4 DEFAULT CHARSET=utf8mb4 COLLATE=utf8mb4_unicode_ci;

--
-- Dumping data for table `ec_product_labels`
--

INSERT INTO `ec_product_labels` VALUES (1,'Hot','#d71e2d','published','2025-09-11 01:45:53','2025-09-11 01:45:53',NULL),(2,'New','#02856e','published','2025-09-11 01:45:53','2025-09-11 01:45:53',NULL),(3,'Sale','#fe9931','published','2025-09-11 01:45:53','2025-09-11 01:45:53',NULL);

--
-- Table structure for table `ec_product_labels_translations`
--

CREATE TABLE `ec_product_labels_translations` (
  `lang_code` varchar(191) COLLATE utf8mb4_unicode_ci NOT NULL,
  `ec_product_labels_id` bigint unsigned NOT NULL,
  `name` varchar(191) COLLATE utf8mb4_unicode_ci DEFAULT NULL,
  `description` varchar(400) COLLATE utf8mb4_unicode_ci DEFAULT NULL,
  PRIMARY KEY (`lang_code`,`ec_product_labels_id`)
) ENGINE=InnoDB DEFAULT CHARSET=utf8mb4 COLLATE=utf8mb4_unicode_ci;

--
-- Dumping data for table `ec_product_labels_translations`
--


--
-- Table structure for table `ec_product_license_codes`
--

CREATE TABLE `ec_product_license_codes` (
  `id` bigint unsigned NOT NULL AUTO_INCREMENT,
  `product_id` bigint unsigned NOT NULL,
  `license_code` text COLLATE utf8mb4_unicode_ci NOT NULL,
  `status` varchar(60) COLLATE utf8mb4_unicode_ci NOT NULL DEFAULT 'available',
  `assigned_order_product_id` bigint unsigned DEFAULT NULL,
  `assigned_at` timestamp NULL DEFAULT NULL,
  `created_at` timestamp NULL DEFAULT NULL,
  `updated_at` timestamp NULL DEFAULT NULL,
  PRIMARY KEY (`id`),
  KEY `ec_product_license_codes_product_id_status_index` (`product_id`,`status`)
) ENGINE=InnoDB DEFAULT CHARSET=utf8mb4 COLLATE=utf8mb4_unicode_ci;

--
-- Dumping data for table `ec_product_license_codes`
--


--
-- Table structure for table `ec_product_related_relations`
--

CREATE TABLE `ec_product_related_relations` (
  `from_product_id` bigint unsigned NOT NULL,
  `to_product_id` bigint unsigned NOT NULL,
  PRIMARY KEY (`from_product_id`,`to_product_id`),
  KEY `ec_product_related_relations_from_product_id_index` (`from_product_id`),
  KEY `ec_product_related_relations_to_product_id_index` (`to_product_id`)
) ENGINE=InnoDB DEFAULT CHARSET=utf8mb4 COLLATE=utf8mb4_unicode_ci;

--
-- Dumping data for table `ec_product_related_relations`
--


--
-- Table structure for table `ec_product_specification_attribute`
--

CREATE TABLE `ec_product_specification_attribute` (
  `product_id` bigint unsigned NOT NULL,
  `attribute_id` bigint unsigned NOT NULL,
  `value` text COLLATE utf8mb4_unicode_ci,
  `hidden` tinyint(1) NOT NULL DEFAULT '0',
  `order` tinyint NOT NULL DEFAULT '0',
  PRIMARY KEY (`product_id`,`attribute_id`)
) ENGINE=InnoDB DEFAULT CHARSET=utf8mb4 COLLATE=utf8mb4_unicode_ci;

--
-- Dumping data for table `ec_product_specification_attribute`
--

INSERT INTO `ec_product_specification_attribute` VALUES (1,6,'1.2 cm',0,0),(1,7,'9.69 cm',0,0),(1,8,'2560x1440',0,0),(2,6,'63.53 cm',0,0),(2,7,'81.8 cm',0,0),(2,8,'3840x2160',0,0),(3,1,'6.26 cm',0,0),(3,2,'12.85 cm',0,0),(3,3,'29.96 cm',0,0),(3,4,'88 cm',0,0),(3,5,'40.11 cm',0,0),(4,6,'27.48 cm',0,0),(4,7,'70.99 cm',0,0),(4,8,'3840x2160',0,0),(5,1,'19.68 cm',0,0),(5,2,'39.29 cm',0,0),(5,3,'61.08 cm',0,0),(5,4,'12.52 cm',0,0),(5,5,'16.55 cm',0,0),(6,6,'84.33 cm',0,0),(6,7,'17.79 cm',0,0),(6,8,'1920x1080',0,0),(7,1,'66.01 cm',0,0),(7,2,'5.96 cm',0,0),(7,3,'81.77 cm',0,0),(7,4,'90.6 cm',0,0),(7,5,'76.27 cm',0,0),(8,6,'38.69 cm',0,0),(8,7,'85.43 cm',0,0),(8,8,'3840x2160',0,0),(9,1,'8.69 cm',0,0),(9,2,'78.39 cm',0,0),(9,3,'88.88 cm',0,0),(9,4,'1.94 cm',0,0),(9,5,'75.91 cm',0,0),(10,1,'47.43 cm',0,0),(10,2,'6.49 cm',0,0),(10,3,'46.34 cm',0,0),(10,4,'59.11 cm',0,0),(10,5,'32.97 cm',0,0),(11,1,'94.82 cm',0,0),(11,2,'82.4 cm',0,0),(11,3,'79.11 cm',0,0),(11,4,'68.09 cm',0,0),(11,5,'97.64 cm',0,0),(12,6,'61.27 cm',0,0),(12,7,'54.05 cm',0,0),(12,8,'3840x2160',0,0),(13,1,'90.68 cm',0,0),(13,2,'66.17 cm',0,0),(13,3,'75.54 cm',0,0),(13,4,'9.61 cm',0,0),(13,5,'7.89 cm',0,0),(14,6,'88.46 cm',0,0),(14,7,'52.81 cm',0,0),(14,8,'1920x1080',0,0),(15,6,'76.72 cm',0,0),(15,7,'31.11 cm',0,0),(15,8,'3840x2160',0,0),(16,1,'86.44 cm',0,0),(16,2,'39.12 cm',0,0),(16,3,'48.49 cm',0,0),(16,4,'71.77 cm',0,0),(16,5,'40.76 cm',0,0),(17,1,'47.99 cm',0,0),(17,2,'20.12 cm',0,0),(17,3,'64.91 cm',0,0),(17,4,'74.89 cm',0,0),(17,5,'6.65 cm',0,0),(18,1,'72.33 cm',0,0),(18,2,'27.79 cm',0,0),(18,3,'33.57 cm',0,0),(18,4,'67.41 cm',0,0),(18,5,'59.24 cm',0,0),(19,1,'79.01 cm',0,0),(19,2,'73.49 cm',0,0),(19,3,'57.6 cm',0,0),(19,4,'31.04 cm',0,0),(19,5,'52.6 cm',0,0),(20,6,'14.14 cm',0,0),(20,7,'88.97 cm',0,0),(20,8,'2560x1440',0,0),(21,1,'19.93 cm',0,0),(21,2,'58.41 cm',0,0),(21,3,'37.3 cm',0,0),(21,4,'27.98 cm',0,0),(21,5,'62.42 cm',0,0),(22,6,'91.28 cm',0,0),(22,7,'33.15 cm',0,0),(22,8,'1920x1080',0,0),(23,6,'34.78 cm',0,0),(23,7,'30.5 cm',0,0),(23,8,'1920x1080',0,0),(24,1,'42.7 cm',0,0),(24,2,'68.56 cm',0,0),(24,3,'95.88 cm',0,0),(24,4,'27.04 cm',0,0),(24,5,'77.63 cm',0,0),(25,6,'52.29 cm',0,0),(25,7,'41.21 cm',0,0),(25,8,'1920x1080',0,0),(26,1,'23.02 cm',0,0),(26,2,'65.57 cm',0,0),(26,3,'38.27 cm',0,0),(26,4,'77.58 cm',0,0),(26,5,'5.14 cm',0,0),(27,1,'95.64 cm',0,0),(27,2,'71.92 cm',0,0),(27,3,'58.7 cm',0,0),(27,4,'24.01 cm',0,0),(27,5,'13.69 cm',0,0),(28,1,'55.18 cm',0,0),(28,2,'15.86 cm',0,0),(28,3,'36.29 cm',0,0),(28,4,'43.08 cm',0,0),(28,5,'39.71 cm',0,0),(29,6,'75.04 cm',0,0),(29,7,'75.24 cm',0,0),(29,8,'1920x1080',0,0),(30,1,'56.89 cm',0,0),(30,2,'57.93 cm',0,0),(30,3,'79.21 cm',0,0),(30,4,'60.83 cm',0,0),(30,5,'14.92 cm',0,0),(31,1,'95.36 cm',0,0),(31,2,'60.66 cm',0,0),(31,3,'41.37 cm',0,0),(31,4,'54.24 cm',0,0),(31,5,'19.11 cm',0,0),(32,1,'45.25 cm',0,0),(32,2,'57.24 cm',0,0),(32,3,'68.07 cm',0,0),(32,4,'96.27 cm',0,0),(32,5,'24.99 cm',0,0),(33,6,'76.88 cm',0,0),(33,7,'69.87 cm',0,0),(33,8,'2560x1440',0,0),(34,6,'9.54 cm',0,0),(34,7,'65.83 cm',0,0),(34,8,'3840x2160',0,0),(35,6,'40.13 cm',0,0),(35,7,'75.53 cm',0,0),(35,8,'2560x1440',0,0),(36,1,'70.33 cm',0,0),(36,2,'42.05 cm',0,0),(36,3,'78.95 cm',0,0),(36,4,'65.9 cm',0,0),(36,5,'92.94 cm',0,0),(37,1,'62.65 cm',0,0),(37,2,'31.69 cm',0,0),(37,3,'59.21 cm',0,0),(37,4,'6.14 cm',0,0),(37,5,'33.22 cm',0,0),(38,1,'80.83 cm',0,0),(38,2,'39.8 cm',0,0),(38,3,'93.04 cm',0,0),(38,4,'55.47 cm',0,0),(38,5,'92.53 cm',0,0),(39,6,'77.98 cm',0,0),(39,7,'91.15 cm',0,0),(39,8,'3840x2160',0,0),(40,1,'26.6 cm',0,0),(40,2,'39.68 cm',0,0),(40,3,'92.74 cm',0,0),(40,4,'49.82 cm',0,0),(40,5,'49.89 cm',0,0),(41,1,'9 cm',0,0),(41,2,'69.91 cm',0,0),(41,3,'42.89 cm',0,0),(41,4,'32.88 cm',0,0),(41,5,'93.96 cm',0,0),(42,1,'33.66 cm',0,0),(42,2,'10.38 cm',0,0),(42,3,'4.72 cm',0,0),(42,4,'70.16 cm',0,0),(42,5,'57.16 cm',0,0),(43,1,'18.3 cm',0,0),(43,2,'69.74 cm',0,0),(43,3,'61.38 cm',0,0),(43,4,'34.59 cm',0,0),(43,5,'54.97 cm',0,0),(44,1,'19.39 cm',0,0),(44,2,'18.02 cm',0,0),(44,3,'54.03 cm',0,0),(44,4,'64.8 cm',0,0),(44,5,'1.58 cm',0,0),(45,6,'74.72 cm',0,0),(45,7,'69.98 cm',0,0),(45,8,'2560x1440',0,0),(46,1,'27.96 cm',0,0),(46,2,'3.56 cm',0,0),(46,3,'75.96 cm',0,0),(46,4,'63.25 cm',0,0),(46,5,'52.13 cm',0,0),(47,1,'67.37 cm',0,0),(47,2,'89.55 cm',0,0),(47,3,'61.75 cm',0,0),(47,4,'70.19 cm',0,0),(47,5,'2.52 cm',0,0),(48,6,'90.24 cm',0,0),(48,7,'32.33 cm',0,0),(48,8,'2560x1440',0,0),(49,1,'78.38 cm',0,0),(49,2,'61.89 cm',0,0),(49,3,'42.24 cm',0,0),(49,4,'61.59 cm',0,0),(49,5,'58.3 cm',0,0),(50,6,'96.68 cm',0,0),(50,7,'88.41 cm',0,0),(50,8,'1920x1080',0,0),(51,1,'15.71 cm',0,0),(51,2,'95.51 cm',0,0),(51,3,'46.45 cm',0,0),(51,4,'87.1 cm',0,0),(51,5,'33.09 cm',0,0),(52,1,'82.19 cm',0,0),(52,2,'20.35 cm',0,0),(52,3,'12.41 cm',0,0),(52,4,'45.65 cm',0,0),(52,5,'57.44 cm',0,0),(53,6,'68.84 cm',0,0),(53,7,'44.36 cm',0,0),(53,8,'2560x1440',0,0),(54,6,'25.87 cm',0,0),(54,7,'45.64 cm',0,0),(54,8,'2560x1440',0,0),(55,6,'62.64 cm',0,0),(55,7,'25.5 cm',0,0),(55,8,'3840x2160',0,0),(56,6,'67.93 cm',0,0),(56,7,'75.54 cm',0,0),(56,8,'3840x2160',0,0),(57,1,'21.06 cm',0,0),(57,2,'84.67 cm',0,0),(57,3,'9.86 cm',0,0),(57,4,'62.78 cm',0,0),(57,5,'86.9 cm',0,0),(58,1,'40.58 cm',0,0),(58,2,'76.52 cm',0,0),(58,3,'89.71 cm',0,0),(58,4,'73.03 cm',0,0),(58,5,'31.72 cm',0,0),(59,1,'92.88 cm',0,0),(59,2,'77.46 cm',0,0),(59,3,'78.8 cm',0,0),(59,4,'47.4 cm',0,0),(59,5,'84.8 cm',0,0),(60,6,'82.43 cm',0,0),(60,7,'28.15 cm',0,0),(60,8,'2560x1440',0,0),(61,1,'33.58 cm',0,0),(61,2,'35.14 cm',0,0),(61,3,'33.29 cm',0,0),(61,4,'82.78 cm',0,0),(61,5,'91.47 cm',0,0),(62,6,'93.62 cm',0,0),(62,7,'30.32 cm',0,0),(62,8,'3840x2160',0,0),(63,6,'41.28 cm',0,0),(63,7,'84.37 cm',0,0),(63,8,'1920x1080',0,0),(64,1,'55.9 cm',0,0),(64,2,'75.5 cm',0,0),(64,3,'41.32 cm',0,0),(64,4,'15.94 cm',0,0),(64,5,'11.84 cm',0,0),(65,6,'55.96 cm',0,0),(65,7,'83.31 cm',0,0),(65,8,'2560x1440',0,0);

--
-- Table structure for table `ec_product_specification_attribute_translations`
--

CREATE TABLE `ec_product_specification_attribute_translations` (
  `id` bigint unsigned NOT NULL AUTO_INCREMENT,
  `product_id` bigint unsigned NOT NULL,
  `attribute_id` bigint unsigned NOT NULL,
  `lang_code` varchar(20) COLLATE utf8mb4_unicode_ci NOT NULL,
  `value` text COLLATE utf8mb4_unicode_ci,
  `created_at` timestamp NULL DEFAULT NULL,
  `updated_at` timestamp NULL DEFAULT NULL,
  PRIMARY KEY (`id`),
  UNIQUE KEY `psat_unique` (`product_id`,`attribute_id`,`lang_code`),
  KEY `psat_product_attribute_index` (`product_id`,`attribute_id`),
  KEY `psat_product_id_index` (`product_id`),
  KEY `psat_attribute_id_index` (`attribute_id`)
) ENGINE=InnoDB DEFAULT CHARSET=utf8mb4 COLLATE=utf8mb4_unicode_ci;

--
-- Dumping data for table `ec_product_specification_attribute_translations`
--


--
-- Table structure for table `ec_product_tag_product`
--

CREATE TABLE `ec_product_tag_product` (
  `product_id` bigint unsigned NOT NULL,
  `tag_id` bigint unsigned NOT NULL,
  PRIMARY KEY (`product_id`,`tag_id`),
  KEY `ec_product_tag_product_product_id_index` (`product_id`),
  KEY `ec_product_tag_product_tag_id_index` (`tag_id`)
) ENGINE=InnoDB DEFAULT CHARSET=utf8mb4 COLLATE=utf8mb4_unicode_ci;

--
-- Dumping data for table `ec_product_tag_product`
--

INSERT INTO `ec_product_tag_product` VALUES (1,1),(1,3),(1,4),(2,1),(2,3),(2,4),(3,1),(3,4),(3,6),(4,1),(4,3),(4,6),(5,2),(5,3),(5,5),(6,1),(6,4),(6,5),(7,3),(7,4),(7,5),(8,2),(8,5),(8,6),(9,2),(9,5),(9,6),(10,2),(10,4),(10,6),(11,2),(11,3),(11,4),(12,1),(12,2),(12,4),(13,1),(13,4),(13,6),(14,2),(14,4),(14,5),(15,2),(15,4),(15,5),(16,1),(16,2),(16,5),(17,1),(17,5),(17,6),(18,1),(18,3),(18,5),(19,1),(19,2),(19,5),(20,1),(20,3),(20,5),(21,2),(21,4),(21,5),(22,3),(22,4),(22,6),(23,1),(23,3),(23,6),(24,2),(24,3),(24,4),(25,1),(25,3),(25,6),(26,1),(26,3),(26,4),(27,3),(27,4),(27,6),(28,1),(28,3),(28,5),(29,3),(29,5),(29,6),(30,2),(30,3),(30,6),(31,1),(31,3),(31,5),(32,2),(32,3),(32,5),(33,1),(33,3),(33,5),(34,4),(34,5),(34,6),(35,1),(35,4),(35,5),(36,4),(36,5),(36,6),(37,1),(37,2),(37,5),(38,1),(38,4),(38,6),(39,1),(39,2),(39,5),(40,1),(40,2),(40,3),(41,2),(41,4),(41,5),(42,2),(42,4),(42,5),(43,2),(43,3),(43,6),(44,1),(44,2),(44,4),(45,1),(45,4),(45,6),(46,1),(46,2),(46,3),(47,1),(47,2),(47,6),(48,2),(48,4),(48,6),(49,1),(49,4),(49,5),(50,1),(50,3),(50,6),(51,2),(51,4),(51,5),(52,3),(52,4),(52,6),(53,1),(53,4),(53,6),(54,1),(54,3),(54,4),(55,1),(55,3),(55,5),(56,1),(56,3),(56,4),(57,1),(57,3),(57,4),(58,1),(58,4),(58,5),(59,3),(59,4),(59,5),(60,1),(60,2),(60,5),(61,2),(61,5),(61,6),(62,1),(62,2),(62,4),(63,1),(63,2),(63,4),(64,3),(64,4),(64,6),(65,1),(65,3),(65,4);

--
-- Table structure for table `ec_product_tags`
--

CREATE TABLE `ec_product_tags` (
  `id` bigint unsigned NOT NULL AUTO_INCREMENT,
  `name` varchar(120) COLLATE utf8mb4_unicode_ci NOT NULL,
  `description` varchar(400) COLLATE utf8mb4_unicode_ci DEFAULT NULL,
  `status` varchar(60) COLLATE utf8mb4_unicode_ci NOT NULL DEFAULT 'published',
  `created_at` timestamp NULL DEFAULT NULL,
  `updated_at` timestamp NULL DEFAULT NULL,
  PRIMARY KEY (`id`)
) ENGINE=InnoDB AUTO_INCREMENT=7 DEFAULT CHARSET=utf8mb4 COLLATE=utf8mb4_unicode_ci;

--
-- Dumping data for table `ec_product_tags`
--

INSERT INTO `ec_product_tags` VALUES (1,'Electronic',NULL,'published','2025-09-11 01:45:59','2025-09-11 01:45:59'),(2,'Mobile',NULL,'published','2025-09-11 01:45:59','2025-09-11 01:45:59'),(3,'Iphone',NULL,'published','2025-09-11 01:45:59','2025-09-11 01:45:59'),(4,'Printer',NULL,'published','2025-09-11 01:45:59','2025-09-11 01:45:59'),(5,'Office',NULL,'published','2025-09-11 01:45:59','2025-09-11 01:45:59'),(6,'IT',NULL,'published','2025-09-11 01:45:59','2025-09-11 01:45:59');

--
-- Table structure for table `ec_product_tags_translations`
--

CREATE TABLE `ec_product_tags_translations` (
  `lang_code` varchar(191) COLLATE utf8mb4_unicode_ci NOT NULL,
  `ec_product_tags_id` bigint unsigned NOT NULL,
  `name` varchar(191) COLLATE utf8mb4_unicode_ci DEFAULT NULL,
  PRIMARY KEY (`lang_code`,`ec_product_tags_id`)
) ENGINE=InnoDB DEFAULT CHARSET=utf8mb4 COLLATE=utf8mb4_unicode_ci;

--
-- Dumping data for table `ec_product_tags_translations`
--


--
-- Table structure for table `ec_product_up_sale_relations`
--

CREATE TABLE `ec_product_up_sale_relations` (
  `from_product_id` bigint unsigned NOT NULL,
  `to_product_id` bigint unsigned NOT NULL,
  PRIMARY KEY (`from_product_id`,`to_product_id`),
  KEY `ec_product_up_sale_relations_from_product_id_index` (`from_product_id`),
  KEY `ec_product_up_sale_relations_to_product_id_index` (`to_product_id`)
) ENGINE=InnoDB DEFAULT CHARSET=utf8mb4 COLLATE=utf8mb4_unicode_ci;

--
-- Dumping data for table `ec_product_up_sale_relations`
--


--
-- Table structure for table `ec_product_variation_items`
--

CREATE TABLE `ec_product_variation_items` (
  `id` bigint unsigned NOT NULL AUTO_INCREMENT,
  `attribute_id` bigint unsigned NOT NULL,
  `variation_id` bigint unsigned NOT NULL,
  PRIMARY KEY (`id`),
  UNIQUE KEY `ec_product_variation_items_attribute_id_variation_id_unique` (`attribute_id`,`variation_id`),
  KEY `attribute_variation_index` (`attribute_id`,`variation_id`),
  KEY `idx_variation_id` (`variation_id`),
  KEY `idx_variation_attribute_covering` (`variation_id`,`attribute_id`)
) ENGINE=InnoDB AUTO_INCREMENT=163 DEFAULT CHARSET=utf8mb4 COLLATE=utf8mb4_unicode_ci;

--
-- Dumping data for table `ec_product_variation_items`
--

INSERT INTO `ec_product_variation_items` VALUES (29,1,15),(33,1,17),(35,1,18),(43,1,22),(53,1,27),(63,1,32),(79,1,40),(83,1,42),(1,2,1),(7,2,4),(21,2,11),(25,2,13),(27,2,14),(49,2,25),(55,2,28),(59,2,30),(65,2,33),(75,2,38),(77,2,39),(19,3,10),(37,3,19),(41,3,21),(61,3,31),(69,3,35),(3,4,2),(5,4,3),(11,4,6),(15,4,8),(17,4,9),(23,4,12),(47,4,24),(57,4,29),(67,4,34),(71,4,36),(85,4,43),(9,5,5),(13,5,7),(31,5,16),(39,5,20),(45,5,23),(51,5,26),(73,5,37),(81,5,41),(87,5,44),(2,6,1),(22,6,11),(28,6,14),(34,6,17),(36,6,18),(10,7,5),(24,7,12),(26,7,13),(52,7,26),(56,7,28),(62,7,31),(6,8,3),(14,8,7),(18,8,9),(20,8,10),(32,8,16),(40,8,20),(46,8,23),(50,8,25),(58,8,29),(60,8,30),(64,8,32),(66,8,33),(80,8,40),(88,8,44),(4,9,2),(38,9,19),(44,9,22),(68,9,34),(70,9,35),(76,9,38),(82,9,41),(84,9,42),(86,9,43),(8,10,4),(12,10,6),(16,10,8),(30,10,15),(42,10,21),(48,10,24),(54,10,27),(72,10,36),(74,10,37),(78,10,39),(93,11,47),(105,11,53),(107,11,54),(123,11,62),(135,11,68),(159,11,80),(91,12,46),(113,12,57),(121,12,61),(137,12,69),(145,12,73),(147,12,74),(157,12,79),(95,13,48),(99,13,50),(101,13,51),(109,13,55),(111,13,56),(115,13,58),(117,13,59),(119,13,60),(129,13,65),(143,13,72),(103,14,52),(125,14,63),(139,14,70),(149,14,75),(153,14,77),(89,15,45),(97,15,49),(127,15,64),(131,15,66),(133,15,67),(141,15,71),(151,15,76),(155,15,78),(161,15,81),(96,16,48),(128,16,64),(140,16,70),(156,16,78),(162,16,81),(100,17,50),(102,17,51),(106,17,53),(114,17,57),(120,17,60),(122,17,61),(134,17,67),(146,17,73),(148,17,74),(154,17,77),(118,18,59),(124,18,62),(126,18,63),(130,18,65),(132,18,66),(142,18,71),(144,18,72),(90,19,45),(92,19,46),(98,19,49),(108,19,54),(110,19,55),(136,19,68),(152,19,76),(160,19,80),(94,20,47),(104,20,52),(112,20,56),(116,20,58),(138,20,69),(150,20,75),(158,20,79);

--
-- Table structure for table `ec_product_variations`
--

CREATE TABLE `ec_product_variations` (
  `id` bigint unsigned NOT NULL AUTO_INCREMENT,
  `product_id` bigint unsigned DEFAULT NULL,
  `configurable_product_id` bigint unsigned NOT NULL,
  `is_default` tinyint NOT NULL DEFAULT '0',
  PRIMARY KEY (`id`),
  UNIQUE KEY `ec_product_variations_product_id_configurable_product_id_unique` (`product_id`,`configurable_product_id`),
  KEY `configurable_product_index` (`product_id`,`configurable_product_id`),
  KEY `idx_configurable_product_id` (`configurable_product_id`),
  KEY `idx_product_variations_config` (`configurable_product_id`,`is_default`)
) ENGINE=InnoDB AUTO_INCREMENT=82 DEFAULT CHARSET=utf8mb4 COLLATE=utf8mb4_unicode_ci;

--
-- Dumping data for table `ec_product_variations`
--

INSERT INTO `ec_product_variations` VALUES (1,66,1,1),(2,67,1,0),(3,68,1,0),(4,69,2,1),(5,70,2,0),(6,71,2,0),(7,72,2,0),(8,73,2,0),(9,74,3,1),(10,75,3,0),(11,76,5,1),(12,77,5,0),(13,78,5,0),(14,79,5,0),(15,80,6,1),(16,81,6,0),(17,82,8,1),(18,83,9,1),(19,84,12,1),(20,85,12,0),(21,86,12,0),(22,87,12,0),(23,88,14,1),(24,89,14,0),(25,90,15,1),(26,91,15,0),(27,92,15,0),(28,93,15,0),(29,94,17,1),(30,95,17,0),(31,96,19,1),(32,97,19,0),(33,98,19,0),(34,99,22,1),(35,100,22,0),(36,101,22,0),(37,102,27,1),(38,103,27,0),(39,104,27,0),(40,105,30,1),(41,106,30,0),(42,107,30,0),(43,108,30,0),(44,109,31,1),(45,110,34,1),(46,111,37,1),(47,112,37,0),(48,113,37,0),(49,114,39,1),(50,115,40,1),(51,116,40,0),(52,117,41,1),(53,118,43,1),(54,119,43,0),(55,120,43,0),(56,121,43,0),(57,122,44,1),(58,123,44,0),(59,124,44,0),(60,125,45,1),(61,126,45,0),(62,127,45,0),(63,128,45,0),(64,129,45,0),(65,130,48,1),(66,131,49,1),(67,132,49,0),(68,133,51,1),(69,134,55,1),(70,135,55,0),(71,136,55,0),(72,137,55,0),(73,138,57,1),(74,139,57,0),(75,140,60,1),(76,141,60,0),(77,142,60,0),(78,143,63,1),(79,144,63,0),(80,145,65,1),(81,146,65,0);

--
-- Table structure for table `ec_product_views`
--

CREATE TABLE `ec_product_views` (
  `id` bigint unsigned NOT NULL AUTO_INCREMENT,
  `product_id` bigint unsigned NOT NULL,
  `views` int NOT NULL DEFAULT '1',
  `date` date NOT NULL DEFAULT '2025-09-11',
  PRIMARY KEY (`id`),
  UNIQUE KEY `ec_product_views_product_id_date_unique` (`product_id`,`date`),
  KEY `ec_product_views_product_id_index` (`product_id`)
) ENGINE=InnoDB DEFAULT CHARSET=utf8mb4 COLLATE=utf8mb4_unicode_ci;

--
-- Dumping data for table `ec_product_views`
--


--
-- Table structure for table `ec_product_with_attribute_set`
--

CREATE TABLE `ec_product_with_attribute_set` (
  `attribute_set_id` bigint unsigned NOT NULL,
  `product_id` bigint unsigned NOT NULL,
  `order` tinyint unsigned NOT NULL DEFAULT '0',
  PRIMARY KEY (`product_id`,`attribute_set_id`)
) ENGINE=InnoDB DEFAULT CHARSET=utf8mb4 COLLATE=utf8mb4_unicode_ci;

--
-- Dumping data for table `ec_product_with_attribute_set`
--

INSERT INTO `ec_product_with_attribute_set` VALUES (1,1,0),(2,1,0),(1,2,0),(2,2,0),(1,3,0),(2,3,0),(1,5,0),(2,5,0),(1,6,0),(2,6,0),(1,8,0),(2,8,0),(1,9,0),(2,9,0),(1,12,0),(2,12,0),(1,14,0),(2,14,0),(1,15,0),(2,15,0),(1,17,0),(2,17,0),(1,19,0),(2,19,0),(1,22,0),(2,22,0),(1,27,0),(2,27,0),(1,30,0),(2,30,0),(1,31,0),(2,31,0),(3,34,0),(4,34,0),(3,37,0),(4,37,0),(3,39,0),(4,39,0),(3,40,0),(4,40,0),(3,41,0),(4,41,0),(3,43,0),(4,43,0),(3,44,0),(4,44,0),(3,45,0),(4,45,0),(3,48,0),(4,48,0),(3,49,0),(4,49,0),(3,51,0),(4,51,0),(3,55,0),(4,55,0),(3,57,0),(4,57,0),(3,60,0),(4,60,0),(3,63,0),(4,63,0),(3,65,0),(4,65,0);

--
-- Table structure for table `ec_products`
--

CREATE TABLE `ec_products` (
  `id` bigint unsigned NOT NULL AUTO_INCREMENT,
  `name` varchar(191) COLLATE utf8mb4_unicode_ci NOT NULL,
  `slug` varchar(191) COLLATE utf8mb4_unicode_ci DEFAULT NULL,
  `description` text COLLATE utf8mb4_unicode_ci,
  `content` longtext COLLATE utf8mb4_unicode_ci,
  `status` varchar(60) COLLATE utf8mb4_unicode_ci NOT NULL DEFAULT 'published',
  `images` text COLLATE utf8mb4_unicode_ci,
  `video_media` text COLLATE utf8mb4_unicode_ci,
  `sku` varchar(191) COLLATE utf8mb4_unicode_ci DEFAULT NULL,
  `order` int unsigned NOT NULL DEFAULT '0',
  `quantity` int unsigned DEFAULT NULL,
  `allow_checkout_when_out_of_stock` tinyint unsigned NOT NULL DEFAULT '0',
  `with_storehouse_management` tinyint unsigned NOT NULL DEFAULT '0',
  `stock_status` varchar(191) COLLATE utf8mb4_unicode_ci DEFAULT 'in_stock',
  `is_featured` tinyint unsigned NOT NULL DEFAULT '0',
  `brand_id` bigint unsigned DEFAULT NULL,
  `is_variation` tinyint NOT NULL DEFAULT '0',
  `variations_count` int unsigned NOT NULL DEFAULT '0',
  `reviews_count` int unsigned NOT NULL DEFAULT '0',
  `reviews_avg` decimal(3,2) NOT NULL DEFAULT '0.00',
  `sale_type` tinyint NOT NULL DEFAULT '0',
  `price` double unsigned DEFAULT NULL,
  `sale_price` double unsigned DEFAULT NULL,
  `start_date` timestamp NULL DEFAULT NULL,
  `end_date` timestamp NULL DEFAULT NULL,
  `length` double DEFAULT NULL,
  `wide` double DEFAULT NULL,
  `height` double DEFAULT NULL,
  `weight` double DEFAULT NULL,
  `tax_id` bigint unsigned DEFAULT NULL,
  `views` bigint NOT NULL DEFAULT '0',
  `created_at` timestamp NULL DEFAULT NULL,
  `updated_at` timestamp NULL DEFAULT NULL,
  `created_by_id` bigint unsigned DEFAULT '0',
  `created_by_type` varchar(191) COLLATE utf8mb4_unicode_ci NOT NULL DEFAULT 'Botble\\ACL\\Models\\User',
  `image` varchar(191) COLLATE utf8mb4_unicode_ci DEFAULT NULL,
  `product_type` varchar(60) COLLATE utf8mb4_unicode_ci DEFAULT 'physical',
  `barcode` varchar(150) COLLATE utf8mb4_unicode_ci DEFAULT NULL,
  `cost_per_item` double DEFAULT NULL,
  `generate_license_code` tinyint(1) NOT NULL DEFAULT '0',
  `license_code_type` enum('auto_generate','pick_from_list') COLLATE utf8mb4_unicode_ci NOT NULL DEFAULT 'auto_generate',
  `minimum_order_quantity` int unsigned DEFAULT '0',
  `maximum_order_quantity` int unsigned DEFAULT '0',
  `notify_attachment_updated` tinyint(1) NOT NULL DEFAULT '0',
  `specification_table_id` bigint unsigned DEFAULT NULL,
  `store_id` bigint unsigned DEFAULT NULL,
  `approved_by` bigint unsigned DEFAULT '0',
  PRIMARY KEY (`id`),
  KEY `ec_products_brand_id_status_is_variation_created_at_index` (`brand_id`,`status`,`is_variation`,`created_at`),
  KEY `sale_type_index` (`sale_type`),
  KEY `start_date_index` (`start_date`),
  KEY `end_date_index` (`end_date`),
  KEY `sale_price_index` (`sale_price`),
  KEY `is_variation_index` (`is_variation`),
  KEY `ec_products_sku_index` (`sku`),
  KEY `idx_products_export` (`id`,`is_variation`),
  KEY `idx_variation_name_id` (`is_variation`,`name`,`id`),
  KEY `ec_products_variations_count_index` (`variations_count`),
  KEY `ec_products_reviews_count_index` (`reviews_count`),
  KEY `ec_products_reviews_avg_index` (`reviews_avg`),
  KEY `ec_products_slug_index` (`slug`),
  KEY `idx_products_status_variation` (`status`,`is_variation`,`id`),
  KEY `idx_products_price_sale` (`sale_type`,`sale_price`,`price`),
  KEY `idx_products_order_created` (`order`,`created_at`),
  KEY `idx_products_stock` (`with_storehouse_management`,`stock_status`,`quantity`),
  KEY `idx_store_variation_status` (`store_id`,`is_variation`,`status`)
) ENGINE=InnoDB AUTO_INCREMENT=147 DEFAULT CHARSET=utf8mb4 COLLATE=utf8mb4_unicode_ci;

--
-- Dumping data for table `ec_products`
--

INSERT INTO `ec_products` VALUES (1,'Dual Camera 20MP','dual-camera-20mp','<ul><li> Unrestrained and portable active stereo speaker</li>\n            <li> Free from the confines of wires and chords</li>\n            <li> 20 hours of portable capabilities</li>\n            <li> Double-ended Coil Cord with 3.5mm Stereo Plugs Included</li>\n            <li> 3/4″ Dome Tweeters: 2X and 4″ Woofer: 1X</li></ul>','<p>Short Hooded Coat features a straight body, large pockets with button flaps, ventilation air holes, and a string detail along the hemline. The style is completed with a drawstring hood, featuring Rains’ signature built-in cap. Made from waterproof, matte PU, this lightweight unisex rain jacket is an ode to nostalgia through its classic silhouette and utilitarian design details.</p>\n                                <p>- Casual unisex fit</p>\n\n                                <p>- 64% polyester, 36% polyurethane</p>\n\n                                <p>- Water column pressure: 4000 mm</p>\n\n                                <p>- Model is 187cm tall and wearing a size S / M</p>\n\n                                <p>- Unisex fit</p>\n\n                                <p>- Drawstring hood with built-in cap</p>\n\n                                <p>- Front placket with snap buttons</p>\n\n                                <p>- Ventilation under armpit</p>\n\n                                <p>- Adjustable cuffs</p>\n\n                                <p>- Double welted front pockets</p>\n\n                                <p>- Adjustable elastic string at hempen</p>\n\n                                <p>- Ultrasonically welded seams</p>\n\n                                <p>This is a unisex item, please check our clothing &amp; footwear sizing guide for specific Rains jacket sizing information. RAINS comes from the rainy nation of Denmark at the edge of the European continent, close to the ocean and with prevailing westerly winds; all factors that contribute to an average of 121 rain days each year. Arising from these rainy weather conditions comes the attitude that a quick rain shower may be beautiful, as well as moody- but first and foremost requires the right outfit. Rains focus on the whole experience of going outside on rainy days, issuing an invitation to explore even in the most mercurial weather.</p>','published','[\"products\\/1.jpg\"]',NULL,'85-106-A1',0,19,0,1,'in_stock',1,5,0,3,6,3.33,0,80.25,NULL,NULL,NULL,18,11,15,762,NULL,84900,'2025-09-11 01:46:13','2025-09-11 01:47:00',0,'Botble\\ACL\\Models\\User',NULL,'physical','8090408051416',NULL,0,'auto_generate',0,0,0,2,7,0),(2,'Smart Watches','smart-watches','<ul><li> Unrestrained and portable active stereo speaker</li>\n            <li> Free from the confines of wires and chords</li>\n            <li> 20 hours of portable capabilities</li>\n            <li> Double-ended Coil Cord with 3.5mm Stereo Plugs Included</li>\n            <li> 3/4″ Dome Tweeters: 2X and 4″ Woofer: 1X</li></ul>','<p>Short Hooded Coat features a straight body, large pockets with button flaps, ventilation air holes, and a string detail along the hemline. The style is completed with a drawstring hood, featuring Rains’ signature built-in cap. Made from waterproof, matte PU, this lightweight unisex rain jacket is an ode to nostalgia through its classic silhouette and utilitarian design details.</p>\n                                <p>- Casual unisex fit</p>\n\n                                <p>- 64% polyester, 36% polyurethane</p>\n\n                                <p>- Water column pressure: 4000 mm</p>\n\n                                <p>- Model is 187cm tall and wearing a size S / M</p>\n\n                                <p>- Unisex fit</p>\n\n                                <p>- Drawstring hood with built-in cap</p>\n\n                                <p>- Front placket with snap buttons</p>\n\n                                <p>- Ventilation under armpit</p>\n\n                                <p>- Adjustable cuffs</p>\n\n                                <p>- Double welted front pockets</p>\n\n                                <p>- Adjustable elastic string at hempen</p>\n\n                                <p>- Ultrasonically welded seams</p>\n\n                                <p>This is a unisex item, please check our clothing &amp; footwear sizing guide for specific Rains jacket sizing information. RAINS comes from the rainy nation of Denmark at the edge of the European continent, close to the ocean and with prevailing westerly winds; all factors that contribute to an average of 121 rain days each year. Arising from these rainy weather conditions comes the attitude that a quick rain shower may be beautiful, as well as moody- but first and foremost requires the right outfit. Rains focus on the whole experience of going outside on rainy days, issuing an invitation to explore even in the most mercurial weather.</p>','published','[\"products\\/2.jpg\",\"products\\/2-1.jpg\",\"products\\/2-2.jpg\",\"products\\/2-3.jpg\"]',NULL,'CL-126-A1',0,17,0,1,'in_stock',1,5,0,5,5,2.40,0,40.5,NULL,NULL,NULL,15,18,10,593,NULL,182076,'2025-09-11 01:46:13','2025-09-11 01:47:00',0,'Botble\\ACL\\Models\\User',NULL,'physical','3538407237769',NULL,0,'auto_generate',0,0,0,2,7,0),(3,'Beat Headphone','beat-headphone','<ul><li> Unrestrained and portable active stereo speaker</li>\n            <li> Free from the confines of wires and chords</li>\n            <li> 20 hours of portable capabilities</li>\n            <li> Double-ended Coil Cord with 3.5mm Stereo Plugs Included</li>\n            <li> 3/4″ Dome Tweeters: 2X and 4″ Woofer: 1X</li></ul>','<p>Short Hooded Coat features a straight body, large pockets with button flaps, ventilation air holes, and a string detail along the hemline. The style is completed with a drawstring hood, featuring Rains’ signature built-in cap. Made from waterproof, matte PU, this lightweight unisex rain jacket is an ode to nostalgia through its classic silhouette and utilitarian design details.</p>\n                                <p>- Casual unisex fit</p>\n\n                                <p>- 64% polyester, 36% polyurethane</p>\n\n                                <p>- Water column pressure: 4000 mm</p>\n\n                                <p>- Model is 187cm tall and wearing a size S / M</p>\n\n                                <p>- Unisex fit</p>\n\n                                <p>- Drawstring hood with built-in cap</p>\n\n                                <p>- Front placket with snap buttons</p>\n\n                                <p>- Ventilation under armpit</p>\n\n                                <p>- Adjustable cuffs</p>\n\n                                <p>- Double welted front pockets</p>\n\n                                <p>- Adjustable elastic string at hempen</p>\n\n                                <p>- Ultrasonically welded seams</p>\n\n                                <p>This is a unisex item, please check our clothing &amp; footwear sizing guide for specific Rains jacket sizing information. RAINS comes from the rainy nation of Denmark at the edge of the European continent, close to the ocean and with prevailing westerly winds; all factors that contribute to an average of 121 rain days each year. Arising from these rainy weather conditions comes the attitude that a quick rain shower may be beautiful, as well as moody- but first and foremost requires the right outfit. Rains focus on the whole experience of going outside on rainy days, issuing an invitation to explore even in the most mercurial weather.</p>','published','[\"products\\/3.jpg\"]',NULL,'8J-115-A1',0,18,0,1,'in_stock',1,1,0,2,8,2.88,0,20,NULL,NULL,NULL,20,20,17,826,NULL,16375,'2025-09-11 01:46:13','2025-09-11 01:47:00',0,'Botble\\ACL\\Models\\User',NULL,'physical','9045561053035',NULL,0,'auto_generate',0,0,0,1,5,0),(4,'Red &amp; Black Headphone (Digital)','red-black-headphone','<ul><li> Unrestrained and portable active stereo speaker</li>\n            <li> Free from the confines of wires and chords</li>\n            <li> 20 hours of portable capabilities</li>\n            <li> Double-ended Coil Cord with 3.5mm Stereo Plugs Included</li>\n            <li> 3/4″ Dome Tweeters: 2X and 4″ Woofer: 1X</li></ul>','<p>Short Hooded Coat features a straight body, large pockets with button flaps, ventilation air holes, and a string detail along the hemline. The style is completed with a drawstring hood, featuring Rains’ signature built-in cap. Made from waterproof, matte PU, this lightweight unisex rain jacket is an ode to nostalgia through its classic silhouette and utilitarian design details.</p>\n                                <p>- Casual unisex fit</p>\n\n                                <p>- 64% polyester, 36% polyurethane</p>\n\n                                <p>- Water column pressure: 4000 mm</p>\n\n                                <p>- Model is 187cm tall and wearing a size S / M</p>\n\n                                <p>- Unisex fit</p>\n\n                                <p>- Drawstring hood with built-in cap</p>\n\n                                <p>- Front placket with snap buttons</p>\n\n                                <p>- Ventilation under armpit</p>\n\n                                <p>- Adjustable cuffs</p>\n\n                                <p>- Double welted front pockets</p>\n\n                                <p>- Adjustable elastic string at hempen</p>\n\n                                <p>- Ultrasonically welded seams</p>\n\n                                <p>This is a unisex item, please check our clothing &amp; footwear sizing guide for specific Rains jacket sizing information. RAINS comes from the rainy nation of Denmark at the edge of the European continent, close to the ocean and with prevailing westerly winds; all factors that contribute to an average of 121 rain days each year. Arising from these rainy weather conditions comes the attitude that a quick rain shower may be beautiful, as well as moody- but first and foremost requires the right outfit. Rains focus on the whole experience of going outside on rainy days, issuing an invitation to explore even in the most mercurial weather.</p>','published','[\"products\\/4.jpg\",\"products\\/4-1.jpg\",\"products\\/4-2.jpg\",\"products\\/4-3.jpg\"]',NULL,'0L-102',0,16,0,1,'in_stock',1,3,0,0,7,2.43,0,545,374,NULL,NULL,16,11,11,706,NULL,106043,'2025-09-11 01:46:14','2025-09-11 01:47:00',0,'Botble\\ACL\\Models\\User',NULL,'digital','4844054320983',NULL,0,'auto_generate',0,0,0,2,8,0),(5,'Smart Watch External','smart-watch-external','<ul><li> Unrestrained and portable active stereo speaker</li>\n            <li> Free from the confines of wires and chords</li>\n            <li> 20 hours of portable capabilities</li>\n            <li> Double-ended Coil Cord with 3.5mm Stereo Plugs Included</li>\n            <li> 3/4″ Dome Tweeters: 2X and 4″ Woofer: 1X</li></ul>','<p>Short Hooded Coat features a straight body, large pockets with button flaps, ventilation air holes, and a string detail along the hemline. The style is completed with a drawstring hood, featuring Rains’ signature built-in cap. Made from waterproof, matte PU, this lightweight unisex rain jacket is an ode to nostalgia through its classic silhouette and utilitarian design details.</p>\n                                <p>- Casual unisex fit</p>\n\n                                <p>- 64% polyester, 36% polyurethane</p>\n\n                                <p>- Water column pressure: 4000 mm</p>\n\n                                <p>- Model is 187cm tall and wearing a size S / M</p>\n\n                                <p>- Unisex fit</p>\n\n                                <p>- Drawstring hood with built-in cap</p>\n\n                                <p>- Front placket with snap buttons</p>\n\n                                <p>- Ventilation under armpit</p>\n\n                                <p>- Adjustable cuffs</p>\n\n                                <p>- Double welted front pockets</p>\n\n                                <p>- Adjustable elastic string at hempen</p>\n\n                                <p>- Ultrasonically welded seams</p>\n\n                                <p>This is a unisex item, please check our clothing &amp; footwear sizing guide for specific Rains jacket sizing information. RAINS comes from the rainy nation of Denmark at the edge of the European continent, close to the ocean and with prevailing westerly winds; all factors that contribute to an average of 121 rain days each year. Arising from these rainy weather conditions comes the attitude that a quick rain shower may be beautiful, as well as moody- but first and foremost requires the right outfit. Rains focus on the whole experience of going outside on rainy days, issuing an invitation to explore even in the most mercurial weather.</p>','published','[\"products\\/5.jpg\",\"products\\/5-1.jpg\",\"products\\/5-2.jpg\",\"products\\/5-3.jpg\"]',NULL,'LH-160-A1',0,13,0,1,'in_stock',1,1,0,4,7,3.57,0,839,NULL,NULL,NULL,12,20,17,805,NULL,154112,'2025-09-11 01:46:14','2025-09-11 01:47:01',0,'Botble\\ACL\\Models\\User',NULL,'physical','3044434710576',NULL,0,'auto_generate',0,0,0,1,8,0),(6,'Nikon HD camera','nikon-hd-camera','<ul><li> Unrestrained and portable active stereo speaker</li>\n            <li> Free from the confines of wires and chords</li>\n            <li> 20 hours of portable capabilities</li>\n            <li> Double-ended Coil Cord with 3.5mm Stereo Plugs Included</li>\n            <li> 3/4″ Dome Tweeters: 2X and 4″ Woofer: 1X</li></ul>','<p>Short Hooded Coat features a straight body, large pockets with button flaps, ventilation air holes, and a string detail along the hemline. The style is completed with a drawstring hood, featuring Rains’ signature built-in cap. Made from waterproof, matte PU, this lightweight unisex rain jacket is an ode to nostalgia through its classic silhouette and utilitarian design details.</p>\n                                <p>- Casual unisex fit</p>\n\n                                <p>- 64% polyester, 36% polyurethane</p>\n\n                                <p>- Water column pressure: 4000 mm</p>\n\n                                <p>- Model is 187cm tall and wearing a size S / M</p>\n\n                                <p>- Unisex fit</p>\n\n                                <p>- Drawstring hood with built-in cap</p>\n\n                                <p>- Front placket with snap buttons</p>\n\n                                <p>- Ventilation under armpit</p>\n\n                                <p>- Adjustable cuffs</p>\n\n                                <p>- Double welted front pockets</p>\n\n                                <p>- Adjustable elastic string at hempen</p>\n\n                                <p>- Ultrasonically welded seams</p>\n\n                                <p>This is a unisex item, please check our clothing &amp; footwear sizing guide for specific Rains jacket sizing information. RAINS comes from the rainy nation of Denmark at the edge of the European continent, close to the ocean and with prevailing westerly winds; all factors that contribute to an average of 121 rain days each year. Arising from these rainy weather conditions comes the attitude that a quick rain shower may be beautiful, as well as moody- but first and foremost requires the right outfit. Rains focus on the whole experience of going outside on rainy days, issuing an invitation to explore even in the most mercurial weather.</p>','published','[\"products\\/6.jpg\"]',NULL,'2Q-162-A1',0,15,0,1,'in_stock',1,4,0,2,9,2.67,0,416,NULL,NULL,NULL,13,19,20,692,NULL,169747,'2025-09-11 01:46:14','2025-09-11 01:47:01',0,'Botble\\ACL\\Models\\User',NULL,'physical','3022089721864',NULL,0,'auto_generate',0,0,0,2,2,0),(7,'Audio Equipment','audio-equipment','<ul><li> Unrestrained and portable active stereo speaker</li>\n            <li> Free from the confines of wires and chords</li>\n            <li> 20 hours of portable capabilities</li>\n            <li> Double-ended Coil Cord with 3.5mm Stereo Plugs Included</li>\n            <li> 3/4″ Dome Tweeters: 2X and 4″ Woofer: 1X</li></ul>','<p>Short Hooded Coat features a straight body, large pockets with button flaps, ventilation air holes, and a string detail along the hemline. The style is completed with a drawstring hood, featuring Rains’ signature built-in cap. Made from waterproof, matte PU, this lightweight unisex rain jacket is an ode to nostalgia through its classic silhouette and utilitarian design details.</p>\n                                <p>- Casual unisex fit</p>\n\n                                <p>- 64% polyester, 36% polyurethane</p>\n\n                                <p>- Water column pressure: 4000 mm</p>\n\n                                <p>- Model is 187cm tall and wearing a size S / M</p>\n\n                                <p>- Unisex fit</p>\n\n                                <p>- Drawstring hood with built-in cap</p>\n\n                                <p>- Front placket with snap buttons</p>\n\n                                <p>- Ventilation under armpit</p>\n\n                                <p>- Adjustable cuffs</p>\n\n                                <p>- Double welted front pockets</p>\n\n                                <p>- Adjustable elastic string at hempen</p>\n\n                                <p>- Ultrasonically welded seams</p>\n\n                                <p>This is a unisex item, please check our clothing &amp; footwear sizing guide for specific Rains jacket sizing information. RAINS comes from the rainy nation of Denmark at the edge of the European continent, close to the ocean and with prevailing westerly winds; all factors that contribute to an average of 121 rain days each year. Arising from these rainy weather conditions comes the attitude that a quick rain shower may be beautiful, as well as moody- but first and foremost requires the right outfit. Rains focus on the whole experience of going outside on rainy days, issuing an invitation to explore even in the most mercurial weather.</p>','published','[\"products\\/7.jpg\"]',NULL,'PT-194',0,10,0,1,'in_stock',1,4,0,0,8,3.50,0,558,5,NULL,NULL,10,19,12,790,NULL,78392,'2025-09-11 01:46:14','2025-09-11 01:47:01',0,'Botble\\ACL\\Models\\User',NULL,'physical','5745912455733',NULL,0,'auto_generate',0,0,0,1,4,0),(8,'Smart Televisions (Digital)','smart-televisions','<ul><li> Unrestrained and portable active stereo speaker</li>\n            <li> Free from the confines of wires and chords</li>\n            <li> 20 hours of portable capabilities</li>\n            <li> Double-ended Coil Cord with 3.5mm Stereo Plugs Included</li>\n            <li> 3/4″ Dome Tweeters: 2X and 4″ Woofer: 1X</li></ul>','<p>Short Hooded Coat features a straight body, large pockets with button flaps, ventilation air holes, and a string detail along the hemline. The style is completed with a drawstring hood, featuring Rains’ signature built-in cap. Made from waterproof, matte PU, this lightweight unisex rain jacket is an ode to nostalgia through its classic silhouette and utilitarian design details.</p>\n                                <p>- Casual unisex fit</p>\n\n                                <p>- 64% polyester, 36% polyurethane</p>\n\n                                <p>- Water column pressure: 4000 mm</p>\n\n                                <p>- Model is 187cm tall and wearing a size S / M</p>\n\n                                <p>- Unisex fit</p>\n\n                                <p>- Drawstring hood with built-in cap</p>\n\n                                <p>- Front placket with snap buttons</p>\n\n                                <p>- Ventilation under armpit</p>\n\n                                <p>- Adjustable cuffs</p>\n\n                                <p>- Double welted front pockets</p>\n\n                                <p>- Adjustable elastic string at hempen</p>\n\n                                <p>- Ultrasonically welded seams</p>\n\n                                <p>This is a unisex item, please check our clothing &amp; footwear sizing guide for specific Rains jacket sizing information. RAINS comes from the rainy nation of Denmark at the edge of the European continent, close to the ocean and with prevailing westerly winds; all factors that contribute to an average of 121 rain days each year. Arising from these rainy weather conditions comes the attitude that a quick rain shower may be beautiful, as well as moody- but first and foremost requires the right outfit. Rains focus on the whole experience of going outside on rainy days, issuing an invitation to explore even in the most mercurial weather.</p>','published','[\"products\\/8.jpg\",\"products\\/8-1.jpg\",\"products\\/8-2.jpg\",\"products\\/8-3.jpg\"]',NULL,'XR-154-A1',0,17,0,1,'in_stock',1,2,0,1,10,2.60,0,1117,804.24,NULL,NULL,13,10,15,687,NULL,81795,'2025-09-11 01:46:14','2025-09-11 01:47:01',0,'Botble\\ACL\\Models\\User',NULL,'digital','3343281095585',NULL,0,'auto_generate',0,0,0,2,2,0),(9,'Samsung Smart Phone','samsung-smart-phone','<ul><li> Unrestrained and portable active stereo speaker</li>\n            <li> Free from the confines of wires and chords</li>\n            <li> 20 hours of portable capabilities</li>\n            <li> Double-ended Coil Cord with 3.5mm Stereo Plugs Included</li>\n            <li> 3/4″ Dome Tweeters: 2X and 4″ Woofer: 1X</li></ul>','<p>Short Hooded Coat features a straight body, large pockets with button flaps, ventilation air holes, and a string detail along the hemline. The style is completed with a drawstring hood, featuring Rains’ signature built-in cap. Made from waterproof, matte PU, this lightweight unisex rain jacket is an ode to nostalgia through its classic silhouette and utilitarian design details.</p>\n                                <p>- Casual unisex fit</p>\n\n                                <p>- 64% polyester, 36% polyurethane</p>\n\n                                <p>- Water column pressure: 4000 mm</p>\n\n                                <p>- Model is 187cm tall and wearing a size S / M</p>\n\n                                <p>- Unisex fit</p>\n\n                                <p>- Drawstring hood with built-in cap</p>\n\n                                <p>- Front placket with snap buttons</p>\n\n                                <p>- Ventilation under armpit</p>\n\n                                <p>- Adjustable cuffs</p>\n\n                                <p>- Double welted front pockets</p>\n\n                                <p>- Adjustable elastic string at hempen</p>\n\n                                <p>- Ultrasonically welded seams</p>\n\n                                <p>This is a unisex item, please check our clothing &amp; footwear sizing guide for specific Rains jacket sizing information. RAINS comes from the rainy nation of Denmark at the edge of the European continent, close to the ocean and with prevailing westerly winds; all factors that contribute to an average of 121 rain days each year. Arising from these rainy weather conditions comes the attitude that a quick rain shower may be beautiful, as well as moody- but first and foremost requires the right outfit. Rains focus on the whole experience of going outside on rainy days, issuing an invitation to explore even in the most mercurial weather.</p>','published','[\"products\\/9.jpg\",\"products\\/9-1.jpg\",\"products\\/9-2.jpg\"]',NULL,'EQ-112-A1',0,13,0,1,'in_stock',1,2,0,1,5,2.40,0,569,NULL,NULL,NULL,12,20,15,868,NULL,126479,'2025-09-11 01:46:14','2025-09-11 01:47:01',0,'Botble\\ACL\\Models\\User',NULL,'physical','3549302476887',NULL,0,'auto_generate',0,0,0,1,1,0),(10,'Herschel Leather Duffle Bag In Brown Color','herschel-leather-duffle-bag-in-brown-color','<ul><li> Unrestrained and portable active stereo speaker</li>\n            <li> Free from the confines of wires and chords</li>\n            <li> 20 hours of portable capabilities</li>\n            <li> Double-ended Coil Cord with 3.5mm Stereo Plugs Included</li>\n            <li> 3/4″ Dome Tweeters: 2X and 4″ Woofer: 1X</li></ul>','<p>Short Hooded Coat features a straight body, large pockets with button flaps, ventilation air holes, and a string detail along the hemline. The style is completed with a drawstring hood, featuring Rains’ signature built-in cap. Made from waterproof, matte PU, this lightweight unisex rain jacket is an ode to nostalgia through its classic silhouette and utilitarian design details.</p>\n                                <p>- Casual unisex fit</p>\n\n                                <p>- 64% polyester, 36% polyurethane</p>\n\n                                <p>- Water column pressure: 4000 mm</p>\n\n                                <p>- Model is 187cm tall and wearing a size S / M</p>\n\n                                <p>- Unisex fit</p>\n\n                                <p>- Drawstring hood with built-in cap</p>\n\n                                <p>- Front placket with snap buttons</p>\n\n                                <p>- Ventilation under armpit</p>\n\n                                <p>- Adjustable cuffs</p>\n\n                                <p>- Double welted front pockets</p>\n\n                                <p>- Adjustable elastic string at hempen</p>\n\n                                <p>- Ultrasonically welded seams</p>\n\n                                <p>This is a unisex item, please check our clothing &amp; footwear sizing guide for specific Rains jacket sizing information. RAINS comes from the rainy nation of Denmark at the edge of the European continent, close to the ocean and with prevailing westerly winds; all factors that contribute to an average of 121 rain days each year. Arising from these rainy weather conditions comes the attitude that a quick rain shower may be beautiful, as well as moody- but first and foremost requires the right outfit. Rains focus on the whole experience of going outside on rainy days, issuing an invitation to explore even in the most mercurial weather.</p>','published','[\"products\\/10.jpg\",\"products\\/10-1.jpg\",\"products\\/10-2.jpg\"]',NULL,'ZH-154',0,18,0,1,'in_stock',0,3,0,0,6,2.00,0,1219,848,NULL,NULL,10,15,19,529,NULL,85993,'2025-09-11 01:46:14','2025-09-11 01:47:01',0,'Botble\\ACL\\Models\\User',NULL,'physical','3214081729911',NULL,0,'auto_generate',0,0,0,1,3,0),(11,'Xbox One Wireless Controller Black Color','xbox-one-wireless-controller-black-color','<ul><li> Unrestrained and portable active stereo speaker</li>\n            <li> Free from the confines of wires and chords</li>\n            <li> 20 hours of portable capabilities</li>\n            <li> Double-ended Coil Cord with 3.5mm Stereo Plugs Included</li>\n            <li> 3/4″ Dome Tweeters: 2X and 4″ Woofer: 1X</li></ul>','<p>Short Hooded Coat features a straight body, large pockets with button flaps, ventilation air holes, and a string detail along the hemline. The style is completed with a drawstring hood, featuring Rains’ signature built-in cap. Made from waterproof, matte PU, this lightweight unisex rain jacket is an ode to nostalgia through its classic silhouette and utilitarian design details.</p>\n                                <p>- Casual unisex fit</p>\n\n                                <p>- 64% polyester, 36% polyurethane</p>\n\n                                <p>- Water column pressure: 4000 mm</p>\n\n                                <p>- Model is 187cm tall and wearing a size S / M</p>\n\n                                <p>- Unisex fit</p>\n\n                                <p>- Drawstring hood with built-in cap</p>\n\n                                <p>- Front placket with snap buttons</p>\n\n                                <p>- Ventilation under armpit</p>\n\n                                <p>- Adjustable cuffs</p>\n\n                                <p>- Double welted front pockets</p>\n\n                                <p>- Adjustable elastic string at hempen</p>\n\n                                <p>- Ultrasonically welded seams</p>\n\n                                <p>This is a unisex item, please check our clothing &amp; footwear sizing guide for specific Rains jacket sizing information. RAINS comes from the rainy nation of Denmark at the edge of the European continent, close to the ocean and with prevailing westerly winds; all factors that contribute to an average of 121 rain days each year. Arising from these rainy weather conditions comes the attitude that a quick rain shower may be beautiful, as well as moody- but first and foremost requires the right outfit. Rains focus on the whole experience of going outside on rainy days, issuing an invitation to explore even in the most mercurial weather.</p>','published','[\"products\\/11.jpg\",\"products\\/11-1.jpg\",\"products\\/11-2.jpg\",\"products\\/11-3.jpg\"]',NULL,'RP-148',0,20,0,1,'in_stock',0,4,0,0,8,3.50,0,1170,611,NULL,NULL,13,13,16,635,NULL,93925,'2025-09-11 01:46:14','2025-09-11 01:47:01',0,'Botble\\ACL\\Models\\User',NULL,'physical','7024246894516',NULL,0,'auto_generate',0,0,0,1,2,0),(12,'EPSION Plaster Printer (Digital)','epsion-plaster-printer','<ul><li> Unrestrained and portable active stereo speaker</li>\n            <li> Free from the confines of wires and chords</li>\n            <li> 20 hours of portable capabilities</li>\n            <li> Double-ended Coil Cord with 3.5mm Stereo Plugs Included</li>\n            <li> 3/4″ Dome Tweeters: 2X and 4″ Woofer: 1X</li></ul>','<p>Short Hooded Coat features a straight body, large pockets with button flaps, ventilation air holes, and a string detail along the hemline. The style is completed with a drawstring hood, featuring Rains’ signature built-in cap. Made from waterproof, matte PU, this lightweight unisex rain jacket is an ode to nostalgia through its classic silhouette and utilitarian design details.</p>\n                                <p>- Casual unisex fit</p>\n\n                                <p>- 64% polyester, 36% polyurethane</p>\n\n                                <p>- Water column pressure: 4000 mm</p>\n\n                                <p>- Model is 187cm tall and wearing a size S / M</p>\n\n                                <p>- Unisex fit</p>\n\n                                <p>- Drawstring hood with built-in cap</p>\n\n                                <p>- Front placket with snap buttons</p>\n\n                                <p>- Ventilation under armpit</p>\n\n                                <p>- Adjustable cuffs</p>\n\n                                <p>- Double welted front pockets</p>\n\n                                <p>- Adjustable elastic string at hempen</p>\n\n                                <p>- Ultrasonically welded seams</p>\n\n                                <p>This is a unisex item, please check our clothing &amp; footwear sizing guide for specific Rains jacket sizing information. RAINS comes from the rainy nation of Denmark at the edge of the European continent, close to the ocean and with prevailing westerly winds; all factors that contribute to an average of 121 rain days each year. Arising from these rainy weather conditions comes the attitude that a quick rain shower may be beautiful, as well as moody- but first and foremost requires the right outfit. Rains focus on the whole experience of going outside on rainy days, issuing an invitation to explore even in the most mercurial weather.</p>','published','[\"products\\/12.jpg\",\"products\\/12-1.jpg\",\"products\\/12-2.jpg\",\"products\\/12-3.jpg\"]',NULL,'JD-179-A1',0,19,0,1,'in_stock',0,1,0,4,7,3.57,0,552,391.92,NULL,NULL,15,12,15,739,NULL,53173,'2025-09-11 01:46:15','2025-09-11 01:47:01',0,'Botble\\ACL\\Models\\User',NULL,'digital','3752299226131',NULL,0,'auto_generate',0,0,0,2,1,0),(13,'Sound Intone I65 Earphone White Version','sound-intone-i65-earphone-white-version','<ul><li> Unrestrained and portable active stereo speaker</li>\n            <li> Free from the confines of wires and chords</li>\n            <li> 20 hours of portable capabilities</li>\n            <li> Double-ended Coil Cord with 3.5mm Stereo Plugs Included</li>\n            <li> 3/4″ Dome Tweeters: 2X and 4″ Woofer: 1X</li></ul>','<p>Short Hooded Coat features a straight body, large pockets with button flaps, ventilation air holes, and a string detail along the hemline. The style is completed with a drawstring hood, featuring Rains’ signature built-in cap. Made from waterproof, matte PU, this lightweight unisex rain jacket is an ode to nostalgia through its classic silhouette and utilitarian design details.</p>\n                                <p>- Casual unisex fit</p>\n\n                                <p>- 64% polyester, 36% polyurethane</p>\n\n                                <p>- Water column pressure: 4000 mm</p>\n\n                                <p>- Model is 187cm tall and wearing a size S / M</p>\n\n                                <p>- Unisex fit</p>\n\n                                <p>- Drawstring hood with built-in cap</p>\n\n                                <p>- Front placket with snap buttons</p>\n\n                                <p>- Ventilation under armpit</p>\n\n                                <p>- Adjustable cuffs</p>\n\n                                <p>- Double welted front pockets</p>\n\n                                <p>- Adjustable elastic string at hempen</p>\n\n                                <p>- Ultrasonically welded seams</p>\n\n                                <p>This is a unisex item, please check our clothing &amp; footwear sizing guide for specific Rains jacket sizing information. RAINS comes from the rainy nation of Denmark at the edge of the European continent, close to the ocean and with prevailing westerly winds; all factors that contribute to an average of 121 rain days each year. Arising from these rainy weather conditions comes the attitude that a quick rain shower may be beautiful, as well as moody- but first and foremost requires the right outfit. Rains focus on the whole experience of going outside on rainy days, issuing an invitation to explore even in the most mercurial weather.</p>','published','[\"products\\/13.jpg\",\"products\\/13-1.jpg\"]',NULL,'A9-182',0,18,0,1,'in_stock',1,4,0,0,6,3.33,0,582,197,NULL,NULL,10,12,14,715,NULL,173116,'2025-09-11 01:46:15','2025-09-11 01:47:01',0,'Botble\\ACL\\Models\\User',NULL,'physical','5519541107208',NULL,0,'auto_generate',0,0,0,1,1,0),(14,'B&amp;O Play Mini Bluetooth Speaker','bo-play-mini-bluetooth-speaker','<ul><li> Unrestrained and portable active stereo speaker</li>\n            <li> Free from the confines of wires and chords</li>\n            <li> 20 hours of portable capabilities</li>\n            <li> Double-ended Coil Cord with 3.5mm Stereo Plugs Included</li>\n            <li> 3/4″ Dome Tweeters: 2X and 4″ Woofer: 1X</li></ul>','<p>Short Hooded Coat features a straight body, large pockets with button flaps, ventilation air holes, and a string detail along the hemline. The style is completed with a drawstring hood, featuring Rains’ signature built-in cap. Made from waterproof, matte PU, this lightweight unisex rain jacket is an ode to nostalgia through its classic silhouette and utilitarian design details.</p>\n                                <p>- Casual unisex fit</p>\n\n                                <p>- 64% polyester, 36% polyurethane</p>\n\n                                <p>- Water column pressure: 4000 mm</p>\n\n                                <p>- Model is 187cm tall and wearing a size S / M</p>\n\n                                <p>- Unisex fit</p>\n\n                                <p>- Drawstring hood with built-in cap</p>\n\n                                <p>- Front placket with snap buttons</p>\n\n                                <p>- Ventilation under armpit</p>\n\n                                <p>- Adjustable cuffs</p>\n\n                                <p>- Double welted front pockets</p>\n\n                                <p>- Adjustable elastic string at hempen</p>\n\n                                <p>- Ultrasonically welded seams</p>\n\n                                <p>This is a unisex item, please check our clothing &amp; footwear sizing guide for specific Rains jacket sizing information. RAINS comes from the rainy nation of Denmark at the edge of the European continent, close to the ocean and with prevailing westerly winds; all factors that contribute to an average of 121 rain days each year. Arising from these rainy weather conditions comes the attitude that a quick rain shower may be beautiful, as well as moody- but first and foremost requires the right outfit. Rains focus on the whole experience of going outside on rainy days, issuing an invitation to explore even in the most mercurial weather.</p>','published','[\"products\\/14.jpg\"]',NULL,'AG-194-A1',0,20,0,1,'in_stock',1,5,0,2,7,2.14,0,545,NULL,NULL,NULL,11,19,17,535,NULL,47792,'2025-09-11 01:46:15','2025-09-11 01:47:02',0,'Botble\\ACL\\Models\\User',NULL,'physical','1916092442729',NULL,0,'auto_generate',0,0,0,2,5,0),(15,'Apple MacBook Air Retina 13.3-Inch Laptop','apple-macbook-air-retina-133-inch-laptop','<ul><li> Unrestrained and portable active stereo speaker</li>\n            <li> Free from the confines of wires and chords</li>\n            <li> 20 hours of portable capabilities</li>\n            <li> Double-ended Coil Cord with 3.5mm Stereo Plugs Included</li>\n            <li> 3/4″ Dome Tweeters: 2X and 4″ Woofer: 1X</li></ul>','<p>Short Hooded Coat features a straight body, large pockets with button flaps, ventilation air holes, and a string detail along the hemline. The style is completed with a drawstring hood, featuring Rains’ signature built-in cap. Made from waterproof, matte PU, this lightweight unisex rain jacket is an ode to nostalgia through its classic silhouette and utilitarian design details.</p>\n                                <p>- Casual unisex fit</p>\n\n                                <p>- 64% polyester, 36% polyurethane</p>\n\n                                <p>- Water column pressure: 4000 mm</p>\n\n                                <p>- Model is 187cm tall and wearing a size S / M</p>\n\n                                <p>- Unisex fit</p>\n\n                                <p>- Drawstring hood with built-in cap</p>\n\n                                <p>- Front placket with snap buttons</p>\n\n                                <p>- Ventilation under armpit</p>\n\n                                <p>- Adjustable cuffs</p>\n\n                                <p>- Double welted front pockets</p>\n\n                                <p>- Adjustable elastic string at hempen</p>\n\n                                <p>- Ultrasonically welded seams</p>\n\n                                <p>This is a unisex item, please check our clothing &amp; footwear sizing guide for specific Rains jacket sizing information. RAINS comes from the rainy nation of Denmark at the edge of the European continent, close to the ocean and with prevailing westerly winds; all factors that contribute to an average of 121 rain days each year. Arising from these rainy weather conditions comes the attitude that a quick rain shower may be beautiful, as well as moody- but first and foremost requires the right outfit. Rains focus on the whole experience of going outside on rainy days, issuing an invitation to explore even in the most mercurial weather.</p>','published','[\"products\\/15.jpg\",\"products\\/15-1.jpg\"]',NULL,'SQ-142-A1',0,12,0,1,'in_stock',0,2,0,4,8,2.88,0,566,NULL,NULL,NULL,16,11,20,638,NULL,43217,'2025-09-11 01:46:15','2025-09-11 01:47:02',0,'Botble\\ACL\\Models\\User',NULL,'physical','2947379830730',NULL,0,'auto_generate',0,0,0,2,4,0),(16,'Apple MacBook Air Retina 12-Inch Laptop (Digital)','apple-macbook-air-retina-12-inch-laptop','<ul><li> Unrestrained and portable active stereo speaker</li>\n            <li> Free from the confines of wires and chords</li>\n            <li> 20 hours of portable capabilities</li>\n            <li> Double-ended Coil Cord with 3.5mm Stereo Plugs Included</li>\n            <li> 3/4″ Dome Tweeters: 2X and 4″ Woofer: 1X</li></ul>','<p>Short Hooded Coat features a straight body, large pockets with button flaps, ventilation air holes, and a string detail along the hemline. The style is completed with a drawstring hood, featuring Rains’ signature built-in cap. Made from waterproof, matte PU, this lightweight unisex rain jacket is an ode to nostalgia through its classic silhouette and utilitarian design details.</p>\n                                <p>- Casual unisex fit</p>\n\n                                <p>- 64% polyester, 36% polyurethane</p>\n\n                                <p>- Water column pressure: 4000 mm</p>\n\n                                <p>- Model is 187cm tall and wearing a size S / M</p>\n\n                                <p>- Unisex fit</p>\n\n                                <p>- Drawstring hood with built-in cap</p>\n\n                                <p>- Front placket with snap buttons</p>\n\n                                <p>- Ventilation under armpit</p>\n\n                                <p>- Adjustable cuffs</p>\n\n                                <p>- Double welted front pockets</p>\n\n                                <p>- Adjustable elastic string at hempen</p>\n\n                                <p>- Ultrasonically welded seams</p>\n\n                                <p>This is a unisex item, please check our clothing &amp; footwear sizing guide for specific Rains jacket sizing information. RAINS comes from the rainy nation of Denmark at the edge of the European continent, close to the ocean and with prevailing westerly winds; all factors that contribute to an average of 121 rain days each year. Arising from these rainy weather conditions comes the attitude that a quick rain shower may be beautiful, as well as moody- but first and foremost requires the right outfit. Rains focus on the whole experience of going outside on rainy days, issuing an invitation to explore even in the most mercurial weather.</p>','published','[\"products\\/16.jpg\"]',NULL,'IE-106',0,13,0,1,'in_stock',0,5,0,0,8,3.63,0,509,307,NULL,NULL,13,11,14,644,NULL,51588,'2025-09-11 01:46:15','2025-09-11 01:47:02',0,'Botble\\ACL\\Models\\User',NULL,'digital','3883770906065',NULL,0,'auto_generate',0,0,0,1,2,0),(17,'Samsung Gear VR Virtual Reality Headset','samsung-gear-vr-virtual-reality-headset','<ul><li> Unrestrained and portable active stereo speaker</li>\n            <li> Free from the confines of wires and chords</li>\n            <li> 20 hours of portable capabilities</li>\n            <li> Double-ended Coil Cord with 3.5mm Stereo Plugs Included</li>\n            <li> 3/4″ Dome Tweeters: 2X and 4″ Woofer: 1X</li></ul>','<p>Short Hooded Coat features a straight body, large pockets with button flaps, ventilation air holes, and a string detail along the hemline. The style is completed with a drawstring hood, featuring Rains’ signature built-in cap. Made from waterproof, matte PU, this lightweight unisex rain jacket is an ode to nostalgia through its classic silhouette and utilitarian design details.</p>\n                                <p>- Casual unisex fit</p>\n\n                                <p>- 64% polyester, 36% polyurethane</p>\n\n                                <p>- Water column pressure: 4000 mm</p>\n\n                                <p>- Model is 187cm tall and wearing a size S / M</p>\n\n                                <p>- Unisex fit</p>\n\n                                <p>- Drawstring hood with built-in cap</p>\n\n                                <p>- Front placket with snap buttons</p>\n\n                                <p>- Ventilation under armpit</p>\n\n                                <p>- Adjustable cuffs</p>\n\n                                <p>- Double welted front pockets</p>\n\n                                <p>- Adjustable elastic string at hempen</p>\n\n                                <p>- Ultrasonically welded seams</p>\n\n                                <p>This is a unisex item, please check our clothing &amp; footwear sizing guide for specific Rains jacket sizing information. RAINS comes from the rainy nation of Denmark at the edge of the European continent, close to the ocean and with prevailing westerly winds; all factors that contribute to an average of 121 rain days each year. Arising from these rainy weather conditions comes the attitude that a quick rain shower may be beautiful, as well as moody- but first and foremost requires the right outfit. Rains focus on the whole experience of going outside on rainy days, issuing an invitation to explore even in the most mercurial weather.</p>','published','[\"products\\/17.jpg\",\"products\\/17-1.jpg\",\"products\\/17-2.jpg\",\"products\\/17-3.jpg\"]',NULL,'TO-124-A1',0,12,0,1,'in_stock',0,3,0,2,8,4.00,0,524,NULL,NULL,NULL,12,11,11,671,NULL,15387,'2025-09-11 01:46:15','2025-09-11 01:47:02',0,'Botble\\ACL\\Models\\User',NULL,'physical','2648939737291',NULL,0,'auto_generate',0,0,0,1,1,0),(18,'Aveeno Moisturizing Body Shower 450ml','aveeno-moisturizing-body-shower-450ml','<ul><li> Unrestrained and portable active stereo speaker</li>\n            <li> Free from the confines of wires and chords</li>\n            <li> 20 hours of portable capabilities</li>\n            <li> Double-ended Coil Cord with 3.5mm Stereo Plugs Included</li>\n            <li> 3/4″ Dome Tweeters: 2X and 4″ Woofer: 1X</li></ul>','<p>Short Hooded Coat features a straight body, large pockets with button flaps, ventilation air holes, and a string detail along the hemline. The style is completed with a drawstring hood, featuring Rains’ signature built-in cap. Made from waterproof, matte PU, this lightweight unisex rain jacket is an ode to nostalgia through its classic silhouette and utilitarian design details.</p>\n                                <p>- Casual unisex fit</p>\n\n                                <p>- 64% polyester, 36% polyurethane</p>\n\n                                <p>- Water column pressure: 4000 mm</p>\n\n                                <p>- Model is 187cm tall and wearing a size S / M</p>\n\n                                <p>- Unisex fit</p>\n\n                                <p>- Drawstring hood with built-in cap</p>\n\n                                <p>- Front placket with snap buttons</p>\n\n                                <p>- Ventilation under armpit</p>\n\n                                <p>- Adjustable cuffs</p>\n\n                                <p>- Double welted front pockets</p>\n\n                                <p>- Adjustable elastic string at hempen</p>\n\n                                <p>- Ultrasonically welded seams</p>\n\n                                <p>This is a unisex item, please check our clothing &amp; footwear sizing guide for specific Rains jacket sizing information. RAINS comes from the rainy nation of Denmark at the edge of the European continent, close to the ocean and with prevailing westerly winds; all factors that contribute to an average of 121 rain days each year. Arising from these rainy weather conditions comes the attitude that a quick rain shower may be beautiful, as well as moody- but first and foremost requires the right outfit. Rains focus on the whole experience of going outside on rainy days, issuing an invitation to explore even in the most mercurial weather.</p>','published','[\"products\\/18.jpg\",\"products\\/18-1.jpg\",\"products\\/18-2.jpg\",\"products\\/18-3.jpg\"]',NULL,'3I-127',0,11,0,1,'in_stock',1,2,0,0,6,3.83,0,1008,695,NULL,NULL,18,14,12,753,NULL,63817,'2025-09-11 01:46:15','2025-09-11 01:47:02',0,'Botble\\ACL\\Models\\User',NULL,'physical','1816289248809',NULL,0,'auto_generate',0,0,0,1,6,0),(19,'NYX Beauty Couton Pallete Makeup 12','nyx-beauty-couton-pallete-makeup-12','<ul><li> Unrestrained and portable active stereo speaker</li>\n            <li> Free from the confines of wires and chords</li>\n            <li> 20 hours of portable capabilities</li>\n            <li> Double-ended Coil Cord with 3.5mm Stereo Plugs Included</li>\n            <li> 3/4″ Dome Tweeters: 2X and 4″ Woofer: 1X</li></ul>','<p>Short Hooded Coat features a straight body, large pockets with button flaps, ventilation air holes, and a string detail along the hemline. The style is completed with a drawstring hood, featuring Rains’ signature built-in cap. Made from waterproof, matte PU, this lightweight unisex rain jacket is an ode to nostalgia through its classic silhouette and utilitarian design details.</p>\n                                <p>- Casual unisex fit</p>\n\n                                <p>- 64% polyester, 36% polyurethane</p>\n\n                                <p>- Water column pressure: 4000 mm</p>\n\n                                <p>- Model is 187cm tall and wearing a size S / M</p>\n\n                                <p>- Unisex fit</p>\n\n                                <p>- Drawstring hood with built-in cap</p>\n\n                                <p>- Front placket with snap buttons</p>\n\n                                <p>- Ventilation under armpit</p>\n\n                                <p>- Adjustable cuffs</p>\n\n                                <p>- Double welted front pockets</p>\n\n                                <p>- Adjustable elastic string at hempen</p>\n\n                                <p>- Ultrasonically welded seams</p>\n\n                                <p>This is a unisex item, please check our clothing &amp; footwear sizing guide for specific Rains jacket sizing information. RAINS comes from the rainy nation of Denmark at the edge of the European continent, close to the ocean and with prevailing westerly winds; all factors that contribute to an average of 121 rain days each year. Arising from these rainy weather conditions comes the attitude that a quick rain shower may be beautiful, as well as moody- but first and foremost requires the right outfit. Rains focus on the whole experience of going outside on rainy days, issuing an invitation to explore even in the most mercurial weather.</p>','published','[\"products\\/19.jpg\",\"products\\/19-1.jpg\",\"products\\/19-2.jpg\",\"products\\/19-3.jpg\"]',NULL,'84-190-A1',0,18,0,1,'in_stock',0,4,0,3,6,3.50,0,1105,NULL,NULL,NULL,14,20,20,689,NULL,179097,'2025-09-11 01:46:15','2025-09-11 01:47:02',0,'Botble\\ACL\\Models\\User',NULL,'physical','9456245184974',NULL,0,'auto_generate',0,0,0,1,8,0),(20,'NYX Beauty Couton Pallete Makeup 12 (Digital)','nyx-beauty-couton-pallete-makeup-12','<ul><li> Unrestrained and portable active stereo speaker</li>\n            <li> Free from the confines of wires and chords</li>\n            <li> 20 hours of portable capabilities</li>\n            <li> Double-ended Coil Cord with 3.5mm Stereo Plugs Included</li>\n            <li> 3/4″ Dome Tweeters: 2X and 4″ Woofer: 1X</li></ul>','<p>Short Hooded Coat features a straight body, large pockets with button flaps, ventilation air holes, and a string detail along the hemline. The style is completed with a drawstring hood, featuring Rains’ signature built-in cap. Made from waterproof, matte PU, this lightweight unisex rain jacket is an ode to nostalgia through its classic silhouette and utilitarian design details.</p>\n                                <p>- Casual unisex fit</p>\n\n                                <p>- 64% polyester, 36% polyurethane</p>\n\n                                <p>- Water column pressure: 4000 mm</p>\n\n                                <p>- Model is 187cm tall and wearing a size S / M</p>\n\n                                <p>- Unisex fit</p>\n\n                                <p>- Drawstring hood with built-in cap</p>\n\n                                <p>- Front placket with snap buttons</p>\n\n                                <p>- Ventilation under armpit</p>\n\n                                <p>- Adjustable cuffs</p>\n\n                                <p>- Double welted front pockets</p>\n\n                                <p>- Adjustable elastic string at hempen</p>\n\n                                <p>- Ultrasonically welded seams</p>\n\n                                <p>This is a unisex item, please check our clothing &amp; footwear sizing guide for specific Rains jacket sizing information. RAINS comes from the rainy nation of Denmark at the edge of the European continent, close to the ocean and with prevailing westerly winds; all factors that contribute to an average of 121 rain days each year. Arising from these rainy weather conditions comes the attitude that a quick rain shower may be beautiful, as well as moody- but first and foremost requires the right outfit. Rains focus on the whole experience of going outside on rainy days, issuing an invitation to explore even in the most mercurial weather.</p>','published','[\"products\\/20.jpg\",\"products\\/20-1.jpg\",\"products\\/20-2.jpg\",\"products\\/20-3.jpg\"]',NULL,'UC-179',0,15,0,1,'in_stock',1,4,0,0,9,3.44,0,850,474,NULL,NULL,16,10,14,542,NULL,68251,'2025-09-11 01:46:15','2025-09-11 01:47:02',0,'Botble\\ACL\\Models\\User',NULL,'digital','9000527807923',NULL,0,'auto_generate',0,0,0,2,8,0),(21,'MVMTH Classical Leather Watch In Black','mvmth-classical-leather-watch-in-black','<ul><li> Unrestrained and portable active stereo speaker</li>\n            <li> Free from the confines of wires and chords</li>\n            <li> 20 hours of portable capabilities</li>\n            <li> Double-ended Coil Cord with 3.5mm Stereo Plugs Included</li>\n            <li> 3/4″ Dome Tweeters: 2X and 4″ Woofer: 1X</li></ul>','<p>Short Hooded Coat features a straight body, large pockets with button flaps, ventilation air holes, and a string detail along the hemline. The style is completed with a drawstring hood, featuring Rains’ signature built-in cap. Made from waterproof, matte PU, this lightweight unisex rain jacket is an ode to nostalgia through its classic silhouette and utilitarian design details.</p>\n                                <p>- Casual unisex fit</p>\n\n                                <p>- 64% polyester, 36% polyurethane</p>\n\n                                <p>- Water column pressure: 4000 mm</p>\n\n                                <p>- Model is 187cm tall and wearing a size S / M</p>\n\n                                <p>- Unisex fit</p>\n\n                                <p>- Drawstring hood with built-in cap</p>\n\n                                <p>- Front placket with snap buttons</p>\n\n                                <p>- Ventilation under armpit</p>\n\n                                <p>- Adjustable cuffs</p>\n\n                                <p>- Double welted front pockets</p>\n\n                                <p>- Adjustable elastic string at hempen</p>\n\n                                <p>- Ultrasonically welded seams</p>\n\n                                <p>This is a unisex item, please check our clothing &amp; footwear sizing guide for specific Rains jacket sizing information. RAINS comes from the rainy nation of Denmark at the edge of the European continent, close to the ocean and with prevailing westerly winds; all factors that contribute to an average of 121 rain days each year. Arising from these rainy weather conditions comes the attitude that a quick rain shower may be beautiful, as well as moody- but first and foremost requires the right outfit. Rains focus on the whole experience of going outside on rainy days, issuing an invitation to explore even in the most mercurial weather.</p>','published','[\"products\\/21.jpg\",\"products\\/21-1.jpg\",\"products\\/21-2.jpg\"]',NULL,'NY-175',0,16,0,1,'in_stock',0,5,0,0,10,2.70,0,916,425,NULL,NULL,20,11,19,754,NULL,35102,'2025-09-11 01:46:15','2025-09-11 01:47:02',0,'Botble\\ACL\\Models\\User',NULL,'physical','5600792918207',NULL,0,'auto_generate',0,0,0,1,2,0),(22,'Baxter Care Hair Kit For Bearded Mens','baxter-care-hair-kit-for-bearded-mens','<ul><li> Unrestrained and portable active stereo speaker</li>\n            <li> Free from the confines of wires and chords</li>\n            <li> 20 hours of portable capabilities</li>\n            <li> Double-ended Coil Cord with 3.5mm Stereo Plugs Included</li>\n            <li> 3/4″ Dome Tweeters: 2X and 4″ Woofer: 1X</li></ul>','<p>Short Hooded Coat features a straight body, large pockets with button flaps, ventilation air holes, and a string detail along the hemline. The style is completed with a drawstring hood, featuring Rains’ signature built-in cap. Made from waterproof, matte PU, this lightweight unisex rain jacket is an ode to nostalgia through its classic silhouette and utilitarian design details.</p>\n                                <p>- Casual unisex fit</p>\n\n                                <p>- 64% polyester, 36% polyurethane</p>\n\n                                <p>- Water column pressure: 4000 mm</p>\n\n                                <p>- Model is 187cm tall and wearing a size S / M</p>\n\n                                <p>- Unisex fit</p>\n\n                                <p>- Drawstring hood with built-in cap</p>\n\n                                <p>- Front placket with snap buttons</p>\n\n                                <p>- Ventilation under armpit</p>\n\n                                <p>- Adjustable cuffs</p>\n\n                                <p>- Double welted front pockets</p>\n\n                                <p>- Adjustable elastic string at hempen</p>\n\n                                <p>- Ultrasonically welded seams</p>\n\n                                <p>This is a unisex item, please check our clothing &amp; footwear sizing guide for specific Rains jacket sizing information. RAINS comes from the rainy nation of Denmark at the edge of the European continent, close to the ocean and with prevailing westerly winds; all factors that contribute to an average of 121 rain days each year. Arising from these rainy weather conditions comes the attitude that a quick rain shower may be beautiful, as well as moody- but first and foremost requires the right outfit. Rains focus on the whole experience of going outside on rainy days, issuing an invitation to explore even in the most mercurial weather.</p>','published','[\"products\\/22.jpg\",\"products\\/22-1.jpg\",\"products\\/22-2.jpg\",\"products\\/22-3.jpg\"]',NULL,'QS-154-A1',0,12,0,1,'in_stock',1,4,0,3,10,2.90,0,510,NULL,NULL,NULL,19,13,18,554,NULL,199177,'2025-09-11 01:46:16','2025-09-11 01:47:03',0,'Botble\\ACL\\Models\\User',NULL,'physical','1326237311085',NULL,0,'auto_generate',0,0,0,2,4,0),(23,'Ciate Palemore Lipstick Bold Red Color','ciate-palemore-lipstick-bold-red-color','<ul><li> Unrestrained and portable active stereo speaker</li>\n            <li> Free from the confines of wires and chords</li>\n            <li> 20 hours of portable capabilities</li>\n            <li> Double-ended Coil Cord with 3.5mm Stereo Plugs Included</li>\n            <li> 3/4″ Dome Tweeters: 2X and 4″ Woofer: 1X</li></ul>','<p>Short Hooded Coat features a straight body, large pockets with button flaps, ventilation air holes, and a string detail along the hemline. The style is completed with a drawstring hood, featuring Rains’ signature built-in cap. Made from waterproof, matte PU, this lightweight unisex rain jacket is an ode to nostalgia through its classic silhouette and utilitarian design details.</p>\n                                <p>- Casual unisex fit</p>\n\n                                <p>- 64% polyester, 36% polyurethane</p>\n\n                                <p>- Water column pressure: 4000 mm</p>\n\n                                <p>- Model is 187cm tall and wearing a size S / M</p>\n\n                                <p>- Unisex fit</p>\n\n                                <p>- Drawstring hood with built-in cap</p>\n\n                                <p>- Front placket with snap buttons</p>\n\n                                <p>- Ventilation under armpit</p>\n\n                                <p>- Adjustable cuffs</p>\n\n                                <p>- Double welted front pockets</p>\n\n                                <p>- Adjustable elastic string at hempen</p>\n\n                                <p>- Ultrasonically welded seams</p>\n\n                                <p>This is a unisex item, please check our clothing &amp; footwear sizing guide for specific Rains jacket sizing information. RAINS comes from the rainy nation of Denmark at the edge of the European continent, close to the ocean and with prevailing westerly winds; all factors that contribute to an average of 121 rain days each year. Arising from these rainy weather conditions comes the attitude that a quick rain shower may be beautiful, as well as moody- but first and foremost requires the right outfit. Rains focus on the whole experience of going outside on rainy days, issuing an invitation to explore even in the most mercurial weather.</p>','published','[\"products\\/23.jpg\",\"products\\/23-1.jpg\",\"products\\/23-2.jpg\",\"products\\/23-3.jpg\"]',NULL,'QP-141',0,14,0,1,'in_stock',0,2,0,0,8,3.25,0,972,270,NULL,NULL,11,17,15,814,NULL,114849,'2025-09-11 01:46:16','2025-09-11 01:47:03',0,'Botble\\ACL\\Models\\User',NULL,'physical','3656141256881',NULL,0,'auto_generate',0,0,0,2,4,0),(24,'Vimto Squash Remix Apple 1.5 Litres (Digital)','vimto-squash-remix-apple-15-litres','<ul><li> Unrestrained and portable active stereo speaker</li>\n            <li> Free from the confines of wires and chords</li>\n            <li> 20 hours of portable capabilities</li>\n            <li> Double-ended Coil Cord with 3.5mm Stereo Plugs Included</li>\n            <li> 3/4″ Dome Tweeters: 2X and 4″ Woofer: 1X</li></ul>','<p>Short Hooded Coat features a straight body, large pockets with button flaps, ventilation air holes, and a string detail along the hemline. The style is completed with a drawstring hood, featuring Rains’ signature built-in cap. Made from waterproof, matte PU, this lightweight unisex rain jacket is an ode to nostalgia through its classic silhouette and utilitarian design details.</p>\n                                <p>- Casual unisex fit</p>\n\n                                <p>- 64% polyester, 36% polyurethane</p>\n\n                                <p>- Water column pressure: 4000 mm</p>\n\n                                <p>- Model is 187cm tall and wearing a size S / M</p>\n\n                                <p>- Unisex fit</p>\n\n                                <p>- Drawstring hood with built-in cap</p>\n\n                                <p>- Front placket with snap buttons</p>\n\n                                <p>- Ventilation under armpit</p>\n\n                                <p>- Adjustable cuffs</p>\n\n                                <p>- Double welted front pockets</p>\n\n                                <p>- Adjustable elastic string at hempen</p>\n\n                                <p>- Ultrasonically welded seams</p>\n\n                                <p>This is a unisex item, please check our clothing &amp; footwear sizing guide for specific Rains jacket sizing information. RAINS comes from the rainy nation of Denmark at the edge of the European continent, close to the ocean and with prevailing westerly winds; all factors that contribute to an average of 121 rain days each year. Arising from these rainy weather conditions comes the attitude that a quick rain shower may be beautiful, as well as moody- but first and foremost requires the right outfit. Rains focus on the whole experience of going outside on rainy days, issuing an invitation to explore even in the most mercurial weather.</p>','published','[\"products\\/24.jpg\",\"products\\/24-1.jpg\",\"products\\/24-2.jpg\"]',NULL,'CD-172',0,19,0,1,'in_stock',0,5,0,0,9,3.00,0,591,531,NULL,NULL,13,13,20,593,NULL,40663,'2025-09-11 01:46:16','2025-09-11 01:47:03',0,'Botble\\ACL\\Models\\User',NULL,'digital','7722877542966',NULL,0,'auto_generate',0,0,0,1,2,0),(25,'Crock Pot Slow Cooker','crock-pot-slow-cooker','<ul><li> Unrestrained and portable active stereo speaker</li>\n            <li> Free from the confines of wires and chords</li>\n            <li> 20 hours of portable capabilities</li>\n            <li> Double-ended Coil Cord with 3.5mm Stereo Plugs Included</li>\n            <li> 3/4″ Dome Tweeters: 2X and 4″ Woofer: 1X</li></ul>','<p>Short Hooded Coat features a straight body, large pockets with button flaps, ventilation air holes, and a string detail along the hemline. The style is completed with a drawstring hood, featuring Rains’ signature built-in cap. Made from waterproof, matte PU, this lightweight unisex rain jacket is an ode to nostalgia through its classic silhouette and utilitarian design details.</p>\n                                <p>- Casual unisex fit</p>\n\n                                <p>- 64% polyester, 36% polyurethane</p>\n\n                                <p>- Water column pressure: 4000 mm</p>\n\n                                <p>- Model is 187cm tall and wearing a size S / M</p>\n\n                                <p>- Unisex fit</p>\n\n                                <p>- Drawstring hood with built-in cap</p>\n\n                                <p>- Front placket with snap buttons</p>\n\n                                <p>- Ventilation under armpit</p>\n\n                                <p>- Adjustable cuffs</p>\n\n                                <p>- Double welted front pockets</p>\n\n                                <p>- Adjustable elastic string at hempen</p>\n\n                                <p>- Ultrasonically welded seams</p>\n\n                                <p>This is a unisex item, please check our clothing &amp; footwear sizing guide for specific Rains jacket sizing information. RAINS comes from the rainy nation of Denmark at the edge of the European continent, close to the ocean and with prevailing westerly winds; all factors that contribute to an average of 121 rain days each year. Arising from these rainy weather conditions comes the attitude that a quick rain shower may be beautiful, as well as moody- but first and foremost requires the right outfit. Rains focus on the whole experience of going outside on rainy days, issuing an invitation to explore even in the most mercurial weather.</p>','published','[\"products\\/25.jpg\",\"products\\/25-1.jpg\",\"products\\/25-2.jpg\"]',NULL,'GJ-166',0,15,0,1,'in_stock',0,3,0,0,5,2.20,0,870,740,NULL,NULL,12,14,13,808,NULL,75397,'2025-09-11 01:46:16','2025-09-11 01:47:03',0,'Botble\\ACL\\Models\\User',NULL,'physical','5682114330539',NULL,0,'auto_generate',0,0,0,2,2,0),(26,'Taylors of Harrogate Yorkshire Coffee','taylors-of-harrogate-yorkshire-coffee','<ul><li> Unrestrained and portable active stereo speaker</li>\n            <li> Free from the confines of wires and chords</li>\n            <li> 20 hours of portable capabilities</li>\n            <li> Double-ended Coil Cord with 3.5mm Stereo Plugs Included</li>\n            <li> 3/4″ Dome Tweeters: 2X and 4″ Woofer: 1X</li></ul>','<p>Short Hooded Coat features a straight body, large pockets with button flaps, ventilation air holes, and a string detail along the hemline. The style is completed with a drawstring hood, featuring Rains’ signature built-in cap. Made from waterproof, matte PU, this lightweight unisex rain jacket is an ode to nostalgia through its classic silhouette and utilitarian design details.</p>\n                                <p>- Casual unisex fit</p>\n\n                                <p>- 64% polyester, 36% polyurethane</p>\n\n                                <p>- Water column pressure: 4000 mm</p>\n\n                                <p>- Model is 187cm tall and wearing a size S / M</p>\n\n                                <p>- Unisex fit</p>\n\n                                <p>- Drawstring hood with built-in cap</p>\n\n                                <p>- Front placket with snap buttons</p>\n\n                                <p>- Ventilation under armpit</p>\n\n                                <p>- Adjustable cuffs</p>\n\n                                <p>- Double welted front pockets</p>\n\n                                <p>- Adjustable elastic string at hempen</p>\n\n                                <p>- Ultrasonically welded seams</p>\n\n                                <p>This is a unisex item, please check our clothing &amp; footwear sizing guide for specific Rains jacket sizing information. RAINS comes from the rainy nation of Denmark at the edge of the European continent, close to the ocean and with prevailing westerly winds; all factors that contribute to an average of 121 rain days each year. Arising from these rainy weather conditions comes the attitude that a quick rain shower may be beautiful, as well as moody- but first and foremost requires the right outfit. Rains focus on the whole experience of going outside on rainy days, issuing an invitation to explore even in the most mercurial weather.</p>','published','[\"products\\/26.jpg\",\"products\\/26-1.jpg\"]',NULL,'SI-128',0,19,0,1,'in_stock',0,4,0,0,10,3.00,0,959,755,NULL,NULL,19,12,11,757,NULL,83236,'2025-09-11 01:46:16','2025-09-11 01:47:03',0,'Botble\\ACL\\Models\\User',NULL,'physical','2334364138504',NULL,0,'auto_generate',0,0,0,1,7,0),(27,'Soft Mochi &amp; Galeto Ice Cream','soft-mochi-galeto-ice-cream','<ul><li> Unrestrained and portable active stereo speaker</li>\n            <li> Free from the confines of wires and chords</li>\n            <li> 20 hours of portable capabilities</li>\n            <li> Double-ended Coil Cord with 3.5mm Stereo Plugs Included</li>\n            <li> 3/4″ Dome Tweeters: 2X and 4″ Woofer: 1X</li></ul>','<p>Short Hooded Coat features a straight body, large pockets with button flaps, ventilation air holes, and a string detail along the hemline. The style is completed with a drawstring hood, featuring Rains’ signature built-in cap. Made from waterproof, matte PU, this lightweight unisex rain jacket is an ode to nostalgia through its classic silhouette and utilitarian design details.</p>\n                                <p>- Casual unisex fit</p>\n\n                                <p>- 64% polyester, 36% polyurethane</p>\n\n                                <p>- Water column pressure: 4000 mm</p>\n\n                                <p>- Model is 187cm tall and wearing a size S / M</p>\n\n                                <p>- Unisex fit</p>\n\n                                <p>- Drawstring hood with built-in cap</p>\n\n                                <p>- Front placket with snap buttons</p>\n\n                                <p>- Ventilation under armpit</p>\n\n                                <p>- Adjustable cuffs</p>\n\n                                <p>- Double welted front pockets</p>\n\n                                <p>- Adjustable elastic string at hempen</p>\n\n                                <p>- Ultrasonically welded seams</p>\n\n                                <p>This is a unisex item, please check our clothing &amp; footwear sizing guide for specific Rains jacket sizing information. RAINS comes from the rainy nation of Denmark at the edge of the European continent, close to the ocean and with prevailing westerly winds; all factors that contribute to an average of 121 rain days each year. Arising from these rainy weather conditions comes the attitude that a quick rain shower may be beautiful, as well as moody- but first and foremost requires the right outfit. Rains focus on the whole experience of going outside on rainy days, issuing an invitation to explore even in the most mercurial weather.</p>','published','[\"products\\/27.jpg\",\"products\\/27-1.jpg\"]',NULL,'XQ-192-A1',0,19,0,1,'in_stock',1,3,0,3,6,2.67,0,585,NULL,NULL,NULL,10,17,20,840,NULL,97359,'2025-09-11 01:46:16','2025-09-11 01:47:03',0,'Botble\\ACL\\Models\\User',NULL,'physical','0934743105732',NULL,0,'auto_generate',0,0,0,1,7,0),(28,'Naked Noodle Egg Noodles Singapore (Digital)','naked-noodle-egg-noodles-singapore','<ul><li> Unrestrained and portable active stereo speaker</li>\n            <li> Free from the confines of wires and chords</li>\n            <li> 20 hours of portable capabilities</li>\n            <li> Double-ended Coil Cord with 3.5mm Stereo Plugs Included</li>\n            <li> 3/4″ Dome Tweeters: 2X and 4″ Woofer: 1X</li></ul>','<p>Short Hooded Coat features a straight body, large pockets with button flaps, ventilation air holes, and a string detail along the hemline. The style is completed with a drawstring hood, featuring Rains’ signature built-in cap. Made from waterproof, matte PU, this lightweight unisex rain jacket is an ode to nostalgia through its classic silhouette and utilitarian design details.</p>\n                                <p>- Casual unisex fit</p>\n\n                                <p>- 64% polyester, 36% polyurethane</p>\n\n                                <p>- Water column pressure: 4000 mm</p>\n\n                                <p>- Model is 187cm tall and wearing a size S / M</p>\n\n                                <p>- Unisex fit</p>\n\n                                <p>- Drawstring hood with built-in cap</p>\n\n                                <p>- Front placket with snap buttons</p>\n\n                                <p>- Ventilation under armpit</p>\n\n                                <p>- Adjustable cuffs</p>\n\n                                <p>- Double welted front pockets</p>\n\n                                <p>- Adjustable elastic string at hempen</p>\n\n                                <p>- Ultrasonically welded seams</p>\n\n                                <p>This is a unisex item, please check our clothing &amp; footwear sizing guide for specific Rains jacket sizing information. RAINS comes from the rainy nation of Denmark at the edge of the European continent, close to the ocean and with prevailing westerly winds; all factors that contribute to an average of 121 rain days each year. Arising from these rainy weather conditions comes the attitude that a quick rain shower may be beautiful, as well as moody- but first and foremost requires the right outfit. Rains focus on the whole experience of going outside on rainy days, issuing an invitation to explore even in the most mercurial weather.</p>','published','[\"products\\/28.jpg\",\"products\\/28-1.jpg\",\"products\\/28-2.jpg\"]',NULL,'MM-189',0,10,0,1,'in_stock',0,2,0,0,6,2.67,0,957,289,NULL,NULL,15,20,11,582,NULL,165594,'2025-09-11 01:46:16','2025-09-11 01:47:03',0,'Botble\\ACL\\Models\\User',NULL,'digital','8049577536194',NULL,0,'auto_generate',0,0,0,1,4,0),(29,'Saute Pan Silver','saute-pan-silver','<ul><li> Unrestrained and portable active stereo speaker</li>\n            <li> Free from the confines of wires and chords</li>\n            <li> 20 hours of portable capabilities</li>\n            <li> Double-ended Coil Cord with 3.5mm Stereo Plugs Included</li>\n            <li> 3/4″ Dome Tweeters: 2X and 4″ Woofer: 1X</li></ul>','<p>Short Hooded Coat features a straight body, large pockets with button flaps, ventilation air holes, and a string detail along the hemline. The style is completed with a drawstring hood, featuring Rains’ signature built-in cap. Made from waterproof, matte PU, this lightweight unisex rain jacket is an ode to nostalgia through its classic silhouette and utilitarian design details.</p>\n                                <p>- Casual unisex fit</p>\n\n                                <p>- 64% polyester, 36% polyurethane</p>\n\n                                <p>- Water column pressure: 4000 mm</p>\n\n                                <p>- Model is 187cm tall and wearing a size S / M</p>\n\n                                <p>- Unisex fit</p>\n\n                                <p>- Drawstring hood with built-in cap</p>\n\n                                <p>- Front placket with snap buttons</p>\n\n                                <p>- Ventilation under armpit</p>\n\n                                <p>- Adjustable cuffs</p>\n\n                                <p>- Double welted front pockets</p>\n\n                                <p>- Adjustable elastic string at hempen</p>\n\n                                <p>- Ultrasonically welded seams</p>\n\n                                <p>This is a unisex item, please check our clothing &amp; footwear sizing guide for specific Rains jacket sizing information. RAINS comes from the rainy nation of Denmark at the edge of the European continent, close to the ocean and with prevailing westerly winds; all factors that contribute to an average of 121 rain days each year. Arising from these rainy weather conditions comes the attitude that a quick rain shower may be beautiful, as well as moody- but first and foremost requires the right outfit. Rains focus on the whole experience of going outside on rainy days, issuing an invitation to explore even in the most mercurial weather.</p>','published','[\"products\\/29.jpg\",\"products\\/29-1.jpg\",\"products\\/29-2.jpg\"]',NULL,'KL-124',0,17,0,1,'in_stock',1,1,0,0,8,3.00,0,988,419,NULL,NULL,10,18,14,668,NULL,87636,'2025-09-11 01:46:16','2025-09-11 01:47:04',0,'Botble\\ACL\\Models\\User',NULL,'physical','6759439517118',NULL,0,'auto_generate',0,0,0,2,8,0),(30,'Bar S – Classic Bun Length Franks','bar-s-classic-bun-length-franks','<ul><li> Unrestrained and portable active stereo speaker</li>\n            <li> Free from the confines of wires and chords</li>\n            <li> 20 hours of portable capabilities</li>\n            <li> Double-ended Coil Cord with 3.5mm Stereo Plugs Included</li>\n            <li> 3/4″ Dome Tweeters: 2X and 4″ Woofer: 1X</li></ul>','<p>Short Hooded Coat features a straight body, large pockets with button flaps, ventilation air holes, and a string detail along the hemline. The style is completed with a drawstring hood, featuring Rains’ signature built-in cap. Made from waterproof, matte PU, this lightweight unisex rain jacket is an ode to nostalgia through its classic silhouette and utilitarian design details.</p>\n                                <p>- Casual unisex fit</p>\n\n                                <p>- 64% polyester, 36% polyurethane</p>\n\n                                <p>- Water column pressure: 4000 mm</p>\n\n                                <p>- Model is 187cm tall and wearing a size S / M</p>\n\n                                <p>- Unisex fit</p>\n\n                                <p>- Drawstring hood with built-in cap</p>\n\n                                <p>- Front placket with snap buttons</p>\n\n                                <p>- Ventilation under armpit</p>\n\n                                <p>- Adjustable cuffs</p>\n\n                                <p>- Double welted front pockets</p>\n\n                                <p>- Adjustable elastic string at hempen</p>\n\n                                <p>- Ultrasonically welded seams</p>\n\n                                <p>This is a unisex item, please check our clothing &amp; footwear sizing guide for specific Rains jacket sizing information. RAINS comes from the rainy nation of Denmark at the edge of the European continent, close to the ocean and with prevailing westerly winds; all factors that contribute to an average of 121 rain days each year. Arising from these rainy weather conditions comes the attitude that a quick rain shower may be beautiful, as well as moody- but first and foremost requires the right outfit. Rains focus on the whole experience of going outside on rainy days, issuing an invitation to explore even in the most mercurial weather.</p>','published','[\"products\\/30.jpg\",\"products\\/30-1.jpg\",\"products\\/30-2.jpg\"]',NULL,'S0-176-A1',0,12,0,1,'in_stock',0,5,0,4,10,3.90,0,1153,NULL,NULL,NULL,12,14,12,770,NULL,65067,'2025-09-11 01:46:16','2025-09-11 01:47:04',0,'Botble\\ACL\\Models\\User',NULL,'physical','1454071425955',NULL,0,'auto_generate',0,0,0,1,2,0),(31,'Broccoli Crowns','broccoli-crowns','<ul><li> Unrestrained and portable active stereo speaker</li>\n            <li> Free from the confines of wires and chords</li>\n            <li> 20 hours of portable capabilities</li>\n            <li> Double-ended Coil Cord with 3.5mm Stereo Plugs Included</li>\n            <li> 3/4″ Dome Tweeters: 2X and 4″ Woofer: 1X</li></ul>','<p>Short Hooded Coat features a straight body, large pockets with button flaps, ventilation air holes, and a string detail along the hemline. The style is completed with a drawstring hood, featuring Rains’ signature built-in cap. Made from waterproof, matte PU, this lightweight unisex rain jacket is an ode to nostalgia through its classic silhouette and utilitarian design details.</p>\n                                <p>- Casual unisex fit</p>\n\n                                <p>- 64% polyester, 36% polyurethane</p>\n\n                                <p>- Water column pressure: 4000 mm</p>\n\n                                <p>- Model is 187cm tall and wearing a size S / M</p>\n\n                                <p>- Unisex fit</p>\n\n                                <p>- Drawstring hood with built-in cap</p>\n\n                                <p>- Front placket with snap buttons</p>\n\n                                <p>- Ventilation under armpit</p>\n\n                                <p>- Adjustable cuffs</p>\n\n                                <p>- Double welted front pockets</p>\n\n                                <p>- Adjustable elastic string at hempen</p>\n\n                                <p>- Ultrasonically welded seams</p>\n\n                                <p>This is a unisex item, please check our clothing &amp; footwear sizing guide for specific Rains jacket sizing information. RAINS comes from the rainy nation of Denmark at the edge of the European continent, close to the ocean and with prevailing westerly winds; all factors that contribute to an average of 121 rain days each year. Arising from these rainy weather conditions comes the attitude that a quick rain shower may be beautiful, as well as moody- but first and foremost requires the right outfit. Rains focus on the whole experience of going outside on rainy days, issuing an invitation to explore even in the most mercurial weather.</p>','published','[\"products\\/31.jpg\",\"products\\/31-1.jpg\"]',NULL,'O5-133-A1',0,11,0,1,'in_stock',0,3,0,1,5,2.60,0,620,NULL,NULL,NULL,17,15,10,743,NULL,150925,'2025-09-11 01:46:16','2025-09-11 01:47:04',0,'Botble\\ACL\\Models\\User',NULL,'physical','1918785916340',NULL,0,'auto_generate',0,0,0,1,5,0),(32,'Slimming World Vegan Mac Greens (Digital)','slimming-world-vegan-mac-greens','<ul><li> Unrestrained and portable active stereo speaker</li>\n            <li> Free from the confines of wires and chords</li>\n            <li> 20 hours of portable capabilities</li>\n            <li> Double-ended Coil Cord with 3.5mm Stereo Plugs Included</li>\n            <li> 3/4″ Dome Tweeters: 2X and 4″ Woofer: 1X</li></ul>','<p>Short Hooded Coat features a straight body, large pockets with button flaps, ventilation air holes, and a string detail along the hemline. The style is completed with a drawstring hood, featuring Rains’ signature built-in cap. Made from waterproof, matte PU, this lightweight unisex rain jacket is an ode to nostalgia through its classic silhouette and utilitarian design details.</p>\n                                <p>- Casual unisex fit</p>\n\n                                <p>- 64% polyester, 36% polyurethane</p>\n\n                                <p>- Water column pressure: 4000 mm</p>\n\n                                <p>- Model is 187cm tall and wearing a size S / M</p>\n\n                                <p>- Unisex fit</p>\n\n                                <p>- Drawstring hood with built-in cap</p>\n\n                                <p>- Front placket with snap buttons</p>\n\n                                <p>- Ventilation under armpit</p>\n\n                                <p>- Adjustable cuffs</p>\n\n                                <p>- Double welted front pockets</p>\n\n                                <p>- Adjustable elastic string at hempen</p>\n\n                                <p>- Ultrasonically welded seams</p>\n\n                                <p>This is a unisex item, please check our clothing &amp; footwear sizing guide for specific Rains jacket sizing information. RAINS comes from the rainy nation of Denmark at the edge of the European continent, close to the ocean and with prevailing westerly winds; all factors that contribute to an average of 121 rain days each year. Arising from these rainy weather conditions comes the attitude that a quick rain shower may be beautiful, as well as moody- but first and foremost requires the right outfit. Rains focus on the whole experience of going outside on rainy days, issuing an invitation to explore even in the most mercurial weather.</p>','published','[\"products\\/32.jpg\",\"products\\/32-1.jpg\",\"products\\/32-2.jpg\"]',NULL,'H4-172',0,15,0,1,'in_stock',0,5,0,0,8,3.00,0,654,619,NULL,NULL,17,13,17,705,NULL,106749,'2025-09-11 01:46:17','2025-09-11 01:47:04',0,'Botble\\ACL\\Models\\User',NULL,'digital','8218283778352',NULL,0,'auto_generate',0,0,0,1,6,0),(33,'Häagen-Dazs Salted Caramel','haagen-dazs-salted-caramel','<ul><li> Unrestrained and portable active stereo speaker</li>\n            <li> Free from the confines of wires and chords</li>\n            <li> 20 hours of portable capabilities</li>\n            <li> Double-ended Coil Cord with 3.5mm Stereo Plugs Included</li>\n            <li> 3/4″ Dome Tweeters: 2X and 4″ Woofer: 1X</li></ul>','<p>Short Hooded Coat features a straight body, large pockets with button flaps, ventilation air holes, and a string detail along the hemline. The style is completed with a drawstring hood, featuring Rains’ signature built-in cap. Made from waterproof, matte PU, this lightweight unisex rain jacket is an ode to nostalgia through its classic silhouette and utilitarian design details.</p>\n                                <p>- Casual unisex fit</p>\n\n                                <p>- 64% polyester, 36% polyurethane</p>\n\n                                <p>- Water column pressure: 4000 mm</p>\n\n                                <p>- Model is 187cm tall and wearing a size S / M</p>\n\n                                <p>- Unisex fit</p>\n\n                                <p>- Drawstring hood with built-in cap</p>\n\n                                <p>- Front placket with snap buttons</p>\n\n                                <p>- Ventilation under armpit</p>\n\n                                <p>- Adjustable cuffs</p>\n\n                                <p>- Double welted front pockets</p>\n\n                                <p>- Adjustable elastic string at hempen</p>\n\n                                <p>- Ultrasonically welded seams</p>\n\n                                <p>This is a unisex item, please check our clothing &amp; footwear sizing guide for specific Rains jacket sizing information. RAINS comes from the rainy nation of Denmark at the edge of the European continent, close to the ocean and with prevailing westerly winds; all factors that contribute to an average of 121 rain days each year. Arising from these rainy weather conditions comes the attitude that a quick rain shower may be beautiful, as well as moody- but first and foremost requires the right outfit. Rains focus on the whole experience of going outside on rainy days, issuing an invitation to explore even in the most mercurial weather.</p>','published','[\"products\\/33.jpg\",\"products\\/33-1.jpg\",\"products\\/33-2.jpg\"]',NULL,'NF-146',0,15,0,1,'in_stock',1,5,0,0,8,2.88,0,1072,610,NULL,NULL,17,15,11,511,NULL,151329,'2025-09-11 01:46:17','2025-09-11 01:47:04',0,'Botble\\ACL\\Models\\User',NULL,'physical','7639254290122',NULL,0,'auto_generate',0,0,0,2,3,0),(34,'Iceland 3 Solo Exotic Burst','iceland-3-solo-exotic-burst','<ul><li> Unrestrained and portable active stereo speaker</li>\n            <li> Free from the confines of wires and chords</li>\n            <li> 20 hours of portable capabilities</li>\n            <li> Double-ended Coil Cord with 3.5mm Stereo Plugs Included</li>\n            <li> 3/4″ Dome Tweeters: 2X and 4″ Woofer: 1X</li></ul>','<p>Short Hooded Coat features a straight body, large pockets with button flaps, ventilation air holes, and a string detail along the hemline. The style is completed with a drawstring hood, featuring Rains’ signature built-in cap. Made from waterproof, matte PU, this lightweight unisex rain jacket is an ode to nostalgia through its classic silhouette and utilitarian design details.</p>\n                                <p>- Casual unisex fit</p>\n\n                                <p>- 64% polyester, 36% polyurethane</p>\n\n                                <p>- Water column pressure: 4000 mm</p>\n\n                                <p>- Model is 187cm tall and wearing a size S / M</p>\n\n                                <p>- Unisex fit</p>\n\n                                <p>- Drawstring hood with built-in cap</p>\n\n                                <p>- Front placket with snap buttons</p>\n\n                                <p>- Ventilation under armpit</p>\n\n                                <p>- Adjustable cuffs</p>\n\n                                <p>- Double welted front pockets</p>\n\n                                <p>- Adjustable elastic string at hempen</p>\n\n                                <p>- Ultrasonically welded seams</p>\n\n                                <p>This is a unisex item, please check our clothing &amp; footwear sizing guide for specific Rains jacket sizing information. RAINS comes from the rainy nation of Denmark at the edge of the European continent, close to the ocean and with prevailing westerly winds; all factors that contribute to an average of 121 rain days each year. Arising from these rainy weather conditions comes the attitude that a quick rain shower may be beautiful, as well as moody- but first and foremost requires the right outfit. Rains focus on the whole experience of going outside on rainy days, issuing an invitation to explore even in the most mercurial weather.</p>','published','[\"products\\/34.jpg\",\"products\\/34-1.jpg\"]',NULL,'AD-161-A1',0,12,0,1,'in_stock',0,3,0,1,7,2.43,0,592,NULL,NULL,NULL,17,18,14,790,NULL,44458,'2025-09-11 01:46:17','2025-09-11 01:47:04',0,'Botble\\ACL\\Models\\User',NULL,'physical','7913237701059',NULL,0,'auto_generate',0,0,0,2,5,0),(35,'Extreme Budweiser Light Can','extreme-budweiser-light-can','<ul><li> Unrestrained and portable active stereo speaker</li>\n            <li> Free from the confines of wires and chords</li>\n            <li> 20 hours of portable capabilities</li>\n            <li> Double-ended Coil Cord with 3.5mm Stereo Plugs Included</li>\n            <li> 3/4″ Dome Tweeters: 2X and 4″ Woofer: 1X</li></ul>','<p>Short Hooded Coat features a straight body, large pockets with button flaps, ventilation air holes, and a string detail along the hemline. The style is completed with a drawstring hood, featuring Rains’ signature built-in cap. Made from waterproof, matte PU, this lightweight unisex rain jacket is an ode to nostalgia through its classic silhouette and utilitarian design details.</p>\n                                <p>- Casual unisex fit</p>\n\n                                <p>- 64% polyester, 36% polyurethane</p>\n\n                                <p>- Water column pressure: 4000 mm</p>\n\n                                <p>- Model is 187cm tall and wearing a size S / M</p>\n\n                                <p>- Unisex fit</p>\n\n                                <p>- Drawstring hood with built-in cap</p>\n\n                                <p>- Front placket with snap buttons</p>\n\n                                <p>- Ventilation under armpit</p>\n\n                                <p>- Adjustable cuffs</p>\n\n                                <p>- Double welted front pockets</p>\n\n                                <p>- Adjustable elastic string at hempen</p>\n\n                                <p>- Ultrasonically welded seams</p>\n\n                                <p>This is a unisex item, please check our clothing &amp; footwear sizing guide for specific Rains jacket sizing information. RAINS comes from the rainy nation of Denmark at the edge of the European continent, close to the ocean and with prevailing westerly winds; all factors that contribute to an average of 121 rain days each year. Arising from these rainy weather conditions comes the attitude that a quick rain shower may be beautiful, as well as moody- but first and foremost requires the right outfit. Rains focus on the whole experience of going outside on rainy days, issuing an invitation to explore even in the most mercurial weather.</p>','published','[\"products\\/35.jpg\",\"products\\/35-1.jpg\"]',NULL,'O1-190',0,11,0,1,'in_stock',0,2,0,0,7,2.71,0,1061,914,NULL,NULL,19,14,14,644,NULL,134948,'2025-09-11 01:46:17','2025-09-11 01:47:05',0,'Botble\\ACL\\Models\\User',NULL,'physical','4069023106447',NULL,0,'auto_generate',0,0,0,2,1,0),(36,'Iceland Macaroni Cheese Traybake (Digital)','iceland-macaroni-cheese-traybake','<ul><li> Unrestrained and portable active stereo speaker</li>\n            <li> Free from the confines of wires and chords</li>\n            <li> 20 hours of portable capabilities</li>\n            <li> Double-ended Coil Cord with 3.5mm Stereo Plugs Included</li>\n            <li> 3/4″ Dome Tweeters: 2X and 4″ Woofer: 1X</li></ul>','<p>Short Hooded Coat features a straight body, large pockets with button flaps, ventilation air holes, and a string detail along the hemline. The style is completed with a drawstring hood, featuring Rains’ signature built-in cap. Made from waterproof, matte PU, this lightweight unisex rain jacket is an ode to nostalgia through its classic silhouette and utilitarian design details.</p>\n                                <p>- Casual unisex fit</p>\n\n                                <p>- 64% polyester, 36% polyurethane</p>\n\n                                <p>- Water column pressure: 4000 mm</p>\n\n                                <p>- Model is 187cm tall and wearing a size S / M</p>\n\n                                <p>- Unisex fit</p>\n\n                                <p>- Drawstring hood with built-in cap</p>\n\n                                <p>- Front placket with snap buttons</p>\n\n                                <p>- Ventilation under armpit</p>\n\n                                <p>- Adjustable cuffs</p>\n\n                                <p>- Double welted front pockets</p>\n\n                                <p>- Adjustable elastic string at hempen</p>\n\n                                <p>- Ultrasonically welded seams</p>\n\n                                <p>This is a unisex item, please check our clothing &amp; footwear sizing guide for specific Rains jacket sizing information. RAINS comes from the rainy nation of Denmark at the edge of the European continent, close to the ocean and with prevailing westerly winds; all factors that contribute to an average of 121 rain days each year. Arising from these rainy weather conditions comes the attitude that a quick rain shower may be beautiful, as well as moody- but first and foremost requires the right outfit. Rains focus on the whole experience of going outside on rainy days, issuing an invitation to explore even in the most mercurial weather.</p>','published','[\"products\\/36.jpg\",\"products\\/36-1.jpg\",\"products\\/36-2.jpg\"]',NULL,'PA-109',0,20,0,1,'in_stock',0,5,0,0,10,2.60,0,1076,644,NULL,NULL,19,17,17,570,NULL,33364,'2025-09-11 01:46:17','2025-09-11 01:47:05',0,'Botble\\ACL\\Models\\User',NULL,'digital','6746698212595',NULL,0,'auto_generate',0,0,0,1,6,0),(37,'Dolmio Bolognese Pasta Sauce','dolmio-bolognese-pasta-sauce','<ul><li> Unrestrained and portable active stereo speaker</li>\n            <li> Free from the confines of wires and chords</li>\n            <li> 20 hours of portable capabilities</li>\n            <li> Double-ended Coil Cord with 3.5mm Stereo Plugs Included</li>\n            <li> 3/4″ Dome Tweeters: 2X and 4″ Woofer: 1X</li></ul>','<p>Short Hooded Coat features a straight body, large pockets with button flaps, ventilation air holes, and a string detail along the hemline. The style is completed with a drawstring hood, featuring Rains’ signature built-in cap. Made from waterproof, matte PU, this lightweight unisex rain jacket is an ode to nostalgia through its classic silhouette and utilitarian design details.</p>\n                                <p>- Casual unisex fit</p>\n\n                                <p>- 64% polyester, 36% polyurethane</p>\n\n                                <p>- Water column pressure: 4000 mm</p>\n\n                                <p>- Model is 187cm tall and wearing a size S / M</p>\n\n                                <p>- Unisex fit</p>\n\n                                <p>- Drawstring hood with built-in cap</p>\n\n                                <p>- Front placket with snap buttons</p>\n\n                                <p>- Ventilation under armpit</p>\n\n                                <p>- Adjustable cuffs</p>\n\n                                <p>- Double welted front pockets</p>\n\n                                <p>- Adjustable elastic string at hempen</p>\n\n                                <p>- Ultrasonically welded seams</p>\n\n                                <p>This is a unisex item, please check our clothing &amp; footwear sizing guide for specific Rains jacket sizing information. RAINS comes from the rainy nation of Denmark at the edge of the European continent, close to the ocean and with prevailing westerly winds; all factors that contribute to an average of 121 rain days each year. Arising from these rainy weather conditions comes the attitude that a quick rain shower may be beautiful, as well as moody- but first and foremost requires the right outfit. Rains focus on the whole experience of going outside on rainy days, issuing an invitation to explore even in the most mercurial weather.</p>','published','[\"products\\/37.jpg\",\"products\\/37-1.jpg\",\"products\\/37-2.jpg\"]',NULL,'EA-137-A1',0,10,0,1,'in_stock',1,5,0,3,8,3.13,0,980,NULL,NULL,NULL,16,19,20,638,NULL,83161,'2025-09-11 01:46:17','2025-09-11 01:47:05',0,'Botble\\ACL\\Models\\User',NULL,'physical','9627380707773',NULL,0,'auto_generate',0,0,0,1,8,0),(38,'Sitema BakeIT Plastic Box','sitema-bakeit-plastic-box','<ul><li> Unrestrained and portable active stereo speaker</li>\n            <li> Free from the confines of wires and chords</li>\n            <li> 20 hours of portable capabilities</li>\n            <li> Double-ended Coil Cord with 3.5mm Stereo Plugs Included</li>\n            <li> 3/4″ Dome Tweeters: 2X and 4″ Woofer: 1X</li></ul>','<p>Short Hooded Coat features a straight body, large pockets with button flaps, ventilation air holes, and a string detail along the hemline. The style is completed with a drawstring hood, featuring Rains’ signature built-in cap. Made from waterproof, matte PU, this lightweight unisex rain jacket is an ode to nostalgia through its classic silhouette and utilitarian design details.</p>\n                                <p>- Casual unisex fit</p>\n\n                                <p>- 64% polyester, 36% polyurethane</p>\n\n                                <p>- Water column pressure: 4000 mm</p>\n\n                                <p>- Model is 187cm tall and wearing a size S / M</p>\n\n                                <p>- Unisex fit</p>\n\n                                <p>- Drawstring hood with built-in cap</p>\n\n                                <p>- Front placket with snap buttons</p>\n\n                                <p>- Ventilation under armpit</p>\n\n                                <p>- Adjustable cuffs</p>\n\n                                <p>- Double welted front pockets</p>\n\n                                <p>- Adjustable elastic string at hempen</p>\n\n                                <p>- Ultrasonically welded seams</p>\n\n                                <p>This is a unisex item, please check our clothing &amp; footwear sizing guide for specific Rains jacket sizing information. RAINS comes from the rainy nation of Denmark at the edge of the European continent, close to the ocean and with prevailing westerly winds; all factors that contribute to an average of 121 rain days each year. Arising from these rainy weather conditions comes the attitude that a quick rain shower may be beautiful, as well as moody- but first and foremost requires the right outfit. Rains focus on the whole experience of going outside on rainy days, issuing an invitation to explore even in the most mercurial weather.</p>','published','[\"products\\/38.jpg\",\"products\\/38-1.jpg\",\"products\\/38-2.jpg\",\"products\\/38-3.jpg\"]',NULL,'ZY-196',0,15,0,1,'in_stock',1,1,0,0,7,2.29,0,1036,833,NULL,NULL,20,20,18,788,NULL,199046,'2025-09-11 01:46:17','2025-09-11 01:47:05',0,'Botble\\ACL\\Models\\User',NULL,'physical','8457420695613',NULL,0,'auto_generate',0,0,0,1,4,0),(39,'Wayfair Basics Dinner Plate Storage','wayfair-basics-dinner-plate-storage','<ul><li> Unrestrained and portable active stereo speaker</li>\n            <li> Free from the confines of wires and chords</li>\n            <li> 20 hours of portable capabilities</li>\n            <li> Double-ended Coil Cord with 3.5mm Stereo Plugs Included</li>\n            <li> 3/4″ Dome Tweeters: 2X and 4″ Woofer: 1X</li></ul>','<p>Short Hooded Coat features a straight body, large pockets with button flaps, ventilation air holes, and a string detail along the hemline. The style is completed with a drawstring hood, featuring Rains’ signature built-in cap. Made from waterproof, matte PU, this lightweight unisex rain jacket is an ode to nostalgia through its classic silhouette and utilitarian design details.</p>\n                                <p>- Casual unisex fit</p>\n\n                                <p>- 64% polyester, 36% polyurethane</p>\n\n                                <p>- Water column pressure: 4000 mm</p>\n\n                                <p>- Model is 187cm tall and wearing a size S / M</p>\n\n                                <p>- Unisex fit</p>\n\n                                <p>- Drawstring hood with built-in cap</p>\n\n                                <p>- Front placket with snap buttons</p>\n\n                                <p>- Ventilation under armpit</p>\n\n                                <p>- Adjustable cuffs</p>\n\n                                <p>- Double welted front pockets</p>\n\n                                <p>- Adjustable elastic string at hempen</p>\n\n                                <p>- Ultrasonically welded seams</p>\n\n                                <p>This is a unisex item, please check our clothing &amp; footwear sizing guide for specific Rains jacket sizing information. RAINS comes from the rainy nation of Denmark at the edge of the European continent, close to the ocean and with prevailing westerly winds; all factors that contribute to an average of 121 rain days each year. Arising from these rainy weather conditions comes the attitude that a quick rain shower may be beautiful, as well as moody- but first and foremost requires the right outfit. Rains focus on the whole experience of going outside on rainy days, issuing an invitation to explore even in the most mercurial weather.</p>','published','[\"products\\/39.jpg\",\"products\\/39-1.jpg\",\"products\\/39-2.jpg\"]',NULL,'GK-185-A1',0,16,0,1,'in_stock',1,4,0,1,10,3.00,0,1289,NULL,NULL,NULL,15,12,17,891,NULL,75934,'2025-09-11 01:46:17','2025-09-11 01:47:05',0,'Botble\\ACL\\Models\\User',NULL,'physical','6862081819476',NULL,0,'auto_generate',0,0,0,2,2,0),(40,'Miko The Panda Water Bottle (Digital)','miko-the-panda-water-bottle','<ul><li> Unrestrained and portable active stereo speaker</li>\n            <li> Free from the confines of wires and chords</li>\n            <li> 20 hours of portable capabilities</li>\n            <li> Double-ended Coil Cord with 3.5mm Stereo Plugs Included</li>\n            <li> 3/4″ Dome Tweeters: 2X and 4″ Woofer: 1X</li></ul>','<p>Short Hooded Coat features a straight body, large pockets with button flaps, ventilation air holes, and a string detail along the hemline. The style is completed with a drawstring hood, featuring Rains’ signature built-in cap. Made from waterproof, matte PU, this lightweight unisex rain jacket is an ode to nostalgia through its classic silhouette and utilitarian design details.</p>\n                                <p>- Casual unisex fit</p>\n\n                                <p>- 64% polyester, 36% polyurethane</p>\n\n                                <p>- Water column pressure: 4000 mm</p>\n\n                                <p>- Model is 187cm tall and wearing a size S / M</p>\n\n                                <p>- Unisex fit</p>\n\n                                <p>- Drawstring hood with built-in cap</p>\n\n                                <p>- Front placket with snap buttons</p>\n\n                                <p>- Ventilation under armpit</p>\n\n                                <p>- Adjustable cuffs</p>\n\n                                <p>- Double welted front pockets</p>\n\n                                <p>- Adjustable elastic string at hempen</p>\n\n                                <p>- Ultrasonically welded seams</p>\n\n                                <p>This is a unisex item, please check our clothing &amp; footwear sizing guide for specific Rains jacket sizing information. RAINS comes from the rainy nation of Denmark at the edge of the European continent, close to the ocean and with prevailing westerly winds; all factors that contribute to an average of 121 rain days each year. Arising from these rainy weather conditions comes the attitude that a quick rain shower may be beautiful, as well as moody- but first and foremost requires the right outfit. Rains focus on the whole experience of going outside on rainy days, issuing an invitation to explore even in the most mercurial weather.</p>','published','[\"products\\/40.jpg\",\"products\\/40-1.jpg\"]',NULL,'RK-104-A1',0,17,0,1,'in_stock',0,1,0,2,7,2.71,0,736,537.28,NULL,NULL,18,11,17,584,NULL,189032,'2025-09-11 01:46:17','2025-09-11 01:47:05',0,'Botble\\ACL\\Models\\User',NULL,'digital','5693003128991',NULL,0,'auto_generate',0,0,0,1,6,0),(41,'Sesame Seed Bread','sesame-seed-bread','<ul><li> Unrestrained and portable active stereo speaker</li>\n            <li> Free from the confines of wires and chords</li>\n            <li> 20 hours of portable capabilities</li>\n            <li> Double-ended Coil Cord with 3.5mm Stereo Plugs Included</li>\n            <li> 3/4″ Dome Tweeters: 2X and 4″ Woofer: 1X</li></ul>','<p>Short Hooded Coat features a straight body, large pockets with button flaps, ventilation air holes, and a string detail along the hemline. The style is completed with a drawstring hood, featuring Rains’ signature built-in cap. Made from waterproof, matte PU, this lightweight unisex rain jacket is an ode to nostalgia through its classic silhouette and utilitarian design details.</p>\n                                <p>- Casual unisex fit</p>\n\n                                <p>- 64% polyester, 36% polyurethane</p>\n\n                                <p>- Water column pressure: 4000 mm</p>\n\n                                <p>- Model is 187cm tall and wearing a size S / M</p>\n\n                                <p>- Unisex fit</p>\n\n                                <p>- Drawstring hood with built-in cap</p>\n\n                                <p>- Front placket with snap buttons</p>\n\n                                <p>- Ventilation under armpit</p>\n\n                                <p>- Adjustable cuffs</p>\n\n                                <p>- Double welted front pockets</p>\n\n                                <p>- Adjustable elastic string at hempen</p>\n\n                                <p>- Ultrasonically welded seams</p>\n\n                                <p>This is a unisex item, please check our clothing &amp; footwear sizing guide for specific Rains jacket sizing information. RAINS comes from the rainy nation of Denmark at the edge of the European continent, close to the ocean and with prevailing westerly winds; all factors that contribute to an average of 121 rain days each year. Arising from these rainy weather conditions comes the attitude that a quick rain shower may be beautiful, as well as moody- but first and foremost requires the right outfit. Rains focus on the whole experience of going outside on rainy days, issuing an invitation to explore even in the most mercurial weather.</p>','published','[\"products\\/41.jpg\",\"products\\/41-1.jpg\",\"products\\/41-2.jpg\"]',NULL,'DP-179-A1',0,16,0,1,'in_stock',1,5,0,1,7,2.71,0,938,NULL,NULL,NULL,17,16,16,577,NULL,48321,'2025-09-11 01:46:18','2025-09-11 01:47:05',0,'Botble\\ACL\\Models\\User',NULL,'physical','4986944377414',NULL,0,'auto_generate',0,0,0,1,7,0),(42,'Morrisons The Best Beef','morrisons-the-best-beef','<ul><li> Unrestrained and portable active stereo speaker</li>\n            <li> Free from the confines of wires and chords</li>\n            <li> 20 hours of portable capabilities</li>\n            <li> Double-ended Coil Cord with 3.5mm Stereo Plugs Included</li>\n            <li> 3/4″ Dome Tweeters: 2X and 4″ Woofer: 1X</li></ul>','<p>Short Hooded Coat features a straight body, large pockets with button flaps, ventilation air holes, and a string detail along the hemline. The style is completed with a drawstring hood, featuring Rains’ signature built-in cap. Made from waterproof, matte PU, this lightweight unisex rain jacket is an ode to nostalgia through its classic silhouette and utilitarian design details.</p>\n                                <p>- Casual unisex fit</p>\n\n                                <p>- 64% polyester, 36% polyurethane</p>\n\n                                <p>- Water column pressure: 4000 mm</p>\n\n                                <p>- Model is 187cm tall and wearing a size S / M</p>\n\n                                <p>- Unisex fit</p>\n\n                                <p>- Drawstring hood with built-in cap</p>\n\n                                <p>- Front placket with snap buttons</p>\n\n                                <p>- Ventilation under armpit</p>\n\n                                <p>- Adjustable cuffs</p>\n\n                                <p>- Double welted front pockets</p>\n\n                                <p>- Adjustable elastic string at hempen</p>\n\n                                <p>- Ultrasonically welded seams</p>\n\n                                <p>This is a unisex item, please check our clothing &amp; footwear sizing guide for specific Rains jacket sizing information. RAINS comes from the rainy nation of Denmark at the edge of the European continent, close to the ocean and with prevailing westerly winds; all factors that contribute to an average of 121 rain days each year. Arising from these rainy weather conditions comes the attitude that a quick rain shower may be beautiful, as well as moody- but first and foremost requires the right outfit. Rains focus on the whole experience of going outside on rainy days, issuing an invitation to explore even in the most mercurial weather.</p>','published','[\"products\\/42.jpg\",\"products\\/42-1.jpg\",\"products\\/42-2.jpg\"]',NULL,'GM-194',0,10,0,1,'in_stock',0,4,0,0,8,3.38,0,919,807,NULL,NULL,16,19,14,840,NULL,183714,'2025-09-11 01:46:18','2025-09-11 01:47:06',0,'Botble\\ACL\\Models\\User',NULL,'physical','1146552509338',NULL,0,'auto_generate',0,0,0,1,6,0),(43,'Avocado, Hass Large','avocado-hass-large','<ul><li> Unrestrained and portable active stereo speaker</li>\n            <li> Free from the confines of wires and chords</li>\n            <li> 20 hours of portable capabilities</li>\n            <li> Double-ended Coil Cord with 3.5mm Stereo Plugs Included</li>\n            <li> 3/4″ Dome Tweeters: 2X and 4″ Woofer: 1X</li></ul>','<p>Short Hooded Coat features a straight body, large pockets with button flaps, ventilation air holes, and a string detail along the hemline. The style is completed with a drawstring hood, featuring Rains’ signature built-in cap. Made from waterproof, matte PU, this lightweight unisex rain jacket is an ode to nostalgia through its classic silhouette and utilitarian design details.</p>\n                                <p>- Casual unisex fit</p>\n\n                                <p>- 64% polyester, 36% polyurethane</p>\n\n                                <p>- Water column pressure: 4000 mm</p>\n\n                                <p>- Model is 187cm tall and wearing a size S / M</p>\n\n                                <p>- Unisex fit</p>\n\n                                <p>- Drawstring hood with built-in cap</p>\n\n                                <p>- Front placket with snap buttons</p>\n\n                                <p>- Ventilation under armpit</p>\n\n                                <p>- Adjustable cuffs</p>\n\n                                <p>- Double welted front pockets</p>\n\n                                <p>- Adjustable elastic string at hempen</p>\n\n                                <p>- Ultrasonically welded seams</p>\n\n                                <p>This is a unisex item, please check our clothing &amp; footwear sizing guide for specific Rains jacket sizing information. RAINS comes from the rainy nation of Denmark at the edge of the European continent, close to the ocean and with prevailing westerly winds; all factors that contribute to an average of 121 rain days each year. Arising from these rainy weather conditions comes the attitude that a quick rain shower may be beautiful, as well as moody- but first and foremost requires the right outfit. Rains focus on the whole experience of going outside on rainy days, issuing an invitation to explore even in the most mercurial weather.</p>','published','[\"products\\/43.jpg\",\"products\\/43-1.jpg\",\"products\\/43-2.jpg\"]',NULL,'GS-154-A1',0,14,0,1,'in_stock',1,4,0,4,9,3.22,0,1176,NULL,NULL,NULL,12,10,20,526,NULL,188070,'2025-09-11 01:46:18','2025-09-11 01:47:06',0,'Botble\\ACL\\Models\\User',NULL,'physical','2499465083617',NULL,0,'auto_generate',0,0,0,1,5,0),(44,'Italia Beef Lasagne (Digital)','italia-beef-lasagne','<ul><li> Unrestrained and portable active stereo speaker</li>\n            <li> Free from the confines of wires and chords</li>\n            <li> 20 hours of portable capabilities</li>\n            <li> Double-ended Coil Cord with 3.5mm Stereo Plugs Included</li>\n            <li> 3/4″ Dome Tweeters: 2X and 4″ Woofer: 1X</li></ul>','<p>Short Hooded Coat features a straight body, large pockets with button flaps, ventilation air holes, and a string detail along the hemline. The style is completed with a drawstring hood, featuring Rains’ signature built-in cap. Made from waterproof, matte PU, this lightweight unisex rain jacket is an ode to nostalgia through its classic silhouette and utilitarian design details.</p>\n                                <p>- Casual unisex fit</p>\n\n                                <p>- 64% polyester, 36% polyurethane</p>\n\n                                <p>- Water column pressure: 4000 mm</p>\n\n                                <p>- Model is 187cm tall and wearing a size S / M</p>\n\n                                <p>- Unisex fit</p>\n\n                                <p>- Drawstring hood with built-in cap</p>\n\n                                <p>- Front placket with snap buttons</p>\n\n                                <p>- Ventilation under armpit</p>\n\n                                <p>- Adjustable cuffs</p>\n\n                                <p>- Double welted front pockets</p>\n\n                                <p>- Adjustable elastic string at hempen</p>\n\n                                <p>- Ultrasonically welded seams</p>\n\n                                <p>This is a unisex item, please check our clothing &amp; footwear sizing guide for specific Rains jacket sizing information. RAINS comes from the rainy nation of Denmark at the edge of the European continent, close to the ocean and with prevailing westerly winds; all factors that contribute to an average of 121 rain days each year. Arising from these rainy weather conditions comes the attitude that a quick rain shower may be beautiful, as well as moody- but first and foremost requires the right outfit. Rains focus on the whole experience of going outside on rainy days, issuing an invitation to explore even in the most mercurial weather.</p>','published','[\"products\\/44.jpg\",\"products\\/44-1.jpg\",\"products\\/44-2.jpg\"]',NULL,'0S-181-A1',0,13,0,1,'in_stock',0,5,0,3,7,2.86,0,1098,812.52,NULL,NULL,14,16,12,570,NULL,23892,'2025-09-11 01:46:18','2025-09-11 01:47:06',0,'Botble\\ACL\\Models\\User',NULL,'digital','4585304713567',NULL,0,'auto_generate',0,0,0,1,5,0),(45,'Maxwell House Classic Roast Mocha','maxwell-house-classic-roast-mocha','<ul><li> Unrestrained and portable active stereo speaker</li>\n            <li> Free from the confines of wires and chords</li>\n            <li> 20 hours of portable capabilities</li>\n            <li> Double-ended Coil Cord with 3.5mm Stereo Plugs Included</li>\n            <li> 3/4″ Dome Tweeters: 2X and 4″ Woofer: 1X</li></ul>','<p>Short Hooded Coat features a straight body, large pockets with button flaps, ventilation air holes, and a string detail along the hemline. The style is completed with a drawstring hood, featuring Rains’ signature built-in cap. Made from waterproof, matte PU, this lightweight unisex rain jacket is an ode to nostalgia through its classic silhouette and utilitarian design details.</p>\n                                <p>- Casual unisex fit</p>\n\n                                <p>- 64% polyester, 36% polyurethane</p>\n\n                                <p>- Water column pressure: 4000 mm</p>\n\n                                <p>- Model is 187cm tall and wearing a size S / M</p>\n\n                                <p>- Unisex fit</p>\n\n                                <p>- Drawstring hood with built-in cap</p>\n\n                                <p>- Front placket with snap buttons</p>\n\n                                <p>- Ventilation under armpit</p>\n\n                                <p>- Adjustable cuffs</p>\n\n                                <p>- Double welted front pockets</p>\n\n                                <p>- Adjustable elastic string at hempen</p>\n\n                                <p>- Ultrasonically welded seams</p>\n\n                                <p>This is a unisex item, please check our clothing &amp; footwear sizing guide for specific Rains jacket sizing information. RAINS comes from the rainy nation of Denmark at the edge of the European continent, close to the ocean and with prevailing westerly winds; all factors that contribute to an average of 121 rain days each year. Arising from these rainy weather conditions comes the attitude that a quick rain shower may be beautiful, as well as moody- but first and foremost requires the right outfit. Rains focus on the whole experience of going outside on rainy days, issuing an invitation to explore even in the most mercurial weather.</p>','published','[\"products\\/45.jpg\",\"products\\/45-1.jpg\"]',NULL,'26-154-A1',0,20,0,1,'in_stock',0,1,0,5,6,2.50,0,786,NULL,NULL,NULL,18,13,17,587,NULL,45332,'2025-09-11 01:46:18','2025-09-11 01:47:06',0,'Botble\\ACL\\Models\\User',NULL,'physical','6349341275710',NULL,0,'auto_generate',0,0,0,2,1,0),(46,'Bottled Pure Water 500ml','bottled-pure-water-500ml','<ul><li> Unrestrained and portable active stereo speaker</li>\n            <li> Free from the confines of wires and chords</li>\n            <li> 20 hours of portable capabilities</li>\n            <li> Double-ended Coil Cord with 3.5mm Stereo Plugs Included</li>\n            <li> 3/4″ Dome Tweeters: 2X and 4″ Woofer: 1X</li></ul>','<p>Short Hooded Coat features a straight body, large pockets with button flaps, ventilation air holes, and a string detail along the hemline. The style is completed with a drawstring hood, featuring Rains’ signature built-in cap. Made from waterproof, matte PU, this lightweight unisex rain jacket is an ode to nostalgia through its classic silhouette and utilitarian design details.</p>\n                                <p>- Casual unisex fit</p>\n\n                                <p>- 64% polyester, 36% polyurethane</p>\n\n                                <p>- Water column pressure: 4000 mm</p>\n\n                                <p>- Model is 187cm tall and wearing a size S / M</p>\n\n                                <p>- Unisex fit</p>\n\n                                <p>- Drawstring hood with built-in cap</p>\n\n                                <p>- Front placket with snap buttons</p>\n\n                                <p>- Ventilation under armpit</p>\n\n                                <p>- Adjustable cuffs</p>\n\n                                <p>- Double welted front pockets</p>\n\n                                <p>- Adjustable elastic string at hempen</p>\n\n                                <p>- Ultrasonically welded seams</p>\n\n                                <p>This is a unisex item, please check our clothing &amp; footwear sizing guide for specific Rains jacket sizing information. RAINS comes from the rainy nation of Denmark at the edge of the European continent, close to the ocean and with prevailing westerly winds; all factors that contribute to an average of 121 rain days each year. Arising from these rainy weather conditions comes the attitude that a quick rain shower may be beautiful, as well as moody- but first and foremost requires the right outfit. Rains focus on the whole experience of going outside on rainy days, issuing an invitation to explore even in the most mercurial weather.</p>','published','[\"products\\/46.jpg\",\"products\\/46-1.jpg\"]',NULL,'BQ-141',0,10,0,1,'in_stock',0,4,0,0,8,3.00,0,706,351,NULL,NULL,13,20,10,728,NULL,21989,'2025-09-11 01:46:18','2025-09-11 01:47:06',0,'Botble\\ACL\\Models\\User',NULL,'physical','9532785201095',NULL,0,'auto_generate',0,0,0,1,7,0),(47,'Famart Farmhouse Soft White','famart-farmhouse-soft-white','<ul><li> Unrestrained and portable active stereo speaker</li>\n            <li> Free from the confines of wires and chords</li>\n            <li> 20 hours of portable capabilities</li>\n            <li> Double-ended Coil Cord with 3.5mm Stereo Plugs Included</li>\n            <li> 3/4″ Dome Tweeters: 2X and 4″ Woofer: 1X</li></ul>','<p>Short Hooded Coat features a straight body, large pockets with button flaps, ventilation air holes, and a string detail along the hemline. The style is completed with a drawstring hood, featuring Rains’ signature built-in cap. Made from waterproof, matte PU, this lightweight unisex rain jacket is an ode to nostalgia through its classic silhouette and utilitarian design details.</p>\n                                <p>- Casual unisex fit</p>\n\n                                <p>- 64% polyester, 36% polyurethane</p>\n\n                                <p>- Water column pressure: 4000 mm</p>\n\n                                <p>- Model is 187cm tall and wearing a size S / M</p>\n\n                                <p>- Unisex fit</p>\n\n                                <p>- Drawstring hood with built-in cap</p>\n\n                                <p>- Front placket with snap buttons</p>\n\n                                <p>- Ventilation under armpit</p>\n\n                                <p>- Adjustable cuffs</p>\n\n                                <p>- Double welted front pockets</p>\n\n                                <p>- Adjustable elastic string at hempen</p>\n\n                                <p>- Ultrasonically welded seams</p>\n\n                                <p>This is a unisex item, please check our clothing &amp; footwear sizing guide for specific Rains jacket sizing information. RAINS comes from the rainy nation of Denmark at the edge of the European continent, close to the ocean and with prevailing westerly winds; all factors that contribute to an average of 121 rain days each year. Arising from these rainy weather conditions comes the attitude that a quick rain shower may be beautiful, as well as moody- but first and foremost requires the right outfit. Rains focus on the whole experience of going outside on rainy days, issuing an invitation to explore even in the most mercurial weather.</p>','published','[\"products\\/47.jpg\",\"products\\/47-1.jpg\"]',NULL,'5L-134',0,15,0,1,'in_stock',0,1,0,0,8,2.63,0,905,13,NULL,NULL,12,11,19,760,NULL,186627,'2025-09-11 01:46:18','2025-09-11 01:47:06',0,'Botble\\ACL\\Models\\User',NULL,'physical','0767963534705',NULL,0,'auto_generate',0,0,0,1,1,0),(48,'Coca-Cola Original Taste (Digital)','coca-cola-original-taste','<ul><li> Unrestrained and portable active stereo speaker</li>\n            <li> Free from the confines of wires and chords</li>\n            <li> 20 hours of portable capabilities</li>\n            <li> Double-ended Coil Cord with 3.5mm Stereo Plugs Included</li>\n            <li> 3/4″ Dome Tweeters: 2X and 4″ Woofer: 1X</li></ul>','<p>Short Hooded Coat features a straight body, large pockets with button flaps, ventilation air holes, and a string detail along the hemline. The style is completed with a drawstring hood, featuring Rains’ signature built-in cap. Made from waterproof, matte PU, this lightweight unisex rain jacket is an ode to nostalgia through its classic silhouette and utilitarian design details.</p>\n                                <p>- Casual unisex fit</p>\n\n                                <p>- 64% polyester, 36% polyurethane</p>\n\n                                <p>- Water column pressure: 4000 mm</p>\n\n                                <p>- Model is 187cm tall and wearing a size S / M</p>\n\n                                <p>- Unisex fit</p>\n\n                                <p>- Drawstring hood with built-in cap</p>\n\n                                <p>- Front placket with snap buttons</p>\n\n                                <p>- Ventilation under armpit</p>\n\n                                <p>- Adjustable cuffs</p>\n\n                                <p>- Double welted front pockets</p>\n\n                                <p>- Adjustable elastic string at hempen</p>\n\n                                <p>- Ultrasonically welded seams</p>\n\n                                <p>This is a unisex item, please check our clothing &amp; footwear sizing guide for specific Rains jacket sizing information. RAINS comes from the rainy nation of Denmark at the edge of the European continent, close to the ocean and with prevailing westerly winds; all factors that contribute to an average of 121 rain days each year. Arising from these rainy weather conditions comes the attitude that a quick rain shower may be beautiful, as well as moody- but first and foremost requires the right outfit. Rains focus on the whole experience of going outside on rainy days, issuing an invitation to explore even in the most mercurial weather.</p>','published','[\"products\\/48.jpg\",\"products\\/48-1.jpg\",\"products\\/48-2.jpg\"]',NULL,'TM-133-A1',0,18,0,1,'in_stock',1,4,0,1,9,2.78,0,780,624,NULL,NULL,17,13,16,535,NULL,189483,'2025-09-11 01:46:18','2025-09-11 01:47:06',0,'Botble\\ACL\\Models\\User',NULL,'digital','8711198174658',NULL,0,'auto_generate',0,0,0,2,6,0),(49,'Casillero Diablo Cabernet Sauvignon','casillero-diablo-cabernet-sauvignon','<ul><li> Unrestrained and portable active stereo speaker</li>\n            <li> Free from the confines of wires and chords</li>\n            <li> 20 hours of portable capabilities</li>\n            <li> Double-ended Coil Cord with 3.5mm Stereo Plugs Included</li>\n            <li> 3/4″ Dome Tweeters: 2X and 4″ Woofer: 1X</li></ul>','<p>Short Hooded Coat features a straight body, large pockets with button flaps, ventilation air holes, and a string detail along the hemline. The style is completed with a drawstring hood, featuring Rains’ signature built-in cap. Made from waterproof, matte PU, this lightweight unisex rain jacket is an ode to nostalgia through its classic silhouette and utilitarian design details.</p>\n                                <p>- Casual unisex fit</p>\n\n                                <p>- 64% polyester, 36% polyurethane</p>\n\n                                <p>- Water column pressure: 4000 mm</p>\n\n                                <p>- Model is 187cm tall and wearing a size S / M</p>\n\n                                <p>- Unisex fit</p>\n\n                                <p>- Drawstring hood with built-in cap</p>\n\n                                <p>- Front placket with snap buttons</p>\n\n                                <p>- Ventilation under armpit</p>\n\n                                <p>- Adjustable cuffs</p>\n\n                                <p>- Double welted front pockets</p>\n\n                                <p>- Adjustable elastic string at hempen</p>\n\n                                <p>- Ultrasonically welded seams</p>\n\n                                <p>This is a unisex item, please check our clothing &amp; footwear sizing guide for specific Rains jacket sizing information. RAINS comes from the rainy nation of Denmark at the edge of the European continent, close to the ocean and with prevailing westerly winds; all factors that contribute to an average of 121 rain days each year. Arising from these rainy weather conditions comes the attitude that a quick rain shower may be beautiful, as well as moody- but first and foremost requires the right outfit. Rains focus on the whole experience of going outside on rainy days, issuing an invitation to explore even in the most mercurial weather.</p>','published','[\"products\\/49.jpg\",\"products\\/49-1.jpg\",\"products\\/49-2.jpg\"]',NULL,'2H-135-A1',0,18,0,1,'in_stock',0,4,0,2,9,3.00,0,999,NULL,NULL,NULL,10,15,15,725,NULL,30013,'2025-09-11 01:46:19','2025-09-11 01:47:07',0,'Botble\\ACL\\Models\\User',NULL,'physical','4904415635108',NULL,0,'auto_generate',0,0,0,1,7,0),(50,'Arla Organic Free Range Milk','arla-organic-free-range-milk','<ul><li> Unrestrained and portable active stereo speaker</li>\n            <li> Free from the confines of wires and chords</li>\n            <li> 20 hours of portable capabilities</li>\n            <li> Double-ended Coil Cord with 3.5mm Stereo Plugs Included</li>\n            <li> 3/4″ Dome Tweeters: 2X and 4″ Woofer: 1X</li></ul>','<p>Short Hooded Coat features a straight body, large pockets with button flaps, ventilation air holes, and a string detail along the hemline. The style is completed with a drawstring hood, featuring Rains’ signature built-in cap. Made from waterproof, matte PU, this lightweight unisex rain jacket is an ode to nostalgia through its classic silhouette and utilitarian design details.</p>\n                                <p>- Casual unisex fit</p>\n\n                                <p>- 64% polyester, 36% polyurethane</p>\n\n                                <p>- Water column pressure: 4000 mm</p>\n\n                                <p>- Model is 187cm tall and wearing a size S / M</p>\n\n                                <p>- Unisex fit</p>\n\n                                <p>- Drawstring hood with built-in cap</p>\n\n                                <p>- Front placket with snap buttons</p>\n\n                                <p>- Ventilation under armpit</p>\n\n                                <p>- Adjustable cuffs</p>\n\n                                <p>- Double welted front pockets</p>\n\n                                <p>- Adjustable elastic string at hempen</p>\n\n                                <p>- Ultrasonically welded seams</p>\n\n                                <p>This is a unisex item, please check our clothing &amp; footwear sizing guide for specific Rains jacket sizing information. RAINS comes from the rainy nation of Denmark at the edge of the European continent, close to the ocean and with prevailing westerly winds; all factors that contribute to an average of 121 rain days each year. Arising from these rainy weather conditions comes the attitude that a quick rain shower may be beautiful, as well as moody- but first and foremost requires the right outfit. Rains focus on the whole experience of going outside on rainy days, issuing an invitation to explore even in the most mercurial weather.</p>','published','[\"products\\/50.jpg\",\"products\\/50-1.jpg\"]',NULL,'F4-150',0,18,0,1,'in_stock',1,3,0,0,10,3.60,0,1045,593,NULL,NULL,10,19,11,732,NULL,90044,'2025-09-11 01:46:19','2025-09-11 01:47:07',0,'Botble\\ACL\\Models\\User',NULL,'physical','8002360638055',NULL,0,'auto_generate',0,0,0,2,1,0),(51,'Aptamil Follow On Baby Milk','aptamil-follow-on-baby-milk','<ul><li> Unrestrained and portable active stereo speaker</li>\n            <li> Free from the confines of wires and chords</li>\n            <li> 20 hours of portable capabilities</li>\n            <li> Double-ended Coil Cord with 3.5mm Stereo Plugs Included</li>\n            <li> 3/4″ Dome Tweeters: 2X and 4″ Woofer: 1X</li></ul>','<p>Short Hooded Coat features a straight body, large pockets with button flaps, ventilation air holes, and a string detail along the hemline. The style is completed with a drawstring hood, featuring Rains’ signature built-in cap. Made from waterproof, matte PU, this lightweight unisex rain jacket is an ode to nostalgia through its classic silhouette and utilitarian design details.</p>\n                                <p>- Casual unisex fit</p>\n\n                                <p>- 64% polyester, 36% polyurethane</p>\n\n                                <p>- Water column pressure: 4000 mm</p>\n\n                                <p>- Model is 187cm tall and wearing a size S / M</p>\n\n                                <p>- Unisex fit</p>\n\n                                <p>- Drawstring hood with built-in cap</p>\n\n                                <p>- Front placket with snap buttons</p>\n\n                                <p>- Ventilation under armpit</p>\n\n                                <p>- Adjustable cuffs</p>\n\n                                <p>- Double welted front pockets</p>\n\n                                <p>- Adjustable elastic string at hempen</p>\n\n                                <p>- Ultrasonically welded seams</p>\n\n                                <p>This is a unisex item, please check our clothing &amp; footwear sizing guide for specific Rains jacket sizing information. RAINS comes from the rainy nation of Denmark at the edge of the European continent, close to the ocean and with prevailing westerly winds; all factors that contribute to an average of 121 rain days each year. Arising from these rainy weather conditions comes the attitude that a quick rain shower may be beautiful, as well as moody- but first and foremost requires the right outfit. Rains focus on the whole experience of going outside on rainy days, issuing an invitation to explore even in the most mercurial weather.</p>','published','[\"products\\/51.jpg\"]',NULL,'3S-183-A1',0,11,0,1,'in_stock',0,1,0,1,7,2.86,0,1274,NULL,NULL,NULL,18,12,18,658,NULL,188050,'2025-09-11 01:46:19','2025-09-11 01:47:07',0,'Botble\\ACL\\Models\\User',NULL,'physical','8952287181038',NULL,0,'auto_generate',0,0,0,1,6,0),(52,'Cuisinart Chef’S Classic Hard-Anodized (Digital)','cuisinart-chefs-classic-hard-anodized','<ul><li> Unrestrained and portable active stereo speaker</li>\n            <li> Free from the confines of wires and chords</li>\n            <li> 20 hours of portable capabilities</li>\n            <li> Double-ended Coil Cord with 3.5mm Stereo Plugs Included</li>\n            <li> 3/4″ Dome Tweeters: 2X and 4″ Woofer: 1X</li></ul>','<p>Short Hooded Coat features a straight body, large pockets with button flaps, ventilation air holes, and a string detail along the hemline. The style is completed with a drawstring hood, featuring Rains’ signature built-in cap. Made from waterproof, matte PU, this lightweight unisex rain jacket is an ode to nostalgia through its classic silhouette and utilitarian design details.</p>\n                                <p>- Casual unisex fit</p>\n\n                                <p>- 64% polyester, 36% polyurethane</p>\n\n                                <p>- Water column pressure: 4000 mm</p>\n\n                                <p>- Model is 187cm tall and wearing a size S / M</p>\n\n                                <p>- Unisex fit</p>\n\n                                <p>- Drawstring hood with built-in cap</p>\n\n                                <p>- Front placket with snap buttons</p>\n\n                                <p>- Ventilation under armpit</p>\n\n                                <p>- Adjustable cuffs</p>\n\n                                <p>- Double welted front pockets</p>\n\n                                <p>- Adjustable elastic string at hempen</p>\n\n                                <p>- Ultrasonically welded seams</p>\n\n                                <p>This is a unisex item, please check our clothing &amp; footwear sizing guide for specific Rains jacket sizing information. RAINS comes from the rainy nation of Denmark at the edge of the European continent, close to the ocean and with prevailing westerly winds; all factors that contribute to an average of 121 rain days each year. Arising from these rainy weather conditions comes the attitude that a quick rain shower may be beautiful, as well as moody- but first and foremost requires the right outfit. Rains focus on the whole experience of going outside on rainy days, issuing an invitation to explore even in the most mercurial weather.</p>','published','[\"products\\/52.jpg\",\"products\\/52-1.jpg\",\"products\\/52-2.jpg\"]',NULL,'GM-140',0,15,0,1,'in_stock',0,3,0,0,7,2.86,0,1186,801,NULL,NULL,13,19,14,806,NULL,107654,'2025-09-11 01:46:19','2025-09-11 01:47:07',0,'Botble\\ACL\\Models\\User',NULL,'digital','5728051731845',NULL,0,'auto_generate',0,0,0,1,2,0),(53,'Corn, Yellow Sweet','corn-yellow-sweet','<ul><li> Unrestrained and portable active stereo speaker</li>\n            <li> Free from the confines of wires and chords</li>\n            <li> 20 hours of portable capabilities</li>\n            <li> Double-ended Coil Cord with 3.5mm Stereo Plugs Included</li>\n            <li> 3/4″ Dome Tweeters: 2X and 4″ Woofer: 1X</li></ul>','<p>Short Hooded Coat features a straight body, large pockets with button flaps, ventilation air holes, and a string detail along the hemline. The style is completed with a drawstring hood, featuring Rains’ signature built-in cap. Made from waterproof, matte PU, this lightweight unisex rain jacket is an ode to nostalgia through its classic silhouette and utilitarian design details.</p>\n                                <p>- Casual unisex fit</p>\n\n                                <p>- 64% polyester, 36% polyurethane</p>\n\n                                <p>- Water column pressure: 4000 mm</p>\n\n                                <p>- Model is 187cm tall and wearing a size S / M</p>\n\n                                <p>- Unisex fit</p>\n\n                                <p>- Drawstring hood with built-in cap</p>\n\n                                <p>- Front placket with snap buttons</p>\n\n                                <p>- Ventilation under armpit</p>\n\n                                <p>- Adjustable cuffs</p>\n\n                                <p>- Double welted front pockets</p>\n\n                                <p>- Adjustable elastic string at hempen</p>\n\n                                <p>- Ultrasonically welded seams</p>\n\n                                <p>This is a unisex item, please check our clothing &amp; footwear sizing guide for specific Rains jacket sizing information. RAINS comes from the rainy nation of Denmark at the edge of the European continent, close to the ocean and with prevailing westerly winds; all factors that contribute to an average of 121 rain days each year. Arising from these rainy weather conditions comes the attitude that a quick rain shower may be beautiful, as well as moody- but first and foremost requires the right outfit. Rains focus on the whole experience of going outside on rainy days, issuing an invitation to explore even in the most mercurial weather.</p>','published','[\"products\\/53.jpg\",\"products\\/53-1.jpg\"]',NULL,'QW-119',0,11,0,1,'in_stock',0,1,0,0,8,3.25,0,933,692,NULL,NULL,18,15,10,678,NULL,80139,'2025-09-11 01:46:19','2025-09-11 01:47:07',0,'Botble\\ACL\\Models\\User',NULL,'physical','3507203866411',NULL,0,'auto_generate',0,0,0,2,6,0),(54,'Hobnobs The Nobbly Biscuit','hobnobs-the-nobbly-biscuit','<ul><li> Unrestrained and portable active stereo speaker</li>\n            <li> Free from the confines of wires and chords</li>\n            <li> 20 hours of portable capabilities</li>\n            <li> Double-ended Coil Cord with 3.5mm Stereo Plugs Included</li>\n            <li> 3/4″ Dome Tweeters: 2X and 4″ Woofer: 1X</li></ul>','<p>Short Hooded Coat features a straight body, large pockets with button flaps, ventilation air holes, and a string detail along the hemline. The style is completed with a drawstring hood, featuring Rains’ signature built-in cap. Made from waterproof, matte PU, this lightweight unisex rain jacket is an ode to nostalgia through its classic silhouette and utilitarian design details.</p>\n                                <p>- Casual unisex fit</p>\n\n                                <p>- 64% polyester, 36% polyurethane</p>\n\n                                <p>- Water column pressure: 4000 mm</p>\n\n                                <p>- Model is 187cm tall and wearing a size S / M</p>\n\n                                <p>- Unisex fit</p>\n\n                                <p>- Drawstring hood with built-in cap</p>\n\n                                <p>- Front placket with snap buttons</p>\n\n                                <p>- Ventilation under armpit</p>\n\n                                <p>- Adjustable cuffs</p>\n\n                                <p>- Double welted front pockets</p>\n\n                                <p>- Adjustable elastic string at hempen</p>\n\n                                <p>- Ultrasonically welded seams</p>\n\n                                <p>This is a unisex item, please check our clothing &amp; footwear sizing guide for specific Rains jacket sizing information. RAINS comes from the rainy nation of Denmark at the edge of the European continent, close to the ocean and with prevailing westerly winds; all factors that contribute to an average of 121 rain days each year. Arising from these rainy weather conditions comes the attitude that a quick rain shower may be beautiful, as well as moody- but first and foremost requires the right outfit. Rains focus on the whole experience of going outside on rainy days, issuing an invitation to explore even in the most mercurial weather.</p>','published','[\"products\\/54.jpg\",\"products\\/54-1.jpg\"]',NULL,'8W-161',0,15,0,1,'in_stock',0,3,0,0,7,2.57,0,1058,425,NULL,NULL,18,12,13,846,NULL,88115,'2025-09-11 01:46:19','2025-09-11 01:47:07',0,'Botble\\ACL\\Models\\User',NULL,'physical','0015924768738',NULL,0,'auto_generate',0,0,0,2,4,0),(55,'Honest Organic Still Lemonade','honest-organic-still-lemonade','<ul><li> Unrestrained and portable active stereo speaker</li>\n            <li> Free from the confines of wires and chords</li>\n            <li> 20 hours of portable capabilities</li>\n            <li> Double-ended Coil Cord with 3.5mm Stereo Plugs Included</li>\n            <li> 3/4″ Dome Tweeters: 2X and 4″ Woofer: 1X</li></ul>','<p>Short Hooded Coat features a straight body, large pockets with button flaps, ventilation air holes, and a string detail along the hemline. The style is completed with a drawstring hood, featuring Rains’ signature built-in cap. Made from waterproof, matte PU, this lightweight unisex rain jacket is an ode to nostalgia through its classic silhouette and utilitarian design details.</p>\n                                <p>- Casual unisex fit</p>\n\n                                <p>- 64% polyester, 36% polyurethane</p>\n\n                                <p>- Water column pressure: 4000 mm</p>\n\n                                <p>- Model is 187cm tall and wearing a size S / M</p>\n\n                                <p>- Unisex fit</p>\n\n                                <p>- Drawstring hood with built-in cap</p>\n\n                                <p>- Front placket with snap buttons</p>\n\n                                <p>- Ventilation under armpit</p>\n\n                                <p>- Adjustable cuffs</p>\n\n                                <p>- Double welted front pockets</p>\n\n                                <p>- Adjustable elastic string at hempen</p>\n\n                                <p>- Ultrasonically welded seams</p>\n\n                                <p>This is a unisex item, please check our clothing &amp; footwear sizing guide for specific Rains jacket sizing information. RAINS comes from the rainy nation of Denmark at the edge of the European continent, close to the ocean and with prevailing westerly winds; all factors that contribute to an average of 121 rain days each year. Arising from these rainy weather conditions comes the attitude that a quick rain shower may be beautiful, as well as moody- but first and foremost requires the right outfit. Rains focus on the whole experience of going outside on rainy days, issuing an invitation to explore even in the most mercurial weather.</p>','published','[\"products\\/55.jpg\",\"products\\/55-1.jpg\",\"products\\/55-2.jpg\"]',NULL,'EE-111-A1',0,10,0,1,'in_stock',0,4,0,4,7,2.14,0,648,NULL,NULL,NULL,18,16,13,759,NULL,94330,'2025-09-11 01:46:19','2025-09-11 01:47:07',0,'Botble\\ACL\\Models\\User',NULL,'physical','2585215066280',NULL,0,'auto_generate',0,0,0,2,5,0),(56,'Ice Beck’s Beer 350ml x 24 Pieces (Digital)','ice-becks-beer-350ml-x-24-pieces','<ul><li> Unrestrained and portable active stereo speaker</li>\n            <li> Free from the confines of wires and chords</li>\n            <li> 20 hours of portable capabilities</li>\n            <li> Double-ended Coil Cord with 3.5mm Stereo Plugs Included</li>\n            <li> 3/4″ Dome Tweeters: 2X and 4″ Woofer: 1X</li></ul>','<p>Short Hooded Coat features a straight body, large pockets with button flaps, ventilation air holes, and a string detail along the hemline. The style is completed with a drawstring hood, featuring Rains’ signature built-in cap. Made from waterproof, matte PU, this lightweight unisex rain jacket is an ode to nostalgia through its classic silhouette and utilitarian design details.</p>\n                                <p>- Casual unisex fit</p>\n\n                                <p>- 64% polyester, 36% polyurethane</p>\n\n                                <p>- Water column pressure: 4000 mm</p>\n\n                                <p>- Model is 187cm tall and wearing a size S / M</p>\n\n                                <p>- Unisex fit</p>\n\n                                <p>- Drawstring hood with built-in cap</p>\n\n                                <p>- Front placket with snap buttons</p>\n\n                                <p>- Ventilation under armpit</p>\n\n                                <p>- Adjustable cuffs</p>\n\n                                <p>- Double welted front pockets</p>\n\n                                <p>- Adjustable elastic string at hempen</p>\n\n                                <p>- Ultrasonically welded seams</p>\n\n                                <p>This is a unisex item, please check our clothing &amp; footwear sizing guide for specific Rains jacket sizing information. RAINS comes from the rainy nation of Denmark at the edge of the European continent, close to the ocean and with prevailing westerly winds; all factors that contribute to an average of 121 rain days each year. Arising from these rainy weather conditions comes the attitude that a quick rain shower may be beautiful, as well as moody- but first and foremost requires the right outfit. Rains focus on the whole experience of going outside on rainy days, issuing an invitation to explore even in the most mercurial weather.</p>','published','[\"products\\/56.jpg\",\"products\\/56-1.jpg\",\"products\\/56-2.jpg\"]',NULL,'HM-107',0,11,0,1,'in_stock',0,3,0,0,9,2.22,0,1197,591,NULL,NULL,15,20,15,596,NULL,37267,'2025-09-11 01:46:19','2025-09-11 01:47:07',0,'Botble\\ACL\\Models\\User',NULL,'digital','0164295491643',NULL,0,'auto_generate',0,0,0,2,4,0),(57,'Iceland 6 Hot Cross Buns','iceland-6-hot-cross-buns','<ul><li> Unrestrained and portable active stereo speaker</li>\n            <li> Free from the confines of wires and chords</li>\n            <li> 20 hours of portable capabilities</li>\n            <li> Double-ended Coil Cord with 3.5mm Stereo Plugs Included</li>\n            <li> 3/4″ Dome Tweeters: 2X and 4″ Woofer: 1X</li></ul>','<p>Short Hooded Coat features a straight body, large pockets with button flaps, ventilation air holes, and a string detail along the hemline. The style is completed with a drawstring hood, featuring Rains’ signature built-in cap. Made from waterproof, matte PU, this lightweight unisex rain jacket is an ode to nostalgia through its classic silhouette and utilitarian design details.</p>\n                                <p>- Casual unisex fit</p>\n\n                                <p>- 64% polyester, 36% polyurethane</p>\n\n                                <p>- Water column pressure: 4000 mm</p>\n\n                                <p>- Model is 187cm tall and wearing a size S / M</p>\n\n                                <p>- Unisex fit</p>\n\n                                <p>- Drawstring hood with built-in cap</p>\n\n                                <p>- Front placket with snap buttons</p>\n\n                                <p>- Ventilation under armpit</p>\n\n                                <p>- Adjustable cuffs</p>\n\n                                <p>- Double welted front pockets</p>\n\n                                <p>- Adjustable elastic string at hempen</p>\n\n                                <p>- Ultrasonically welded seams</p>\n\n                                <p>This is a unisex item, please check our clothing &amp; footwear sizing guide for specific Rains jacket sizing information. RAINS comes from the rainy nation of Denmark at the edge of the European continent, close to the ocean and with prevailing westerly winds; all factors that contribute to an average of 121 rain days each year. Arising from these rainy weather conditions comes the attitude that a quick rain shower may be beautiful, as well as moody- but first and foremost requires the right outfit. Rains focus on the whole experience of going outside on rainy days, issuing an invitation to explore even in the most mercurial weather.</p>','published','[\"products\\/57.jpg\",\"products\\/57-1.jpg\"]',NULL,'PK-160-A1',0,13,0,1,'in_stock',1,3,0,2,10,3.80,0,627,NULL,NULL,NULL,18,13,16,738,NULL,176274,'2025-09-11 01:46:20','2025-09-11 01:47:08',0,'Botble\\ACL\\Models\\User',NULL,'physical','2992559004623',NULL,0,'auto_generate',0,0,0,1,6,0),(58,'Iceland Luxury 4 Panini Rolls','iceland-luxury-4-panini-rolls','<ul><li> Unrestrained and portable active stereo speaker</li>\n            <li> Free from the confines of wires and chords</li>\n            <li> 20 hours of portable capabilities</li>\n            <li> Double-ended Coil Cord with 3.5mm Stereo Plugs Included</li>\n            <li> 3/4″ Dome Tweeters: 2X and 4″ Woofer: 1X</li></ul>','<p>Short Hooded Coat features a straight body, large pockets with button flaps, ventilation air holes, and a string detail along the hemline. The style is completed with a drawstring hood, featuring Rains’ signature built-in cap. Made from waterproof, matte PU, this lightweight unisex rain jacket is an ode to nostalgia through its classic silhouette and utilitarian design details.</p>\n                                <p>- Casual unisex fit</p>\n\n                                <p>- 64% polyester, 36% polyurethane</p>\n\n                                <p>- Water column pressure: 4000 mm</p>\n\n                                <p>- Model is 187cm tall and wearing a size S / M</p>\n\n                                <p>- Unisex fit</p>\n\n                                <p>- Drawstring hood with built-in cap</p>\n\n                                <p>- Front placket with snap buttons</p>\n\n                                <p>- Ventilation under armpit</p>\n\n                                <p>- Adjustable cuffs</p>\n\n                                <p>- Double welted front pockets</p>\n\n                                <p>- Adjustable elastic string at hempen</p>\n\n                                <p>- Ultrasonically welded seams</p>\n\n                                <p>This is a unisex item, please check our clothing &amp; footwear sizing guide for specific Rains jacket sizing information. RAINS comes from the rainy nation of Denmark at the edge of the European continent, close to the ocean and with prevailing westerly winds; all factors that contribute to an average of 121 rain days each year. Arising from these rainy weather conditions comes the attitude that a quick rain shower may be beautiful, as well as moody- but first and foremost requires the right outfit. Rains focus on the whole experience of going outside on rainy days, issuing an invitation to explore even in the most mercurial weather.</p>','published','[\"products\\/58.jpg\",\"products\\/58-1.jpg\",\"products\\/58-2.jpg\"]',NULL,'YV-169',0,10,0,1,'in_stock',1,3,0,0,8,3.50,0,1109,766,NULL,NULL,20,10,12,783,NULL,16763,'2025-09-11 01:46:20','2025-09-11 01:47:08',0,'Botble\\ACL\\Models\\User',NULL,'physical','6092266649622',NULL,0,'auto_generate',0,0,0,1,2,0),(59,'Iceland Soft Scoop Vanilla','iceland-soft-scoop-vanilla','<ul><li> Unrestrained and portable active stereo speaker</li>\n            <li> Free from the confines of wires and chords</li>\n            <li> 20 hours of portable capabilities</li>\n            <li> Double-ended Coil Cord with 3.5mm Stereo Plugs Included</li>\n            <li> 3/4″ Dome Tweeters: 2X and 4″ Woofer: 1X</li></ul>','<p>Short Hooded Coat features a straight body, large pockets with button flaps, ventilation air holes, and a string detail along the hemline. The style is completed with a drawstring hood, featuring Rains’ signature built-in cap. Made from waterproof, matte PU, this lightweight unisex rain jacket is an ode to nostalgia through its classic silhouette and utilitarian design details.</p>\n                                <p>- Casual unisex fit</p>\n\n                                <p>- 64% polyester, 36% polyurethane</p>\n\n                                <p>- Water column pressure: 4000 mm</p>\n\n                                <p>- Model is 187cm tall and wearing a size S / M</p>\n\n                                <p>- Unisex fit</p>\n\n                                <p>- Drawstring hood with built-in cap</p>\n\n                                <p>- Front placket with snap buttons</p>\n\n                                <p>- Ventilation under armpit</p>\n\n                                <p>- Adjustable cuffs</p>\n\n                                <p>- Double welted front pockets</p>\n\n                                <p>- Adjustable elastic string at hempen</p>\n\n                                <p>- Ultrasonically welded seams</p>\n\n                                <p>This is a unisex item, please check our clothing &amp; footwear sizing guide for specific Rains jacket sizing information. RAINS comes from the rainy nation of Denmark at the edge of the European continent, close to the ocean and with prevailing westerly winds; all factors that contribute to an average of 121 rain days each year. Arising from these rainy weather conditions comes the attitude that a quick rain shower may be beautiful, as well as moody- but first and foremost requires the right outfit. Rains focus on the whole experience of going outside on rainy days, issuing an invitation to explore even in the most mercurial weather.</p>','published','[\"products\\/59.jpg\",\"products\\/59-1.jpg\",\"products\\/59-2.jpg\",\"products\\/59-3.jpg\"]',NULL,'GB-191',0,19,0,1,'in_stock',1,2,0,0,8,2.13,0,1009,936,NULL,NULL,13,20,18,832,NULL,197606,'2025-09-11 01:46:20','2025-09-11 01:47:08',0,'Botble\\ACL\\Models\\User',NULL,'physical','8210205027760',NULL,0,'auto_generate',0,0,0,1,4,0),(60,'Iceland Spaghetti Bolognese (Digital)','iceland-spaghetti-bolognese','<ul><li> Unrestrained and portable active stereo speaker</li>\n            <li> Free from the confines of wires and chords</li>\n            <li> 20 hours of portable capabilities</li>\n            <li> Double-ended Coil Cord with 3.5mm Stereo Plugs Included</li>\n            <li> 3/4″ Dome Tweeters: 2X and 4″ Woofer: 1X</li></ul>','<p>Short Hooded Coat features a straight body, large pockets with button flaps, ventilation air holes, and a string detail along the hemline. The style is completed with a drawstring hood, featuring Rains’ signature built-in cap. Made from waterproof, matte PU, this lightweight unisex rain jacket is an ode to nostalgia through its classic silhouette and utilitarian design details.</p>\n                                <p>- Casual unisex fit</p>\n\n                                <p>- 64% polyester, 36% polyurethane</p>\n\n                                <p>- Water column pressure: 4000 mm</p>\n\n                                <p>- Model is 187cm tall and wearing a size S / M</p>\n\n                                <p>- Unisex fit</p>\n\n                                <p>- Drawstring hood with built-in cap</p>\n\n                                <p>- Front placket with snap buttons</p>\n\n                                <p>- Ventilation under armpit</p>\n\n                                <p>- Adjustable cuffs</p>\n\n                                <p>- Double welted front pockets</p>\n\n                                <p>- Adjustable elastic string at hempen</p>\n\n                                <p>- Ultrasonically welded seams</p>\n\n                                <p>This is a unisex item, please check our clothing &amp; footwear sizing guide for specific Rains jacket sizing information. RAINS comes from the rainy nation of Denmark at the edge of the European continent, close to the ocean and with prevailing westerly winds; all factors that contribute to an average of 121 rain days each year. Arising from these rainy weather conditions comes the attitude that a quick rain shower may be beautiful, as well as moody- but first and foremost requires the right outfit. Rains focus on the whole experience of going outside on rainy days, issuing an invitation to explore even in the most mercurial weather.</p>','published','[\"products\\/60.jpg\",\"products\\/60-1.jpg\",\"products\\/60-2.jpg\"]',NULL,'Z9-135-A1',0,13,0,1,'in_stock',0,2,0,3,7,2.86,0,1275,994.5,NULL,NULL,16,16,10,809,NULL,166356,'2025-09-11 01:46:20','2025-09-11 01:47:08',0,'Botble\\ACL\\Models\\User',NULL,'digital','0305049779840',NULL,0,'auto_generate',0,0,0,2,7,0),(61,'Kellogg’s Coco Pops Cereal','kelloggs-coco-pops-cereal','<ul><li> Unrestrained and portable active stereo speaker</li>\n            <li> Free from the confines of wires and chords</li>\n            <li> 20 hours of portable capabilities</li>\n            <li> Double-ended Coil Cord with 3.5mm Stereo Plugs Included</li>\n            <li> 3/4″ Dome Tweeters: 2X and 4″ Woofer: 1X</li></ul>','<p>Short Hooded Coat features a straight body, large pockets with button flaps, ventilation air holes, and a string detail along the hemline. The style is completed with a drawstring hood, featuring Rains’ signature built-in cap. Made from waterproof, matte PU, this lightweight unisex rain jacket is an ode to nostalgia through its classic silhouette and utilitarian design details.</p>\n                                <p>- Casual unisex fit</p>\n\n                                <p>- 64% polyester, 36% polyurethane</p>\n\n                                <p>- Water column pressure: 4000 mm</p>\n\n                                <p>- Model is 187cm tall and wearing a size S / M</p>\n\n                                <p>- Unisex fit</p>\n\n                                <p>- Drawstring hood with built-in cap</p>\n\n                                <p>- Front placket with snap buttons</p>\n\n                                <p>- Ventilation under armpit</p>\n\n                                <p>- Adjustable cuffs</p>\n\n                                <p>- Double welted front pockets</p>\n\n                                <p>- Adjustable elastic string at hempen</p>\n\n                                <p>- Ultrasonically welded seams</p>\n\n                                <p>This is a unisex item, please check our clothing &amp; footwear sizing guide for specific Rains jacket sizing information. RAINS comes from the rainy nation of Denmark at the edge of the European continent, close to the ocean and with prevailing westerly winds; all factors that contribute to an average of 121 rain days each year. Arising from these rainy weather conditions comes the attitude that a quick rain shower may be beautiful, as well as moody- but first and foremost requires the right outfit. Rains focus on the whole experience of going outside on rainy days, issuing an invitation to explore even in the most mercurial weather.</p>','published','[\"products\\/61.jpg\",\"products\\/61-1.jpg\"]',NULL,'KI-192',0,12,0,1,'in_stock',0,1,0,0,8,3.38,0,1124,509,NULL,NULL,11,10,20,818,NULL,171826,'2025-09-11 01:46:20','2025-09-11 01:47:08',0,'Botble\\ACL\\Models\\User',NULL,'physical','8725513492365',NULL,0,'auto_generate',0,0,0,1,4,0),(62,'Kit Kat Chunky Milk Chocolate','kit-kat-chunky-milk-chocolate','<ul><li> Unrestrained and portable active stereo speaker</li>\n            <li> Free from the confines of wires and chords</li>\n            <li> 20 hours of portable capabilities</li>\n            <li> Double-ended Coil Cord with 3.5mm Stereo Plugs Included</li>\n            <li> 3/4″ Dome Tweeters: 2X and 4″ Woofer: 1X</li></ul>','<p>Short Hooded Coat features a straight body, large pockets with button flaps, ventilation air holes, and a string detail along the hemline. The style is completed with a drawstring hood, featuring Rains’ signature built-in cap. Made from waterproof, matte PU, this lightweight unisex rain jacket is an ode to nostalgia through its classic silhouette and utilitarian design details.</p>\n                                <p>- Casual unisex fit</p>\n\n                                <p>- 64% polyester, 36% polyurethane</p>\n\n                                <p>- Water column pressure: 4000 mm</p>\n\n                                <p>- Model is 187cm tall and wearing a size S / M</p>\n\n                                <p>- Unisex fit</p>\n\n                                <p>- Drawstring hood with built-in cap</p>\n\n                                <p>- Front placket with snap buttons</p>\n\n                                <p>- Ventilation under armpit</p>\n\n                                <p>- Adjustable cuffs</p>\n\n                                <p>- Double welted front pockets</p>\n\n                                <p>- Adjustable elastic string at hempen</p>\n\n                                <p>- Ultrasonically welded seams</p>\n\n                                <p>This is a unisex item, please check our clothing &amp; footwear sizing guide for specific Rains jacket sizing information. RAINS comes from the rainy nation of Denmark at the edge of the European continent, close to the ocean and with prevailing westerly winds; all factors that contribute to an average of 121 rain days each year. Arising from these rainy weather conditions comes the attitude that a quick rain shower may be beautiful, as well as moody- but first and foremost requires the right outfit. Rains focus on the whole experience of going outside on rainy days, issuing an invitation to explore even in the most mercurial weather.</p>','published','[\"products\\/62.jpg\",\"products\\/62-1.jpg\"]',NULL,'UT-134',0,13,0,1,'in_stock',1,4,0,0,9,3.33,0,526,191,NULL,NULL,17,10,16,594,NULL,22744,'2025-09-11 01:46:20','2025-09-11 01:47:08',0,'Botble\\ACL\\Models\\User',NULL,'physical','2324553640161',NULL,0,'auto_generate',0,0,0,2,1,0),(63,'Large Green Bell Pepper','large-green-bell-pepper','<ul><li> Unrestrained and portable active stereo speaker</li>\n            <li> Free from the confines of wires and chords</li>\n            <li> 20 hours of portable capabilities</li>\n            <li> Double-ended Coil Cord with 3.5mm Stereo Plugs Included</li>\n            <li> 3/4″ Dome Tweeters: 2X and 4″ Woofer: 1X</li></ul>','<p>Short Hooded Coat features a straight body, large pockets with button flaps, ventilation air holes, and a string detail along the hemline. The style is completed with a drawstring hood, featuring Rains’ signature built-in cap. Made from waterproof, matte PU, this lightweight unisex rain jacket is an ode to nostalgia through its classic silhouette and utilitarian design details.</p>\n                                <p>- Casual unisex fit</p>\n\n                                <p>- 64% polyester, 36% polyurethane</p>\n\n                                <p>- Water column pressure: 4000 mm</p>\n\n                                <p>- Model is 187cm tall and wearing a size S / M</p>\n\n                                <p>- Unisex fit</p>\n\n                                <p>- Drawstring hood with built-in cap</p>\n\n                                <p>- Front placket with snap buttons</p>\n\n                                <p>- Ventilation under armpit</p>\n\n                                <p>- Adjustable cuffs</p>\n\n                                <p>- Double welted front pockets</p>\n\n                                <p>- Adjustable elastic string at hempen</p>\n\n                                <p>- Ultrasonically welded seams</p>\n\n                                <p>This is a unisex item, please check our clothing &amp; footwear sizing guide for specific Rains jacket sizing information. RAINS comes from the rainy nation of Denmark at the edge of the European continent, close to the ocean and with prevailing westerly winds; all factors that contribute to an average of 121 rain days each year. Arising from these rainy weather conditions comes the attitude that a quick rain shower may be beautiful, as well as moody- but first and foremost requires the right outfit. Rains focus on the whole experience of going outside on rainy days, issuing an invitation to explore even in the most mercurial weather.</p>','published','[\"products\\/63.jpg\",\"products\\/63-1.jpg\"]',NULL,'C4-136-A1',0,15,0,1,'in_stock',0,2,0,2,9,2.22,0,1188,NULL,NULL,NULL,14,16,13,500,NULL,124219,'2025-09-11 01:46:20','2025-09-11 01:47:08',0,'Botble\\ACL\\Models\\User',NULL,'physical','9380816161982',NULL,0,'auto_generate',0,0,0,2,3,0),(64,'Pice 94w Beasley Journal (Digital)','pice-94w-beasley-journal','<ul><li> Unrestrained and portable active stereo speaker</li>\n            <li> Free from the confines of wires and chords</li>\n            <li> 20 hours of portable capabilities</li>\n            <li> Double-ended Coil Cord with 3.5mm Stereo Plugs Included</li>\n            <li> 3/4″ Dome Tweeters: 2X and 4″ Woofer: 1X</li></ul>','<p>Short Hooded Coat features a straight body, large pockets with button flaps, ventilation air holes, and a string detail along the hemline. The style is completed with a drawstring hood, featuring Rains’ signature built-in cap. Made from waterproof, matte PU, this lightweight unisex rain jacket is an ode to nostalgia through its classic silhouette and utilitarian design details.</p>\n                                <p>- Casual unisex fit</p>\n\n                                <p>- 64% polyester, 36% polyurethane</p>\n\n                                <p>- Water column pressure: 4000 mm</p>\n\n                                <p>- Model is 187cm tall and wearing a size S / M</p>\n\n                                <p>- Unisex fit</p>\n\n                                <p>- Drawstring hood with built-in cap</p>\n\n                                <p>- Front placket with snap buttons</p>\n\n                                <p>- Ventilation under armpit</p>\n\n                                <p>- Adjustable cuffs</p>\n\n                                <p>- Double welted front pockets</p>\n\n                                <p>- Adjustable elastic string at hempen</p>\n\n                                <p>- Ultrasonically welded seams</p>\n\n                                <p>This is a unisex item, please check our clothing &amp; footwear sizing guide for specific Rains jacket sizing information. RAINS comes from the rainy nation of Denmark at the edge of the European continent, close to the ocean and with prevailing westerly winds; all factors that contribute to an average of 121 rain days each year. Arising from these rainy weather conditions comes the attitude that a quick rain shower may be beautiful, as well as moody- but first and foremost requires the right outfit. Rains focus on the whole experience of going outside on rainy days, issuing an invitation to explore even in the most mercurial weather.</p>','published','[\"products\\/64.jpg\",\"products\\/64-1.jpg\"]',NULL,'7C-114',0,15,0,1,'in_stock',1,1,0,0,7,3.00,0,901,105,NULL,NULL,13,16,13,726,NULL,167444,'2025-09-11 01:46:21','2025-09-11 01:47:08',0,'Botble\\ACL\\Models\\User',NULL,'digital','8681908582281',NULL,0,'auto_generate',0,0,0,1,4,0),(65,'Province Piece Glass Drinking Glass','province-piece-glass-drinking-glass','<ul><li> Unrestrained and portable active stereo speaker</li>\n            <li> Free from the confines of wires and chords</li>\n            <li> 20 hours of portable capabilities</li>\n            <li> Double-ended Coil Cord with 3.5mm Stereo Plugs Included</li>\n            <li> 3/4″ Dome Tweeters: 2X and 4″ Woofer: 1X</li></ul>','<p>Short Hooded Coat features a straight body, large pockets with button flaps, ventilation air holes, and a string detail along the hemline. The style is completed with a drawstring hood, featuring Rains’ signature built-in cap. Made from waterproof, matte PU, this lightweight unisex rain jacket is an ode to nostalgia through its classic silhouette and utilitarian design details.</p>\n                                <p>- Casual unisex fit</p>\n\n                                <p>- 64% polyester, 36% polyurethane</p>\n\n                                <p>- Water column pressure: 4000 mm</p>\n\n                                <p>- Model is 187cm tall and wearing a size S / M</p>\n\n                                <p>- Unisex fit</p>\n\n                                <p>- Drawstring hood with built-in cap</p>\n\n                                <p>- Front placket with snap buttons</p>\n\n                                <p>- Ventilation under armpit</p>\n\n                                <p>- Adjustable cuffs</p>\n\n                                <p>- Double welted front pockets</p>\n\n                                <p>- Adjustable elastic string at hempen</p>\n\n                                <p>- Ultrasonically welded seams</p>\n\n                                <p>This is a unisex item, please check our clothing &amp; footwear sizing guide for specific Rains jacket sizing information. RAINS comes from the rainy nation of Denmark at the edge of the European continent, close to the ocean and with prevailing westerly winds; all factors that contribute to an average of 121 rain days each year. Arising from these rainy weather conditions comes the attitude that a quick rain shower may be beautiful, as well as moody- but first and foremost requires the right outfit. Rains focus on the whole experience of going outside on rainy days, issuing an invitation to explore even in the most mercurial weather.</p>','published','[\"products\\/65.jpg\",\"products\\/65-1.jpg\",\"products\\/65-2.jpg\"]',NULL,'LE-105-A1',0,20,0,1,'in_stock',1,3,0,2,9,3.22,0,708,NULL,NULL,NULL,12,14,18,885,NULL,182297,'2025-09-11 01:46:21','2025-09-11 01:47:09',0,'Botble\\ACL\\Models\\User',NULL,'physical','2448781555995',NULL,0,'auto_generate',0,0,0,2,1,0),(66,'Dual Camera 20MP',NULL,NULL,NULL,'published','[\"products\\/1.jpg\"]',NULL,'85-106-A1',0,19,0,1,'in_stock',0,5,1,0,0,0.00,0,80.25,NULL,NULL,NULL,18,11,15,762,NULL,0,'2025-09-11 01:46:21','2025-09-11 01:47:00',0,'Botble\\ACL\\Models\\User',NULL,'physical','7946546989924',NULL,0,'auto_generate',0,0,0,NULL,NULL,0),(67,'Dual Camera 20MP',NULL,NULL,NULL,'published','[\"products\\/1.jpg\"]',NULL,'85-106-A1-A2',0,19,0,1,'in_stock',0,5,1,0,0,0.00,0,80.25,NULL,NULL,NULL,18,11,15,762,NULL,0,'2025-09-11 01:46:21','2025-09-11 01:47:00',0,'Botble\\ACL\\Models\\User',NULL,'physical','8479559674833',NULL,0,'auto_generate',0,0,0,NULL,NULL,0),(68,'Dual Camera 20MP',NULL,NULL,NULL,'published','[\"products\\/1.jpg\"]',NULL,'85-106-A1-A3',0,19,0,1,'in_stock',0,5,1,0,0,0.00,0,80.25,NULL,NULL,NULL,18,11,15,762,NULL,0,'2025-09-11 01:46:21','2025-09-11 01:47:00',0,'Botble\\ACL\\Models\\User',NULL,'physical','3626204830365',NULL,0,'auto_generate',0,0,0,NULL,NULL,0),(69,'Smart Watches',NULL,NULL,NULL,'published','[\"products\\/2-1.jpg\"]',NULL,'CL-126-A1',0,17,0,1,'in_stock',0,5,1,0,0,0.00,0,40.5,NULL,NULL,NULL,15,18,10,593,NULL,0,'2025-09-11 01:46:21','2025-09-11 01:47:00',0,'Botble\\ACL\\Models\\User',NULL,'physical','7868537854618',NULL,0,'auto_generate',0,0,0,NULL,NULL,0),(70,'Smart Watches',NULL,NULL,NULL,'published','[\"products\\/2-2.jpg\"]',NULL,'CL-126-A1-A2',0,17,0,1,'in_stock',0,5,1,0,0,0.00,0,40.5,NULL,NULL,NULL,15,18,10,593,NULL,0,'2025-09-11 01:46:21','2025-09-11 01:47:00',0,'Botble\\ACL\\Models\\User',NULL,'physical','7858726611986',NULL,0,'auto_generate',0,0,0,NULL,NULL,0),(71,'Smart Watches',NULL,NULL,NULL,'published','[\"products\\/2-3.jpg\"]',NULL,'CL-126-A1-A3',0,17,0,1,'in_stock',0,5,1,0,0,0.00,0,40.5,NULL,NULL,NULL,15,18,10,593,NULL,0,'2025-09-11 01:46:22','2025-09-11 01:47:00',0,'Botble\\ACL\\Models\\User',NULL,'physical','7152168915801',NULL,0,'auto_generate',0,0,0,NULL,NULL,0),(72,'Smart Watches',NULL,NULL,NULL,'published','[\"products\\/2.jpg\"]',NULL,'CL-126-A1-A4',0,17,0,1,'in_stock',0,5,1,0,0,0.00,0,40.5,NULL,NULL,NULL,15,18,10,593,NULL,0,'2025-09-11 01:46:22','2025-09-11 01:47:00',0,'Botble\\ACL\\Models\\User',NULL,'physical','7202473983436',NULL,0,'auto_generate',0,0,0,NULL,NULL,0),(73,'Smart Watches',NULL,NULL,NULL,'published','[\"products\\/2.jpg\"]',NULL,'CL-126-A1-A5',0,17,0,1,'in_stock',0,5,1,0,0,0.00,0,40.5,NULL,NULL,NULL,15,18,10,593,NULL,0,'2025-09-11 01:46:22','2025-09-11 01:47:00',0,'Botble\\ACL\\Models\\User',NULL,'physical','7712018832810',NULL,0,'auto_generate',0,0,0,NULL,NULL,0),(74,'Beat Headphone',NULL,NULL,NULL,'published','[\"products\\/3.jpg\"]',NULL,'8J-115-A1',0,18,0,1,'in_stock',0,1,1,0,0,0.00,0,20,NULL,NULL,NULL,20,20,17,826,NULL,0,'2025-09-11 01:46:22','2025-09-11 01:47:00',0,'Botble\\ACL\\Models\\User',NULL,'physical','7327307582095',NULL,0,'auto_generate',0,0,0,NULL,NULL,0),(75,'Beat Headphone',NULL,NULL,NULL,'published','[\"products\\/3.jpg\"]',NULL,'8J-115-A1-A2',0,18,0,1,'in_stock',0,1,1,0,0,0.00,0,20,NULL,NULL,NULL,20,20,17,826,NULL,0,'2025-09-11 01:46:22','2025-09-11 01:47:00',0,'Botble\\ACL\\Models\\User',NULL,'physical','0182959959070',NULL,0,'auto_generate',0,0,0,NULL,NULL,0),(76,'Smart Watch External',NULL,NULL,NULL,'published','[\"products\\/5-1.jpg\"]',NULL,'LH-160-A1',0,13,0,1,'in_stock',0,1,1,0,0,0.00,0,839,NULL,NULL,NULL,12,20,17,805,NULL,0,'2025-09-11 01:46:22','2025-09-11 01:47:01',0,'Botble\\ACL\\Models\\User',NULL,'physical','5624680576331',NULL,0,'auto_generate',0,0,0,NULL,NULL,0),(77,'Smart Watch External',NULL,NULL,NULL,'published','[\"products\\/5-2.jpg\"]',NULL,'LH-160-A1-A2',0,13,0,1,'in_stock',0,1,1,0,0,0.00,0,839,NULL,NULL,NULL,12,20,17,805,NULL,0,'2025-09-11 01:46:22','2025-09-11 01:47:01',0,'Botble\\ACL\\Models\\User',NULL,'physical','3868999409436',NULL,0,'auto_generate',0,0,0,NULL,NULL,0),(78,'Smart Watch External',NULL,NULL,NULL,'published','[\"products\\/5-3.jpg\"]',NULL,'LH-160-A1-A3',0,13,0,1,'in_stock',0,1,1,0,0,0.00,0,839,NULL,NULL,NULL,12,20,17,805,NULL,0,'2025-09-11 01:46:22','2025-09-11 01:47:01',0,'Botble\\ACL\\Models\\User',NULL,'physical','2728839224074',NULL,0,'auto_generate',0,0,0,NULL,NULL,0),(79,'Smart Watch External',NULL,NULL,NULL,'published','[\"products\\/5.jpg\"]',NULL,'LH-160-A1-A4',0,13,0,1,'in_stock',0,1,1,0,0,0.00,0,839,NULL,NULL,NULL,12,20,17,805,NULL,0,'2025-09-11 01:46:22','2025-09-11 01:47:01',0,'Botble\\ACL\\Models\\User',NULL,'physical','3684291335835',NULL,0,'auto_generate',0,0,0,NULL,NULL,0),(80,'Nikon HD camera',NULL,NULL,NULL,'published','[\"products\\/6.jpg\"]',NULL,'2Q-162-A1',0,15,0,1,'in_stock',0,4,1,0,0,0.00,0,416,NULL,NULL,NULL,13,19,20,692,NULL,0,'2025-09-11 01:46:22','2025-09-11 01:47:01',0,'Botble\\ACL\\Models\\User',NULL,'physical','8645756986868',NULL,0,'auto_generate',0,0,0,NULL,NULL,0),(81,'Nikon HD camera',NULL,NULL,NULL,'published','[\"products\\/6.jpg\"]',NULL,'2Q-162-A1-A2',0,15,0,1,'in_stock',0,4,1,0,0,0.00,0,416,NULL,NULL,NULL,13,19,20,692,NULL,0,'2025-09-11 01:46:23','2025-09-11 01:47:01',0,'Botble\\ACL\\Models\\User',NULL,'physical','2759325486959',NULL,0,'auto_generate',0,0,0,NULL,NULL,0),(82,'Smart Televisions (Digital)',NULL,NULL,NULL,'published','[\"products\\/8-1.jpg\"]',NULL,'XR-154-A1',0,17,0,1,'in_stock',0,2,1,0,0,0.00,0,1117,804.24,NULL,NULL,13,10,15,687,NULL,0,'2025-09-11 01:46:23','2025-09-11 01:47:01',0,'Botble\\ACL\\Models\\User',NULL,'digital','3352400914553',NULL,0,'auto_generate',0,0,0,NULL,NULL,0),(83,'Samsung Smart Phone',NULL,NULL,NULL,'published','[\"products\\/9-1.jpg\"]',NULL,'EQ-112-A1',0,13,0,1,'in_stock',0,2,1,0,0,0.00,0,569,NULL,NULL,NULL,12,20,15,868,NULL,0,'2025-09-11 01:46:23','2025-09-11 01:47:01',0,'Botble\\ACL\\Models\\User',NULL,'physical','1110916303122',NULL,0,'auto_generate',0,0,0,NULL,NULL,0),(84,'EPSION Plaster Printer (Digital)',NULL,NULL,NULL,'published','[\"products\\/12-1.jpg\"]',NULL,'JD-179-A1',0,19,0,1,'in_stock',0,1,1,0,0,0.00,0,552,391.92,NULL,NULL,15,12,15,739,NULL,0,'2025-09-11 01:46:23','2025-09-11 01:47:01',0,'Botble\\ACL\\Models\\User',NULL,'digital','9565500393850',NULL,0,'auto_generate',0,0,0,NULL,NULL,0),(85,'EPSION Plaster Printer (Digital)',NULL,NULL,NULL,'published','[\"products\\/12-2.jpg\"]',NULL,'JD-179-A1-A2',0,19,0,1,'in_stock',0,1,1,0,0,0.00,0,552,391.92,NULL,NULL,15,12,15,739,NULL,0,'2025-09-11 01:46:23','2025-09-11 01:47:01',0,'Botble\\ACL\\Models\\User',NULL,'digital','4043800818341',NULL,0,'auto_generate',0,0,0,NULL,NULL,0),(86,'EPSION Plaster Printer (Digital)',NULL,NULL,NULL,'published','[\"products\\/12-3.jpg\"]',NULL,'JD-179-A1-A3',0,19,0,1,'in_stock',0,1,1,0,0,0.00,0,552,408.48,NULL,NULL,15,12,15,739,NULL,0,'2025-09-11 01:46:23','2025-09-11 01:47:01',0,'Botble\\ACL\\Models\\User',NULL,'digital','4403993157564',NULL,0,'auto_generate',0,0,0,NULL,NULL,0),(87,'EPSION Plaster Printer (Digital)',NULL,NULL,NULL,'published','[\"products\\/12.jpg\"]',NULL,'JD-179-A1-A4',0,19,0,1,'in_stock',0,1,1,0,0,0.00,0,552,485.76,NULL,NULL,15,12,15,739,NULL,0,'2025-09-11 01:46:24','2025-09-11 01:47:01',0,'Botble\\ACL\\Models\\User',NULL,'digital','8879635128357',NULL,0,'auto_generate',0,0,0,NULL,NULL,0),(88,'B&O Play Mini Bluetooth Speaker',NULL,NULL,NULL,'published','[\"products\\/14.jpg\"]',NULL,'AG-194-A1',0,20,0,1,'in_stock',0,5,1,0,0,0.00,0,545,NULL,NULL,NULL,11,19,17,535,NULL,0,'2025-09-11 01:46:24','2025-09-11 01:47:02',0,'Botble\\ACL\\Models\\User',NULL,'physical','9452273083043',NULL,0,'auto_generate',0,0,0,NULL,NULL,0),(89,'B&O Play Mini Bluetooth Speaker',NULL,NULL,NULL,'published','[\"products\\/14.jpg\"]',NULL,'AG-194-A1-A2',0,20,0,1,'in_stock',0,5,1,0,0,0.00,0,545,NULL,NULL,NULL,11,19,17,535,NULL,0,'2025-09-11 01:46:25','2025-09-11 01:47:02',0,'Botble\\ACL\\Models\\User',NULL,'physical','8489386924308',NULL,0,'auto_generate',0,0,0,NULL,NULL,0),(90,'Apple MacBook Air Retina 13.3-Inch Laptop',NULL,NULL,NULL,'published','[\"products\\/15-1.jpg\"]',NULL,'SQ-142-A1',0,12,0,1,'in_stock',0,2,1,0,0,0.00,0,566,NULL,NULL,NULL,16,11,20,638,NULL,0,'2025-09-11 01:46:25','2025-09-11 01:47:02',0,'Botble\\ACL\\Models\\User',NULL,'physical','4162762116071',NULL,0,'auto_generate',0,0,0,NULL,NULL,0),(91,'Apple MacBook Air Retina 13.3-Inch Laptop',NULL,NULL,NULL,'published','[\"products\\/15.jpg\"]',NULL,'SQ-142-A1-A2',0,12,0,1,'in_stock',0,2,1,0,0,0.00,0,566,NULL,NULL,NULL,16,11,20,638,NULL,0,'2025-09-11 01:46:25','2025-09-11 01:47:02',0,'Botble\\ACL\\Models\\User',NULL,'physical','5082740511478',NULL,0,'auto_generate',0,0,0,NULL,NULL,0),(92,'Apple MacBook Air Retina 13.3-Inch Laptop',NULL,NULL,NULL,'published','[\"products\\/15.jpg\"]',NULL,'SQ-142-A1-A3',0,12,0,1,'in_stock',0,2,1,0,0,0.00,0,566,NULL,NULL,NULL,16,11,20,638,NULL,0,'2025-09-11 01:46:25','2025-09-11 01:47:02',0,'Botble\\ACL\\Models\\User',NULL,'physical','7536927585700',NULL,0,'auto_generate',0,0,0,NULL,NULL,0),(93,'Apple MacBook Air Retina 13.3-Inch Laptop',NULL,NULL,NULL,'published','[\"products\\/15.jpg\"]',NULL,'SQ-142-A1-A4',0,12,0,1,'in_stock',0,2,1,0,0,0.00,0,566,NULL,NULL,NULL,16,11,20,638,NULL,0,'2025-09-11 01:46:25','2025-09-11 01:47:02',0,'Botble\\ACL\\Models\\User',NULL,'physical','4349669136108',NULL,0,'auto_generate',0,0,0,NULL,NULL,0),(94,'Samsung Gear VR Virtual Reality Headset',NULL,NULL,NULL,'published','[\"products\\/17-1.jpg\"]',NULL,'TO-124-A1',0,12,0,1,'in_stock',0,3,1,0,0,0.00,0,524,NULL,NULL,NULL,12,11,11,671,NULL,0,'2025-09-11 01:46:25','2025-09-11 01:47:02',0,'Botble\\ACL\\Models\\User',NULL,'physical','8754219020589',NULL,0,'auto_generate',0,0,0,NULL,NULL,0),(95,'Samsung Gear VR Virtual Reality Headset',NULL,NULL,NULL,'published','[\"products\\/17-2.jpg\"]',NULL,'TO-124-A1-A2',0,12,0,1,'in_stock',0,3,1,0,0,0.00,0,524,NULL,NULL,NULL,12,11,11,671,NULL,0,'2025-09-11 01:46:26','2025-09-11 01:47:02',0,'Botble\\ACL\\Models\\User',NULL,'physical','0822004602574',NULL,0,'auto_generate',0,0,0,NULL,NULL,0),(96,'NYX Beauty Couton Pallete Makeup 12',NULL,NULL,NULL,'published','[\"products\\/19-1.jpg\"]',NULL,'84-190-A1',0,18,0,1,'in_stock',0,4,1,0,0,0.00,0,1105,NULL,NULL,NULL,14,20,20,689,NULL,0,'2025-09-11 01:46:26','2025-09-11 01:47:02',0,'Botble\\ACL\\Models\\User',NULL,'physical','0156538411723',NULL,0,'auto_generate',0,0,0,NULL,NULL,0),(97,'NYX Beauty Couton Pallete Makeup 12',NULL,NULL,NULL,'published','[\"products\\/19-2.jpg\"]',NULL,'84-190-A1-A2',0,18,0,1,'in_stock',0,4,1,0,0,0.00,0,1105,NULL,NULL,NULL,14,20,20,689,NULL,0,'2025-09-11 01:46:26','2025-09-11 01:47:02',0,'Botble\\ACL\\Models\\User',NULL,'physical','7453773010128',NULL,0,'auto_generate',0,0,0,NULL,NULL,0),(98,'NYX Beauty Couton Pallete Makeup 12',NULL,NULL,NULL,'published','[\"products\\/19-3.jpg\"]',NULL,'84-190-A1-A3',0,18,0,1,'in_stock',0,4,1,0,0,0.00,0,1105,NULL,NULL,NULL,14,20,20,689,NULL,0,'2025-09-11 01:46:26','2025-09-11 01:47:02',0,'Botble\\ACL\\Models\\User',NULL,'physical','6120858771595',NULL,0,'auto_generate',0,0,0,NULL,NULL,0),(99,'Baxter Care Hair Kit For Bearded Mens',NULL,NULL,NULL,'published','[\"products\\/22-1.jpg\"]',NULL,'QS-154-A1',0,12,0,1,'in_stock',0,4,1,0,0,0.00,0,510,NULL,NULL,NULL,19,13,18,554,NULL,0,'2025-09-11 01:46:26','2025-09-11 01:47:03',0,'Botble\\ACL\\Models\\User',NULL,'physical','5973199683130',NULL,0,'auto_generate',0,0,0,NULL,NULL,0),(100,'Baxter Care Hair Kit For Bearded Mens',NULL,NULL,NULL,'published','[\"products\\/22-2.jpg\"]',NULL,'QS-154-A1-A2',0,12,0,1,'in_stock',0,4,1,0,0,0.00,0,510,NULL,NULL,NULL,19,13,18,554,NULL,0,'2025-09-11 01:46:26','2025-09-11 01:47:03',0,'Botble\\ACL\\Models\\User',NULL,'physical','8008536425603',NULL,0,'auto_generate',0,0,0,NULL,NULL,0),(101,'Baxter Care Hair Kit For Bearded Mens',NULL,NULL,NULL,'published','[\"products\\/22-3.jpg\"]',NULL,'QS-154-A1-A3',0,12,0,1,'in_stock',0,4,1,0,0,0.00,0,510,NULL,NULL,NULL,19,13,18,554,NULL,0,'2025-09-11 01:46:26','2025-09-11 01:47:03',0,'Botble\\ACL\\Models\\User',NULL,'physical','6027310610327',NULL,0,'auto_generate',0,0,0,NULL,NULL,0),(102,'Soft Mochi & Galeto Ice Cream',NULL,NULL,NULL,'published','[\"products\\/27-1.jpg\"]',NULL,'XQ-192-A1',0,19,0,1,'in_stock',0,3,1,0,0,0.00,0,585,NULL,NULL,NULL,10,17,20,840,NULL,0,'2025-09-11 01:46:27','2025-09-11 01:47:03',0,'Botble\\ACL\\Models\\User',NULL,'physical','4323455577030',NULL,0,'auto_generate',0,0,0,NULL,NULL,0),(103,'Soft Mochi & Galeto Ice Cream',NULL,NULL,NULL,'published','[\"products\\/27.jpg\"]',NULL,'XQ-192-A1-A2',0,19,0,1,'in_stock',0,3,1,0,0,0.00,0,585,NULL,NULL,NULL,10,17,20,840,NULL,0,'2025-09-11 01:46:27','2025-09-11 01:47:03',0,'Botble\\ACL\\Models\\User',NULL,'physical','3955317828212',NULL,0,'auto_generate',0,0,0,NULL,NULL,0),(104,'Soft Mochi & Galeto Ice Cream',NULL,NULL,NULL,'published','[\"products\\/27.jpg\"]',NULL,'XQ-192-A1-A3',0,19,0,1,'in_stock',0,3,1,0,0,0.00,0,585,NULL,NULL,NULL,10,17,20,840,NULL,0,'2025-09-11 01:46:27','2025-09-11 01:47:03',0,'Botble\\ACL\\Models\\User',NULL,'physical','4830386788959',NULL,0,'auto_generate',0,0,0,NULL,NULL,0),(105,'Bar S – Classic Bun Length Franks',NULL,NULL,NULL,'published','[\"products\\/30-1.jpg\"]',NULL,'S0-176-A1',0,12,0,1,'in_stock',0,5,1,0,0,0.00,0,1153,NULL,NULL,NULL,12,14,12,770,NULL,0,'2025-09-11 01:46:27','2025-09-11 01:47:04',0,'Botble\\ACL\\Models\\User',NULL,'physical','0639900659768',NULL,0,'auto_generate',0,0,0,NULL,NULL,0),(106,'Bar S – Classic Bun Length Franks',NULL,NULL,NULL,'published','[\"products\\/30-2.jpg\"]',NULL,'S0-176-A1-A2',0,12,0,1,'in_stock',0,5,1,0,0,0.00,0,1153,NULL,NULL,NULL,12,14,12,770,NULL,0,'2025-09-11 01:46:27','2025-09-11 01:47:04',0,'Botble\\ACL\\Models\\User',NULL,'physical','7200812630898',NULL,0,'auto_generate',0,0,0,NULL,NULL,0),(107,'Bar S – Classic Bun Length Franks',NULL,NULL,NULL,'published','[\"products\\/30.jpg\"]',NULL,'S0-176-A1-A3',0,12,0,1,'in_stock',0,5,1,0,0,0.00,0,1153,NULL,NULL,NULL,12,14,12,770,NULL,0,'2025-09-11 01:46:27','2025-09-11 01:47:04',0,'Botble\\ACL\\Models\\User',NULL,'physical','1231923067873',NULL,0,'auto_generate',0,0,0,NULL,NULL,0),(108,'Bar S – Classic Bun Length Franks',NULL,NULL,NULL,'published','[\"products\\/30.jpg\"]',NULL,'S0-176-A1-A4',0,12,0,1,'in_stock',0,5,1,0,0,0.00,0,1153,NULL,NULL,NULL,12,14,12,770,NULL,0,'2025-09-11 01:46:27','2025-09-11 01:47:04',0,'Botble\\ACL\\Models\\User',NULL,'physical','9871915129244',NULL,0,'auto_generate',0,0,0,NULL,NULL,0),(109,'Broccoli Crowns',NULL,NULL,NULL,'published','[\"products\\/31-1.jpg\"]',NULL,'O5-133-A1',0,11,0,1,'in_stock',0,3,1,0,0,0.00,0,620,NULL,NULL,NULL,17,15,10,743,NULL,0,'2025-09-11 01:46:27','2025-09-11 01:47:04',0,'Botble\\ACL\\Models\\User',NULL,'physical','7873266737255',NULL,0,'auto_generate',0,0,0,NULL,NULL,0),(110,'Iceland 3 Solo Exotic Burst',NULL,NULL,NULL,'published','[\"products\\/34-1.jpg\"]',NULL,'AD-161-A1',0,12,0,1,'in_stock',0,3,1,0,0,0.00,0,592,NULL,NULL,NULL,17,18,14,790,NULL,0,'2025-09-11 01:46:28','2025-09-11 01:47:04',0,'Botble\\ACL\\Models\\User',NULL,'physical','9821464618430',NULL,0,'auto_generate',0,0,0,NULL,NULL,0),(111,'Dolmio Bolognese Pasta Sauce',NULL,NULL,NULL,'published','[\"products\\/37-1.jpg\"]',NULL,'EA-137-A1',0,10,0,1,'in_stock',0,5,1,0,0,0.00,0,980,NULL,NULL,NULL,16,19,20,638,NULL,0,'2025-09-11 01:46:28','2025-09-11 01:47:05',0,'Botble\\ACL\\Models\\User',NULL,'physical','7603269359129',NULL,0,'auto_generate',0,0,0,NULL,NULL,0),(112,'Dolmio Bolognese Pasta Sauce',NULL,NULL,NULL,'published','[\"products\\/37-2.jpg\"]',NULL,'EA-137-A1-A2',0,10,0,1,'in_stock',0,5,1,0,0,0.00,0,980,NULL,NULL,NULL,16,19,20,638,NULL,0,'2025-09-11 01:46:28','2025-09-11 01:47:05',0,'Botble\\ACL\\Models\\User',NULL,'physical','0407795330488',NULL,0,'auto_generate',0,0,0,NULL,NULL,0),(113,'Dolmio Bolognese Pasta Sauce',NULL,NULL,NULL,'published','[\"products\\/37.jpg\"]',NULL,'EA-137-A1-A3',0,10,0,1,'in_stock',0,5,1,0,0,0.00,0,980,NULL,NULL,NULL,16,19,20,638,NULL,0,'2025-09-11 01:46:28','2025-09-11 01:47:05',0,'Botble\\ACL\\Models\\User',NULL,'physical','8061353436238',NULL,0,'auto_generate',0,0,0,NULL,NULL,0),(114,'Wayfair Basics Dinner Plate Storage',NULL,NULL,NULL,'published','[\"products\\/39-1.jpg\"]',NULL,'GK-185-A1',0,16,0,1,'in_stock',0,4,1,0,0,0.00,0,1289,NULL,NULL,NULL,15,12,17,891,NULL,0,'2025-09-11 01:46:28','2025-09-11 01:47:05',0,'Botble\\ACL\\Models\\User',NULL,'physical','5394099186949',NULL,0,'auto_generate',0,0,0,NULL,NULL,0),(115,'Miko The Panda Water Bottle (Digital)',NULL,NULL,NULL,'published','[\"products\\/40-1.jpg\"]',NULL,'RK-104-A1',0,17,0,1,'in_stock',0,1,1,0,0,0.00,0,736,537.28,NULL,NULL,18,11,17,584,NULL,0,'2025-09-11 01:46:28','2025-09-11 01:47:05',0,'Botble\\ACL\\Models\\User',NULL,'digital','1913165486406',NULL,0,'auto_generate',0,0,0,NULL,NULL,0),(116,'Miko The Panda Water Bottle (Digital)',NULL,NULL,NULL,'published','[\"products\\/40.jpg\"]',NULL,'RK-104-A1-A2',0,17,0,1,'in_stock',0,1,1,0,0,0.00,0,736,647.68,NULL,NULL,18,11,17,584,NULL,0,'2025-09-11 01:46:29','2025-09-11 01:47:05',0,'Botble\\ACL\\Models\\User',NULL,'digital','7209045796807',NULL,0,'auto_generate',0,0,0,NULL,NULL,0),(117,'Sesame Seed Bread',NULL,NULL,NULL,'published','[\"products\\/41-1.jpg\"]',NULL,'DP-179-A1',0,16,0,1,'in_stock',0,5,1,0,0,0.00,0,938,NULL,NULL,NULL,17,16,16,577,NULL,0,'2025-09-11 01:46:29','2025-09-11 01:47:05',0,'Botble\\ACL\\Models\\User',NULL,'physical','0673658050408',NULL,0,'auto_generate',0,0,0,NULL,NULL,0),(118,'Avocado, Hass Large',NULL,NULL,NULL,'published','[\"products\\/43-1.jpg\"]',NULL,'GS-154-A1',0,14,0,1,'in_stock',0,4,1,0,0,0.00,0,1176,NULL,NULL,NULL,12,10,20,526,NULL,0,'2025-09-11 01:46:29','2025-09-11 01:47:06',0,'Botble\\ACL\\Models\\User',NULL,'physical','1712845088714',NULL,0,'auto_generate',0,0,0,NULL,NULL,0),(119,'Avocado, Hass Large',NULL,NULL,NULL,'published','[\"products\\/43-2.jpg\"]',NULL,'GS-154-A1-A2',0,14,0,1,'in_stock',0,4,1,0,0,0.00,0,1176,NULL,NULL,NULL,12,10,20,526,NULL,0,'2025-09-11 01:46:29','2025-09-11 01:47:06',0,'Botble\\ACL\\Models\\User',NULL,'physical','2207032259477',NULL,0,'auto_generate',0,0,0,NULL,NULL,0),(120,'Avocado, Hass Large',NULL,NULL,NULL,'published','[\"products\\/43.jpg\"]',NULL,'GS-154-A1-A3',0,14,0,1,'in_stock',0,4,1,0,0,0.00,0,1176,NULL,NULL,NULL,12,10,20,526,NULL,0,'2025-09-11 01:46:29','2025-09-11 01:47:06',0,'Botble\\ACL\\Models\\User',NULL,'physical','3806599935948',NULL,0,'auto_generate',0,0,0,NULL,NULL,0),(121,'Avocado, Hass Large',NULL,NULL,NULL,'published','[\"products\\/43.jpg\"]',NULL,'GS-154-A1-A4',0,14,0,1,'in_stock',0,4,1,0,0,0.00,0,1176,NULL,NULL,NULL,12,10,20,526,NULL,0,'2025-09-11 01:46:29','2025-09-11 01:47:06',0,'Botble\\ACL\\Models\\User',NULL,'physical','3764861954946',NULL,0,'auto_generate',0,0,0,NULL,NULL,0),(122,'Italia Beef Lasagne (Digital)',NULL,NULL,NULL,'published','[\"products\\/44-1.jpg\"]',NULL,'0S-181-A1',0,13,0,1,'in_stock',0,5,1,0,0,0.00,0,1098,812.52,NULL,NULL,14,16,12,570,NULL,0,'2025-09-11 01:46:29','2025-09-11 01:47:06',0,'Botble\\ACL\\Models\\User',NULL,'digital','8657032238431',NULL,0,'auto_generate',0,0,0,NULL,NULL,0),(123,'Italia Beef Lasagne (Digital)',NULL,NULL,NULL,'published','[\"products\\/44-2.jpg\"]',NULL,'0S-181-A1-A2',0,13,0,1,'in_stock',0,5,1,0,0,0.00,0,1098,922.32,NULL,NULL,14,16,12,570,NULL,0,'2025-09-11 01:46:29','2025-09-11 01:47:06',0,'Botble\\ACL\\Models\\User',NULL,'digital','5380882617974',NULL,0,'auto_generate',0,0,0,NULL,NULL,0),(124,'Italia Beef Lasagne (Digital)',NULL,NULL,NULL,'published','[\"products\\/44.jpg\"]',NULL,'0S-181-A1-A3',0,13,0,1,'in_stock',0,5,1,0,0,0.00,0,1098,790.56,NULL,NULL,14,16,12,570,NULL,0,'2025-09-11 01:46:29','2025-09-11 01:47:06',0,'Botble\\ACL\\Models\\User',NULL,'digital','1476746023877',NULL,0,'auto_generate',0,0,0,NULL,NULL,0),(125,'Maxwell House Classic Roast Mocha',NULL,NULL,NULL,'published','[\"products\\/45-1.jpg\"]',NULL,'26-154-A1',0,20,0,1,'in_stock',0,1,1,0,0,0.00,0,786,NULL,NULL,NULL,18,13,17,587,NULL,0,'2025-09-11 01:46:30','2025-09-11 01:47:06',0,'Botble\\ACL\\Models\\User',NULL,'physical','7419694041993',NULL,0,'auto_generate',0,0,0,NULL,NULL,0),(126,'Maxwell House Classic Roast Mocha',NULL,NULL,NULL,'published','[\"products\\/45.jpg\"]',NULL,'26-154-A1-A2',0,20,0,1,'in_stock',0,1,1,0,0,0.00,0,786,NULL,NULL,NULL,18,13,17,587,NULL,0,'2025-09-11 01:46:30','2025-09-11 01:47:06',0,'Botble\\ACL\\Models\\User',NULL,'physical','8728958959349',NULL,0,'auto_generate',0,0,0,NULL,NULL,0),(127,'Maxwell House Classic Roast Mocha',NULL,NULL,NULL,'published','[\"products\\/45.jpg\"]',NULL,'26-154-A1-A3',0,20,0,1,'in_stock',0,1,1,0,0,0.00,0,786,NULL,NULL,NULL,18,13,17,587,NULL,0,'2025-09-11 01:46:30','2025-09-11 01:47:06',0,'Botble\\ACL\\Models\\User',NULL,'physical','5473166899941',NULL,0,'auto_generate',0,0,0,NULL,NULL,0),(128,'Maxwell House Classic Roast Mocha',NULL,NULL,NULL,'published','[\"products\\/45.jpg\"]',NULL,'26-154-A1-A4',0,20,0,1,'in_stock',0,1,1,0,0,0.00,0,786,NULL,NULL,NULL,18,13,17,587,NULL,0,'2025-09-11 01:46:30','2025-09-11 01:47:06',0,'Botble\\ACL\\Models\\User',NULL,'physical','3531666832263',NULL,0,'auto_generate',0,0,0,NULL,NULL,0),(129,'Maxwell House Classic Roast Mocha',NULL,NULL,NULL,'published','[\"products\\/45.jpg\"]',NULL,'26-154-A1-A5',0,20,0,1,'in_stock',0,1,1,0,0,0.00,0,786,NULL,NULL,NULL,18,13,17,587,NULL,0,'2025-09-11 01:46:30','2025-09-11 01:47:06',0,'Botble\\ACL\\Models\\User',NULL,'physical','7247532447955',NULL,0,'auto_generate',0,0,0,NULL,NULL,0),(130,'Coca-Cola Original Taste (Digital)',NULL,NULL,NULL,'published','[\"products\\/48-1.jpg\"]',NULL,'TM-133-A1',0,18,0,1,'in_stock',0,4,1,0,0,0.00,0,780,624,NULL,NULL,17,13,16,535,NULL,0,'2025-09-11 01:46:30','2025-09-11 01:47:06',0,'Botble\\ACL\\Models\\User',NULL,'digital','8001850430155',NULL,0,'auto_generate',0,0,0,NULL,NULL,0),(131,'Casillero Diablo Cabernet Sauvignon',NULL,NULL,NULL,'published','[\"products\\/49-1.jpg\"]',NULL,'2H-135-A1',0,18,0,1,'in_stock',0,4,1,0,0,0.00,0,999,NULL,NULL,NULL,10,15,15,725,NULL,0,'2025-09-11 01:46:30','2025-09-11 01:47:07',0,'Botble\\ACL\\Models\\User',NULL,'physical','3168455106405',NULL,0,'auto_generate',0,0,0,NULL,NULL,0),(132,'Casillero Diablo Cabernet Sauvignon',NULL,NULL,NULL,'published','[\"products\\/49-2.jpg\"]',NULL,'2H-135-A1-A2',0,18,0,1,'in_stock',0,4,1,0,0,0.00,0,999,NULL,NULL,NULL,10,15,15,725,NULL,0,'2025-09-11 01:46:30','2025-09-11 01:47:07',0,'Botble\\ACL\\Models\\User',NULL,'physical','3977541440480',NULL,0,'auto_generate',0,0,0,NULL,NULL,0),(133,'Aptamil Follow On Baby Milk',NULL,NULL,NULL,'published','[\"products\\/51.jpg\"]',NULL,'3S-183-A1',0,11,0,1,'in_stock',0,1,1,0,0,0.00,0,1274,NULL,NULL,NULL,18,12,18,658,NULL,0,'2025-09-11 01:46:31','2025-09-11 01:47:07',0,'Botble\\ACL\\Models\\User',NULL,'physical','8505299766269',NULL,0,'auto_generate',0,0,0,NULL,NULL,0),(134,'Honest Organic Still Lemonade',NULL,NULL,NULL,'published','[\"products\\/55-1.jpg\"]',NULL,'EE-111-A1',0,10,0,1,'in_stock',0,4,1,0,0,0.00,0,648,NULL,NULL,NULL,18,16,13,759,NULL,0,'2025-09-11 01:46:31','2025-09-11 01:47:07',0,'Botble\\ACL\\Models\\User',NULL,'physical','1918645577711',NULL,0,'auto_generate',0,0,0,NULL,NULL,0),(135,'Honest Organic Still Lemonade',NULL,NULL,NULL,'published','[\"products\\/55-2.jpg\"]',NULL,'EE-111-A1-A2',0,10,0,1,'in_stock',0,4,1,0,0,0.00,0,648,NULL,NULL,NULL,18,16,13,759,NULL,0,'2025-09-11 01:46:31','2025-09-11 01:47:07',0,'Botble\\ACL\\Models\\User',NULL,'physical','1193337824223',NULL,0,'auto_generate',0,0,0,NULL,NULL,0),(136,'Honest Organic Still Lemonade',NULL,NULL,NULL,'published','[\"products\\/55.jpg\"]',NULL,'EE-111-A1-A3',0,10,0,1,'in_stock',0,4,1,0,0,0.00,0,648,NULL,NULL,NULL,18,16,13,759,NULL,0,'2025-09-11 01:46:31','2025-09-11 01:47:07',0,'Botble\\ACL\\Models\\User',NULL,'physical','2945144656691',NULL,0,'auto_generate',0,0,0,NULL,NULL,0),(137,'Honest Organic Still Lemonade',NULL,NULL,NULL,'published','[\"products\\/55.jpg\"]',NULL,'EE-111-A1-A4',0,10,0,1,'in_stock',0,4,1,0,0,0.00,0,648,NULL,NULL,NULL,18,16,13,759,NULL,0,'2025-09-11 01:46:31','2025-09-11 01:47:07',0,'Botble\\ACL\\Models\\User',NULL,'physical','1192054689740',NULL,0,'auto_generate',0,0,0,NULL,NULL,0),(138,'Iceland 6 Hot Cross Buns',NULL,NULL,NULL,'published','[\"products\\/57-1.jpg\"]',NULL,'PK-160-A1',0,13,0,1,'in_stock',0,3,1,0,0,0.00,0,627,NULL,NULL,NULL,18,13,16,738,NULL,0,'2025-09-11 01:46:31','2025-09-11 01:47:08',0,'Botble\\ACL\\Models\\User',NULL,'physical','5520599066898',NULL,0,'auto_generate',0,0,0,NULL,NULL,0),(139,'Iceland 6 Hot Cross Buns',NULL,NULL,NULL,'published','[\"products\\/57.jpg\"]',NULL,'PK-160-A1-A2',0,13,0,1,'in_stock',0,3,1,0,0,0.00,0,627,NULL,NULL,NULL,18,13,16,738,NULL,0,'2025-09-11 01:46:32','2025-09-11 01:47:08',0,'Botble\\ACL\\Models\\User',NULL,'physical','5875631880797',NULL,0,'auto_generate',0,0,0,NULL,NULL,0),(140,'Iceland Spaghetti Bolognese (Digital)',NULL,NULL,NULL,'published','[\"products\\/60-1.jpg\"]',NULL,'Z9-135-A1',0,13,0,1,'in_stock',0,2,1,0,0,0.00,0,1275,994.5,NULL,NULL,16,16,10,809,NULL,0,'2025-09-11 01:46:32','2025-09-11 01:47:08',0,'Botble\\ACL\\Models\\User',NULL,'digital','5820121571884',NULL,0,'auto_generate',0,0,0,NULL,NULL,0),(141,'Iceland Spaghetti Bolognese (Digital)',NULL,NULL,NULL,'published','[\"products\\/60-2.jpg\"]',NULL,'Z9-135-A1-A2',0,13,0,1,'in_stock',0,2,1,0,0,0.00,0,1275,918,NULL,NULL,16,16,10,809,NULL,0,'2025-09-11 01:46:32','2025-09-11 01:47:08',0,'Botble\\ACL\\Models\\User',NULL,'digital','9515516893004',NULL,0,'auto_generate',0,0,0,NULL,NULL,0),(142,'Iceland Spaghetti Bolognese (Digital)',NULL,NULL,NULL,'published','[\"products\\/60.jpg\"]',NULL,'Z9-135-A1-A3',0,13,0,1,'in_stock',0,2,1,0,0,0.00,0,1275,1109.25,NULL,NULL,16,16,10,809,NULL,0,'2025-09-11 01:46:32','2025-09-11 01:47:08',0,'Botble\\ACL\\Models\\User',NULL,'digital','7163887909767',NULL,0,'auto_generate',0,0,0,NULL,NULL,0),(143,'Large Green Bell Pepper',NULL,NULL,NULL,'published','[\"products\\/63-1.jpg\"]',NULL,'C4-136-A1',0,15,0,1,'in_stock',0,2,1,0,0,0.00,0,1188,NULL,NULL,NULL,14,16,13,500,NULL,0,'2025-09-11 01:46:32','2025-09-11 01:47:08',0,'Botble\\ACL\\Models\\User',NULL,'physical','1899510927742',NULL,0,'auto_generate',0,0,0,NULL,NULL,0),(144,'Large Green Bell Pepper',NULL,NULL,NULL,'published','[\"products\\/63.jpg\"]',NULL,'C4-136-A1-A2',0,15,0,1,'in_stock',0,2,1,0,0,0.00,0,1188,NULL,NULL,NULL,14,16,13,500,NULL,0,'2025-09-11 01:46:32','2025-09-11 01:47:08',0,'Botble\\ACL\\Models\\User',NULL,'physical','6079657117090',NULL,0,'auto_generate',0,0,0,NULL,NULL,0),(145,'Province Piece Glass Drinking Glass',NULL,NULL,NULL,'published','[\"products\\/65-1.jpg\"]',NULL,'LE-105-A1',0,20,0,1,'in_stock',0,3,1,0,0,0.00,0,708,NULL,NULL,NULL,12,14,18,885,NULL,0,'2025-09-11 01:46:32','2025-09-11 01:47:09',0,'Botble\\ACL\\Models\\User',NULL,'physical','9175535463956',NULL,0,'auto_generate',0,0,0,NULL,NULL,0),(146,'Province Piece Glass Drinking Glass',NULL,NULL,NULL,'published','[\"products\\/65-2.jpg\"]',NULL,'LE-105-A1-A2',0,20,0,1,'in_stock',0,3,1,0,0,0.00,0,708,NULL,NULL,NULL,12,14,18,885,NULL,0,'2025-09-11 01:46:33','2025-09-11 01:47:09',0,'Botble\\ACL\\Models\\User',NULL,'physical','7068344886004',NULL,0,'auto_generate',0,0,0,NULL,NULL,0);

--
